{"id":148,"date":"2018-06-16T12:33:12","date_gmt":"2018-06-16T10:33:12","guid":{"rendered":"http:\/\/www.muenster.org\/wolbeckentdecken\/?page_id=148"},"modified":"2022-03-09T18:38:35","modified_gmt":"2022-03-09T17:38:35","slug":"tiergarten","status":"publish","type":"page","link":"https:\/\/www.muenster.org\/wolbeckentdecken\/tiergarten\/","title":{"rendered":"Tiergarten"},"content":{"rendered":"\n<p>&nbsp;<\/p>\n\n\n<h4><span style=\"color: #000000;\">Der Wolbecker Tiergarten<\/span><\/h4>\n<h4><span style=\"color: #000000;\">Ein Wald mit langer Geschichte<\/span><\/h4>\n<h5><span style=\"color: #000000;\">Der NABU &#8211; Naturschutzstation M\u00fcnsterland &#8211; hat in Zusammenarbeit mit dem B\u00fcrgerforum und dem Heimatverein Wolbeck 2011 einen Naturlehrpfad f\u00fcr den Tiergarten entwickelt. Einzelheiten sind aus dem beigef\u00fcgtem Faltblatt zu entnehmen.<\/span><\/h5>\n<p>&nbsp;<\/p>\n\n\n<p>Hier downloaden\u00a0 \u00a0<a href=\"https:\/\/www.muenster.org\/wolbeckentdecken\/wp-content\/uploads\/2018\/08\/FaltblattWolbeckerTiergartenNabu.pdf\">FaltblattWolbeckerTiergartenNabu<\/a><\/p>\n","protected":false},"excerpt":{"rendered":"<p>&nbsp; Der Wolbecker Tiergarten Ein Wald mit langer Geschichte Der NABU &#8211; Naturschutzstation M\u00fcnsterland &#8211; hat in Zusammenarbeit mit dem B\u00fcrgerforum und dem Heimatverein Wolbeck 2011 einen Naturlehrpfad f\u00fcr den Tiergarten entwickelt. Einzelheiten sind aus dem beigef\u00fcgtem Faltblatt zu entnehmen. &hellip;<\/p>\n<p><a href=\"https:\/\/www.muenster.org\/wolbeckentdecken\/tiergarten\/\">Continue Reading<span class=\"meta-nav\">&rarr;<\/span><\/a><\/p>\n","protected":false},"author":2,"featured_media":0,"parent":0,"menu_order":0,"comment_status":"closed","ping_status":"closed","template":"","meta":{"ngg_post_thumbnail":0,"spay_email":""},"jetpack_sharing_enabled":true,"jetpack_shortlink":"https:\/\/wp.me\/Pa2lO4-2o","_links":{"self":[{"href":"https:\/\/www.muenster.org\/wolbeckentdecken\/wp-json\/wp\/v2\/pages\/148"}],"collection":[{"href":"https:\/\/www.muenster.org\/wolbeckentdecken\/wp-json\/wp\/v2\/pages"}],"about":[{"href":"https:\/\/www.muenster.org\/wolbeckentdecken\/wp-json\/wp\/v2\/types\/page"}],"author":[{"embeddable":true,"href":"https:\/\/www.muenster.org\/wolbeckentdecken\/wp-json\/wp\/v2\/users\/2"}],"replies":[{"embeddable":true,"href":"https:\/\/www.muenster.org\/wolbeckentdecken\/wp-json\/wp\/v2\/comments?post=148"}],"version-history":[{"count":24,"href":"https:\/\/www.muenster.org\/wolbeckentdecken\/wp-json\/wp\/v2\/pages\/148\/revisions"}],"predecessor-version":[{"id":1331,"href":"https:\/\/www.muenster.org\/wolbeckentdecken\/wp-json\/wp\/v2\/pages\/148\/revisions\/1331"}],"wp:attachment":[{"href":"https:\/\/www.muenster.org\/wolbeckentdecken\/wp-json\/wp\/v2\/media?parent=148"}],"curies":[{"name":"wp","href":"https:\/\/api.w.org\/{rel}","templated":true}]}}

<p>&nbsp;</p>


<h4><span style="color: #000000;">Der Wolbecker Tiergarten</span></h4>
<h4><span style="color: #000000;">Ein Wald mit langer Geschichte</span></h4>
<h5><span style="color: #000000;">Der NABU &#8211; Naturschutzstation Münsterland &#8211; hat in Zusammenarbeit mit dem Bürgerforum und dem Heimatverein Wolbeck 2011 einen Naturlehrpfad für den Tiergarten entwickelt. Einzelheiten sind aus dem beigefügtem Faltblatt zu entnehmen.</span></h5>
<p>&nbsp;</p>


<p>Hier downloaden   <a href="https://www.muenster.org/wolbeckentdecken/wp-content/uploads/2018/08/FaltblattWolbeckerTiergartenNabu.pdf">FaltblattWolbeckerTiergartenNabu</a></p>

<p>&nbsp; Der Wolbecker Tiergarten Ein Wald mit langer Geschichte Der NABU &#8211; Naturschutzstation Münsterland &#8211; hat in Zusammenarbeit mit dem Bürgerforum und dem Heimatverein Wolbeck 2011 einen Naturlehrpfad für den Tiergarten entwickelt. Einzelheiten sind aus dem beigefügtem Faltblatt zu entnehmen. &hellip;</p>
<p><a href="https://www.muenster.org/wolbeckentdecken/tiergarten/">Continue Reading<span class="meta-nav">&rarr;</span></a></p>
