{"id":1035,"date":"2021-12-10T14:45:56","date_gmt":"2021-12-10T13:45:56","guid":{"rendered":"http:\/\/www.muenster.org\/wolbeckentdecken\/tiergarten-2\/"},"modified":"2022-03-09T19:01:49","modified_gmt":"2022-03-09T18:01:49","slug":"tiergarten-2","status":"publish","type":"page","link":"https:\/\/www.muenster.org\/wolbeckentdecken\/tiergarten-2\/","title":{"rendered":"Tiergarten"},"content":{"rendered":"\n<div style=\"height:30px\" aria-hidden=\"true\" class=\"wp-block-spacer\"><\/div>\n\n\n\n<figure class=\"wp-block-image size-full\"><img data-attachment-id=\"165\" data-permalink=\"https:\/\/www.muenster.org\/wolbeckentdecken\/tiergarten\/unbenannt\/\" data-orig-file=\"https:\/\/i0.wp.com\/www.muenster.org\/wolbeckentdecken\/wp-content\/uploads\/2018\/06\/Unbenannt.jpg?fit=832%2C801&amp;ssl=1\" data-orig-size=\"832,801\" data-comments-opened=\"1\" data-image-meta=\"{&quot;aperture&quot;:&quot;0&quot;,&quot;credit&quot;:&quot;Rolf M\\u00fcller&quot;,&quot;camera&quot;:&quot;&quot;,&quot;caption&quot;:&quot;&quot;,&quot;created_timestamp&quot;:&quot;1530092725&quot;,&quot;copyright&quot;:&quot;&quot;,&quot;focal_length&quot;:&quot;0&quot;,&quot;iso&quot;:&quot;0&quot;,&quot;shutter_speed&quot;:&quot;0&quot;,&quot;title&quot;:&quot;&quot;,&quot;orientation&quot;:&quot;0&quot;}\" data-image-title=\"Unbenannt\" data-image-description=\"\" data-image-caption=\"&lt;p&gt;Wolbecker Tiergarten&lt;\/p&gt;\n\" data-medium-file=\"https:\/\/i0.wp.com\/www.muenster.org\/wolbeckentdecken\/wp-content\/uploads\/2018\/06\/Unbenannt.jpg?fit=300%2C289&amp;ssl=1\" data-large-file=\"https:\/\/i0.wp.com\/www.muenster.org\/wolbeckentdecken\/wp-content\/uploads\/2018\/06\/Unbenannt.jpg?fit=832%2C801&amp;ssl=1\" loading=\"lazy\" width=\"832\" height=\"801\" src=\"https:\/\/i0.wp.com\/www.muenster.org\/wolbeckentdecken\/wp-content\/uploads\/2018\/06\/Unbenannt.jpg?resize=832%2C801\" alt=\"\" class=\"wp-image-165\" srcset=\"https:\/\/i0.wp.com\/www.muenster.org\/wolbeckentdecken\/wp-content\/uploads\/2018\/06\/Unbenannt.jpg?w=832&amp;ssl=1 832w, https:\/\/i0.wp.com\/www.muenster.org\/wolbeckentdecken\/wp-content\/uploads\/2018\/06\/Unbenannt.jpg?resize=300%2C289&amp;ssl=1 300w, https:\/\/i0.wp.com\/www.muenster.org\/wolbeckentdecken\/wp-content\/uploads\/2018\/06\/Unbenannt.jpg?resize=768%2C739&amp;ssl=1 768w\" sizes=\"(max-width: 832px) 100vw, 832px\" data-recalc-dims=\"1\" \/><\/figure>\n\n\n<div class=\"ttr_Tiergarten_html_row0 row\">\n<div class=\"post_column col-lg-12 col-md-6 col-sm-6 col-xs-12\">\n<div class=\"ttr_Tiergarten_html_column00\">\n<div style=\"height: 0px; width: 0px; overflow: hidden; -webkit-margin-top-collapse: separate;\">&nbsp;<\/div>\n<div class=\"html_content\">\n<p style=\"margin: 0.14em 0em 0em 0.57em;\">&nbsp;<\/p>\n<\/div>\n<div style=\"height: 0px; width: 0px; overflow: hidden; -webkit-margin-top-collapse: separate;\">&nbsp;<\/div>\n<div style=\"clear: both;\">&nbsp;<\/div>\n<\/div>\n<\/div>\n<div class=\"clearfix visible-lg-block visible-xs-block\">&nbsp;<\/div>\n<\/div>\n<p><strong>Der Wolbecker Tiergarten<\/strong><\/p>\n<p><strong>Ein Wald mit langer Geschichte<\/strong><\/p>\n<p>Der NABU \u2013 Naturschutzstation M\u00fcnsterland \u2013 hat in Zusammenarbeit mit dem B\u00fcrgerforum und dem Heimatverein Wolbeck 2011 einen Naturlehrpfad f\u00fcr den Tiergarten entwickelt. Einzelheiten sind aus dem beigef\u00fcgtem Faltblatt zu entnehmen.<\/p>\n<p>&nbsp;<\/p>\n<p>&nbsp;<\/p>\n\n\n<div class=\"wp-block-quote has-text-align-center is-style-large\"><p><a style=\"color:#fff;background:rgba(143,194,56,1);\" class=\"button btn btn-primary\" href=\"https:\/\/www.muenster.org\/wolbeckentdecken\/wp-content\/uploads\/2018\/08\/FaltblattWolbeckerTiergartenNabu.pdf\" data-type=\"URL\" data-id=\"https:\/\/www.muenster.org\/wolbeckentdecken\/wp-content\/uploads\/2019\/02\/Faltblatt-Spazierg\u00e4nge-Jan.-2019-Einzelseiten-1.pdf\"><strong><span style=\"color:#fff !important;\" class=\"has-inline-color has-luminous-vivid-orange-color\">Hier downloaden<\/span><\/strong><\/a><\/p><p><\/p><p><\/p><\/div>\n","protected":false},"excerpt":{"rendered":"<p>&nbsp; &nbsp; &nbsp; &nbsp; &nbsp; Der Wolbecker Tiergarten Ein Wald mit langer Geschichte Der NABU \u2013 Naturschutzstation M\u00fcnsterland \u2013 hat in Zusammenarbeit mit dem B\u00fcrgerforum und dem Heimatverein Wolbeck 2011 einen Naturlehrpfad f\u00fcr den Tiergarten entwickelt. Einzelheiten sind aus dem &hellip;<\/p>\n<p><a href=\"https:\/\/www.muenster.org\/wolbeckentdecken\/tiergarten-2\/\">Continue Reading<span class=\"meta-nav\">&rarr;<\/span><\/a><\/p>\n","protected":false},"author":2,"featured_media":0,"parent":0,"menu_order":7,"comment_status":"closed","ping_status":"closed","template":"page-templates\/Tiergarten_page.php","meta":{"ngg_post_thumbnail":0,"spay_email":""},"jetpack_sharing_enabled":true,"jetpack_shortlink":"https:\/\/wp.me\/Pa2lO4-gH","_links":{"self":[{"href":"https:\/\/www.muenster.org\/wolbeckentdecken\/wp-json\/wp\/v2\/pages\/1035"}],"collection":[{"href":"https:\/\/www.muenster.org\/wolbeckentdecken\/wp-json\/wp\/v2\/pages"}],"about":[{"href":"https:\/\/www.muenster.org\/wolbeckentdecken\/wp-json\/wp\/v2\/types\/page"}],"author":[{"embeddable":true,"href":"https:\/\/www.muenster.org\/wolbeckentdecken\/wp-json\/wp\/v2\/users\/2"}],"replies":[{"embeddable":true,"href":"https:\/\/www.muenster.org\/wolbeckentdecken\/wp-json\/wp\/v2\/comments?post=1035"}],"version-history":[{"count":11,"href":"https:\/\/www.muenster.org\/wolbeckentdecken\/wp-json\/wp\/v2\/pages\/1035\/revisions"}],"predecessor-version":[{"id":1335,"href":"https:\/\/www.muenster.org\/wolbeckentdecken\/wp-json\/wp\/v2\/pages\/1035\/revisions\/1335"}],"wp:attachment":[{"href":"https:\/\/www.muenster.org\/wolbeckentdecken\/wp-json\/wp\/v2\/media?parent=1035"}],"curies":[{"name":"wp","href":"https:\/\/api.w.org\/{rel}","templated":true}]}}

<div style="height:30px" aria-hidden="true" class="wp-block-spacer"></div>



<figure class="wp-block-image size-full"><img data-attachment-id="165" data-permalink="https://www.muenster.org/wolbeckentdecken/tiergarten/unbenannt/" data-orig-file="https://i0.wp.com/www.muenster.org/wolbeckentdecken/wp-content/uploads/2018/06/Unbenannt.jpg?fit=832%2C801&amp;ssl=1" data-orig-size="832,801" data-comments-opened="1" data-image-meta="{&quot;aperture&quot;:&quot;0&quot;,&quot;credit&quot;:&quot;Rolf M\u00fcller&quot;,&quot;camera&quot;:&quot;&quot;,&quot;caption&quot;:&quot;&quot;,&quot;created_timestamp&quot;:&quot;1530092725&quot;,&quot;copyright&quot;:&quot;&quot;,&quot;focal_length&quot;:&quot;0&quot;,&quot;iso&quot;:&quot;0&quot;,&quot;shutter_speed&quot;:&quot;0&quot;,&quot;title&quot;:&quot;&quot;,&quot;orientation&quot;:&quot;0&quot;}" data-image-title="Unbenannt" data-image-description="" data-image-caption="&lt;p&gt;Wolbecker Tiergarten&lt;/p&gt;
" data-medium-file="https://i0.wp.com/www.muenster.org/wolbeckentdecken/wp-content/uploads/2018/06/Unbenannt.jpg?fit=300%2C289&amp;ssl=1" data-large-file="https://i0.wp.com/www.muenster.org/wolbeckentdecken/wp-content/uploads/2018/06/Unbenannt.jpg?fit=832%2C801&amp;ssl=1" loading="lazy" width="832" height="801" src="https://i0.wp.com/www.muenster.org/wolbeckentdecken/wp-content/uploads/2018/06/Unbenannt.jpg?resize=832%2C801" alt="" class="wp-image-165" srcset="https://i0.wp.com/www.muenster.org/wolbeckentdecken/wp-content/uploads/2018/06/Unbenannt.jpg?w=832&amp;ssl=1 832w, https://i0.wp.com/www.muenster.org/wolbeckentdecken/wp-content/uploads/2018/06/Unbenannt.jpg?resize=300%2C289&amp;ssl=1 300w, https://i0.wp.com/www.muenster.org/wolbeckentdecken/wp-content/uploads/2018/06/Unbenannt.jpg?resize=768%2C739&amp;ssl=1 768w" sizes="(max-width: 832px) 100vw, 832px" data-recalc-dims="1" /></figure>


<div class="ttr_Tiergarten_html_row0 row">
<div class="post_column col-lg-12 col-md-6 col-sm-6 col-xs-12">
<div class="ttr_Tiergarten_html_column00">
<div style="height: 0px; width: 0px; overflow: hidden; -webkit-margin-top-collapse: separate;">&nbsp;</div>
<div class="html_content">
<p style="margin: 0.14em 0em 0em 0.57em;">&nbsp;</p>
</div>
<div style="height: 0px; width: 0px; overflow: hidden; -webkit-margin-top-collapse: separate;">&nbsp;</div>
<div style="clear: both;">&nbsp;</div>
</div>
</div>
<div class="clearfix visible-lg-block visible-xs-block">&nbsp;</div>
</div>
<p><strong>Der Wolbecker Tiergarten</strong></p>
<p><strong>Ein Wald mit langer Geschichte</strong></p>
<p>Der NABU – Naturschutzstation Münsterland – hat in Zusammenarbeit mit dem Bürgerforum und dem Heimatverein Wolbeck 2011 einen Naturlehrpfad für den Tiergarten entwickelt. Einzelheiten sind aus dem beigefügtem Faltblatt zu entnehmen.</p>
<p>&nbsp;</p>
<p>&nbsp;</p>


<div class="wp-block-quote has-text-align-center is-style-large"><p><a style="color:#fff;background:rgba(143,194,56,1);" class="button btn btn-primary" href="https://www.muenster.org/wolbeckentdecken/wp-content/uploads/2018/08/FaltblattWolbeckerTiergartenNabu.pdf" data-type="URL" data-id="https://www.muenster.org/wolbeckentdecken/wp-content/uploads/2019/02/Faltblatt-Spaziergänge-Jan.-2019-Einzelseiten-1.pdf"><strong><span style="color:#fff !important;" class="has-inline-color has-luminous-vivid-orange-color">Hier downloaden</span></strong></a></p><p></p><p></p></div>

<p>&nbsp; &nbsp; &nbsp; &nbsp; &nbsp; Der Wolbecker Tiergarten Ein Wald mit langer Geschichte Der NABU – Naturschutzstation Münsterland – hat in Zusammenarbeit mit dem Bürgerforum und dem Heimatverein Wolbeck 2011 einen Naturlehrpfad für den Tiergarten entwickelt. Einzelheiten sind aus dem &hellip;</p>
<p><a href="https://www.muenster.org/wolbeckentdecken/tiergarten-2/">Continue Reading<span class="meta-nav">&rarr;</span></a></p>
