{"id":193,"date":"2015-09-18T14:44:56","date_gmt":"2015-09-18T12:44:56","guid":{"rendered":"http:\/\/www.muenster.org\/ungarn\/?page_id=193"},"modified":"2015-10-31T20:03:14","modified_gmt":"2015-10-31T19:03:14","slug":"tagsag","status":"publish","type":"page","link":"https:\/\/www.muenster.org\/ungarn\/tagsag\/","title":{"rendered":"Tags\u00e1g"},"content":{"rendered":"<p>Szeretne T\u00e1rsas\u00e1gunk tagj\u00e1v\u00e1 v\u00e1lni?<\/p>\n<p>Akkor t\u00f6ltse ki a <em>Bel\u00e9p\u00e9si nyilatkozat<\/em>ot \u00e9s a <em>Meghatalmaz\u00e1st inkassz\u00f3 elj\u00e1r\u00e1sra<\/em> \u00e9s k\u00fcldje el al\u00e1\u00edrva az al\u00e1bbi c\u00edmre:<\/p>\n<p>Deutsch-Ungarische Gesellschaft M\u00fcnster e.V.<br \/>\nc\/o Prof. Dr. \u00d3hidy Andrea (eln\u00f6k)<br \/>\nSentmaringer Weg 120<br \/>\n48151 M\u00fcnster<\/p>\n<p>Ha szeretn\u00e9, hogy e-mailben rendszeresen \u00e9rtes\u00edts\u00fck a T\u00e1rsas\u00e1g aktu\u00e1lis rendezv\u00e9nyeir\u0151l, adja meg email-c\u00edm\u00e9t is!<\/p>\n<p style=\"text-align: justify;\">Bel\u00e9p\u00e9si nyilatkozat let\u00f6lt\u00e9se: <a href=\"http:\/\/www.muenster.org\/ungarn\/wp-content\/uploads\/2015\/10\/Beitritserkl\u00e4rung_D.U.G..doc\">Word-Datei<br \/>\n<\/a>Bel\u00e9p\u00e9si nyilatkozat let\u00f6lt\u00e9se: <a href=\"http:\/\/www.muenster.org\/ungarn\/wp-content\/uploads\/2015\/10\/Beitritserkl\u00e4rung_D.U.G.pdf\">PDF-Datei <\/a><\/p>\n<p><a href=\"http:\/\/www.muenster.org\/ungarn\/wp-content\/uploads\/2015\/09\/Mitgliedschaft.jpg\"><img loading=\"lazy\" decoding=\"async\" class=\"alignnone size-full wp-image-84\" src=\"http:\/\/www.muenster.org\/ungarn\/wp-content\/uploads\/2015\/09\/Mitgliedschaft.jpg\" alt=\"Mitgliedschaft\" width=\"596\" height=\"408\" srcset=\"https:\/\/www.muenster.org\/ungarn\/wp-content\/uploads\/2015\/09\/Mitgliedschaft.jpg 596w, https:\/\/www.muenster.org\/ungarn\/wp-content\/uploads\/2015\/09\/Mitgliedschaft-300x205.jpg 300w\" sizes=\"auto, (max-width: 596px) 100vw, 596px\" \/><\/a><\/p>\n<p>&nbsp;<\/p>\n<p>&nbsp;<\/p>\n","protected":false},"excerpt":{"rendered":"<p>Szeretne T\u00e1rsas\u00e1gunk tagj\u00e1v\u00e1 v\u00e1lni? Akkor t\u00f6ltse ki a Bel\u00e9p\u00e9si nyilatkozatot \u00e9s a Meghatalmaz\u00e1st inkassz\u00f3 elj\u00e1r\u00e1sra \u00e9s k\u00fcldje el al\u00e1\u00edrva az al\u00e1bbi c\u00edmre: Deutsch-Ungarische Gesellschaft M\u00fcnster e.V. c\/o Prof. Dr. \u00d3hidy Andrea (eln\u00f6k) Sentmaringer Weg 120 48151 M\u00fcnster Ha szeretn\u00e9, hogy e-mailben rendszeresen \u00e9rtes\u00edts\u00fck a T\u00e1rsas\u00e1g aktu\u00e1lis rendezv\u00e9nyeir\u0151l, adja meg email-c\u00edm\u00e9t is! Bel\u00e9p\u00e9si nyilatkozat let\u00f6lt\u00e9se: Word-Datei &hellip; <a href=\"https:\/\/www.muenster.org\/ungarn\/tagsag\/\" class=\"more-link\"><span class=\"screen-reader-text\">Tags\u00e1g<\/span> weiterlesen <span class=\"meta-nav\">&rarr;<\/span><\/a><\/p>\n","protected":false},"author":1,"featured_media":0,"parent":0,"menu_order":0,"comment_status":"closed","ping_status":"closed","template":"","meta":{"footnotes":""},"class_list":["post-193","page","type-page","status-publish","hentry"],"_links":{"self":[{"href":"https:\/\/www.muenster.org\/ungarn\/wp-json\/wp\/v2\/pages\/193","targetHints":{"allow":["GET"]}}],"collection":[{"href":"https:\/\/www.muenster.org\/ungarn\/wp-json\/wp\/v2\/pages"}],"about":[{"href":"https:\/\/www.muenster.org\/ungarn\/wp-json\/wp\/v2\/types\/page"}],"author":[{"embeddable":true,"href":"https:\/\/www.muenster.org\/ungarn\/wp-json\/wp\/v2\/users\/1"}],"replies":[{"embeddable":true,"href":"https:\/\/www.muenster.org\/ungarn\/wp-json\/wp\/v2\/comments?post=193"}],"version-history":[{"count":9,"href":"https:\/\/www.muenster.org\/ungarn\/wp-json\/wp\/v2\/pages\/193\/revisions"}],"predecessor-version":[{"id":465,"href":"https:\/\/www.muenster.org\/ungarn\/wp-json\/wp\/v2\/pages\/193\/revisions\/465"}],"wp:attachment":[{"href":"https:\/\/www.muenster.org\/ungarn\/wp-json\/wp\/v2\/media?parent=193"}],"curies":[{"name":"wp","href":"https:\/\/api.w.org\/{rel}","templated":true}]}}