{"id":9,"date":"2021-12-08T18:23:05","date_gmt":"2021-12-08T17:23:05","guid":{"rendered":"http:\/\/www.muenster.org\/saltovocale\/?page_id=9"},"modified":"2024-10-27T17:14:19","modified_gmt":"2024-10-27T16:14:19","slug":"mitglieder-gesucht","status":"publish","type":"page","link":"https:\/\/www.muenster.org\/saltovocale\/mitglieder-gesucht\/","title":{"rendered":"Neue Mitglieder <br>gesucht!"},"content":{"rendered":"\n<p><\/p>\n\n\n<p>&#8222;Salto Vocale&#8220; besteht aktuell aus sechs Personen, m\u00f6chte sich aber gern (wieder) auf acht Beteiligte (Doppelquartett) vergr\u00f6\u00dfern. Deshalb: Wenn Du<\/p>\n<ul>\n<li style=\"list-style-type: none;\">\n<ul>\n<li><strong>Bass\/tieferen Bariton<\/strong> (tiefe Herrenstimme) oder aber <strong>Sopran<\/strong> (hohe Frauenstimme) singst,<\/li>\n<li>ehrgeizig und zuverl\u00e4ssig bist,<\/li>\n<li>Dich gegen andere Stimmen behaupten kannst und<\/li>\n<li>keine Angst vor Soloauftritten hast,<\/li>\n<\/ul>\n<\/li>\n<\/ul>\n<p>bist Du bei uns sehr gern gesehen.<\/p>\n<p>Notenkenntnisse sind von Vorteil, aber kein Zwang &#8211; wir arbeiten mit MP3-\u00dcbedateien. Unser komplettes Konzept, wie wir arbeiten und \u00fcben, findest Du <a href=\"https:\/\/www.muenster.org\/saltovocale\/konzept\/\">hier<\/a>.<\/p>\n<p>Die erste Zeit wird vermutlich etwas mehr Arbeit f\u00fcr Dich bedeuten, weil wir schon ein stehendes Repertoire haben &#8211; daf\u00fcr ist bei uns die Stimmung gut und die Gruppe ist freundlich und sehr offen. Da es uns schon lange gibt, haben wir regelm\u00e4\u00dfig und manchmal auch kurzfristig Auftrittsanfragen &#8211; ein wenig zeitliche Flexibilit\u00e4t w\u00e4re daher ebenso wichtig wie Zuverl\u00e4ssigkeit.<\/p>\n<p>Unser Repertoire umfasst vor allem Pop- und Musicalst\u00fccke aus den vergangenen 60 Jahren mit einem Schwerpunkt um 1970\/80. Wir proben 14t\u00e4glich montags abends in einem gro\u00dfen, barrierefreien Raum in M\u00fcnsters n\u00f6rdlicher City am Anfang der Grevener Stra\u00dfe.<\/p>\n<p>Einen kleinen Eindruck von uns findest Du <a href=\"https:\/\/www.muenster.org\/saltovocale\/fotos\/\">hier<\/a>.<\/p>\n<p>Weitere Antworten auf \u00fcbliche Fragen findest Du unter &#8222;<a href=\"https:\/\/www.muenster.org\/saltovocale\/faq-fuer-interessenten\/\">FAQ f\u00fcr Interessenten<\/a>&#8222;. Wenn Du Lust hast, mit uns zu singen, oder gern noch mehr wissen willst schreib uns einfach eine <a href=\"mailto:%20info@saltovocale.de?subject=Kontakt%20zu%20Salto%20Vocale\" target=\"_blank\" rel=\"noopener\">E-Mail<\/a>. Wir melden uns umgehend und freuen uns schon darauf, Dich kennen zu lernen!<\/p>","protected":false},"excerpt":{"rendered":"<p>&#8222;Salto Vocale&#8220; besteht aktuell aus sechs Personen, m\u00f6chte sich aber gern (wieder) auf acht Beteiligte (Doppelquartett) vergr\u00f6\u00dfern. Deshalb: Wenn Du Bass\/tieferen Bariton (tiefe Herrenstimme) oder aber Sopran (hohe Frauenstimme) singst, ehrgeizig und zuverl\u00e4ssig bist, Dich gegen andere Stimmen behaupten kannst und keine Angst vor Soloauftritten hast, bist Du bei uns sehr gern gesehen. Notenkenntnisse sind &hellip; <a href=\"https:\/\/www.muenster.org\/saltovocale\/mitglieder-gesucht\/\" class=\"more-link\"><span class=\"screen-reader-text\">\u201eNeue Mitglieder <br \/>gesucht!\u201c <\/span>weiterlesen<\/a><\/p>\n","protected":false},"author":1,"featured_media":0,"parent":0,"menu_order":0,"comment_status":"closed","ping_status":"closed","template":"","meta":{"footnotes":""},"class_list":["post-9","page","type-page","status-publish","hentry"],"_links":{"self":[{"href":"https:\/\/www.muenster.org\/saltovocale\/wp-json\/wp\/v2\/pages\/9","targetHints":{"allow":["GET"]}}],"collection":[{"href":"https:\/\/www.muenster.org\/saltovocale\/wp-json\/wp\/v2\/pages"}],"about":[{"href":"https:\/\/www.muenster.org\/saltovocale\/wp-json\/wp\/v2\/types\/page"}],"author":[{"embeddable":true,"href":"https:\/\/www.muenster.org\/saltovocale\/wp-json\/wp\/v2\/users\/1"}],"replies":[{"embeddable":true,"href":"https:\/\/www.muenster.org\/saltovocale\/wp-json\/wp\/v2\/comments?post=9"}],"version-history":[{"count":23,"href":"https:\/\/www.muenster.org\/saltovocale\/wp-json\/wp\/v2\/pages\/9\/revisions"}],"predecessor-version":[{"id":944,"href":"https:\/\/www.muenster.org\/saltovocale\/wp-json\/wp\/v2\/pages\/9\/revisions\/944"}],"wp:attachment":[{"href":"https:\/\/www.muenster.org\/saltovocale\/wp-json\/wp\/v2\/media?parent=9"}],"curies":[{"name":"wp","href":"https:\/\/api.w.org\/{rel}","templated":true}]}}

<p></p>


<p>&#8222;Salto Vocale&#8220; besteht aktuell aus sechs Personen, möchte sich aber gern (wieder) auf acht Beteiligte (Doppelquartett) vergrößern. Deshalb: Wenn Du</p>
<ul>
<li style="list-style-type: none;">
<ul>
<li><strong>Bass/tieferen Bariton</strong> (tiefe Herrenstimme) oder aber <strong>Sopran</strong> (hohe Frauenstimme) singst,</li>
<li>ehrgeizig und zuverlässig bist,</li>
<li>Dich gegen andere Stimmen behaupten kannst und</li>
<li>keine Angst vor Soloauftritten hast,</li>
</ul>
</li>
</ul>
<p>bist Du bei uns sehr gern gesehen.</p>
<p>Notenkenntnisse sind von Vorteil, aber kein Zwang &#8211; wir arbeiten mit MP3-Übedateien. Unser komplettes Konzept, wie wir arbeiten und üben, findest Du <a href="https://www.muenster.org/saltovocale/konzept/">hier</a>.</p>
<p>Die erste Zeit wird vermutlich etwas mehr Arbeit für Dich bedeuten, weil wir schon ein stehendes Repertoire haben &#8211; dafür ist bei uns die Stimmung gut und die Gruppe ist freundlich und sehr offen. Da es uns schon lange gibt, haben wir regelmäßig und manchmal auch kurzfristig Auftrittsanfragen &#8211; ein wenig zeitliche Flexibilität wäre daher ebenso wichtig wie Zuverlässigkeit.</p>
<p>Unser Repertoire umfasst vor allem Pop- und Musicalstücke aus den vergangenen 60 Jahren mit einem Schwerpunkt um 1970/80. Wir proben 14täglich montags abends in einem großen, barrierefreien Raum in Münsters nördlicher City am Anfang der Grevener Straße.</p>
<p>Einen kleinen Eindruck von uns findest Du <a href="https://www.muenster.org/saltovocale/fotos/">hier</a>.</p>
<p>Weitere Antworten auf übliche Fragen findest Du unter &#8222;<a href="https://www.muenster.org/saltovocale/faq-fuer-interessenten/">FAQ für Interessenten</a>&#8222;. Wenn Du Lust hast, mit uns zu singen, oder gern noch mehr wissen willst schreib uns einfach eine <a href="mailto:%20info@saltovocale.de?subject=Kontakt%20zu%20Salto%20Vocale" target="_blank" rel="noopener">E-Mail</a>. Wir melden uns umgehend und freuen uns schon darauf, Dich kennen zu lernen!</p>

<p>&#8222;Salto Vocale&#8220; besteht aktuell aus sechs Personen, möchte sich aber gern (wieder) auf acht Beteiligte (Doppelquartett) vergrößern. Deshalb: Wenn Du Bass/tieferen Bariton (tiefe Herrenstimme) oder aber Sopran (hohe Frauenstimme) singst, ehrgeizig und zuverlässig bist, Dich gegen andere Stimmen behaupten kannst und keine Angst vor Soloauftritten hast, bist Du bei uns sehr gern gesehen. Notenkenntnisse sind &hellip; <a href="https://www.muenster.org/saltovocale/mitglieder-gesucht/" class="more-link"><span class="screen-reader-text">„Neue Mitglieder <br />gesucht!“ </span>weiterlesen</a></p>
