{"id":6,"date":"2018-10-21T19:15:44","date_gmt":"2018-10-21T17:15:44","guid":{"rendered":"http:\/\/www.muenster.org\/saltovocale\/?page_id=6"},"modified":"2025-12-28T13:46:52","modified_gmt":"2025-12-28T12:46:52","slug":"das-sind-wir","status":"publish","type":"page","link":"https:\/\/www.muenster.org\/saltovocale\/","title":{"rendered":"Das sind wir"},"content":{"rendered":"\n<figure class=\"wp-block-image size-large\"><img loading=\"lazy\" decoding=\"async\" width=\"1024\" height=\"644\" src=\"https:\/\/www.muenster.org\/saltovocale\/wp-content\/uploads\/Saltovocale_2406_72dpi-1-1024x644.jpg\" alt=\"\" class=\"wp-image-892\" srcset=\"https:\/\/www.muenster.org\/saltovocale\/wp-content\/uploads\/Saltovocale_2406_72dpi-1-1024x644.jpg 1024w, https:\/\/www.muenster.org\/saltovocale\/wp-content\/uploads\/Saltovocale_2406_72dpi-1-300x189.jpg 300w, https:\/\/www.muenster.org\/saltovocale\/wp-content\/uploads\/Saltovocale_2406_72dpi-1-768x483.jpg 768w, https:\/\/www.muenster.org\/saltovocale\/wp-content\/uploads\/Saltovocale_2406_72dpi-1-1536x967.jpg 1536w, https:\/\/www.muenster.org\/saltovocale\/wp-content\/uploads\/Saltovocale_2406_72dpi-1-2048x1289.jpg 2048w, https:\/\/www.muenster.org\/saltovocale\/wp-content\/uploads\/Saltovocale_2406_72dpi-1-1200x755.jpg 1200w\" sizes=\"auto, (max-width: 709px) 85vw, (max-width: 909px) 67vw, (max-width: 1362px) 62vw, 840px\" \/><figcaption class=\"wp-element-caption\"><strong>Wir suchen einen weiteren Bass sowie einen weiteren Sopran! <a href=\"https:\/\/www.muenster.org\/saltovocale\/mitglieder-gesucht\/\" data-type=\"page\" data-id=\"9\" target=\"_blank\" rel=\"noreferrer noopener\">Bitte melde Dich!<\/a><\/strong><\/figcaption><\/figure>\n\n\n\n<p>Das gemischte Vokal-Ensemble &#8222;Salto Vocale&#8220; singt zu privaten Anl\u00e4ssen und gibt kleinere Konzerte vor allem im M\u00fcnsterland und im n\u00f6rdlichen Ruhrgebiet.<\/p>\n\n\n\n<p>Die sechsk\u00f6pfige Gruppe aus Teilzeitsolistinnen und -solisten kommt vollkommen ohne Instrumente aus und ist daher auch f\u00fcr kleine B\u00fchnen und Konzerte in G\u00e4rten etc. gut geeignet. Wir gestalten gern auch Geburtstagsfeste, Hochzeiten, Taufen und Betriebsfeiern. Unser Repertoire reicht von Musicalsongs \u00fcber Balladen bis zu Pop-Highlights der 1960er bis 1980er Jahre, zudem pflegen wir ein umfangreiches Weihnachts-\/Winterrepertoire.<\/p>\n\n\n\n<p>Unsere aktuellen Auftrittstermine finden Sie auf unserer <a href=\"https:\/\/www.muenster.org\/saltovocale\/auftrittstermine\/\">Terminseite<\/a> &#8211; hier sind allerdings nur die \u00f6ffentlich zug\u00e4nglichen Konzerte aufgef\u00fchrt, Auftritte im geschlossenen Rahmen geben wir nicht bekannt. <strong>M\u00f6chten Sie uns f\u00fcr einen Auftritt buchen?<\/strong> Dann nehmen Sie einfach mit uns <a href=\"https:\/\/www.muenster.org\/saltovocale\/impressum\/\" target=\"_blank\" rel=\"noopener\">Kontakt<\/a> auf, wir melden uns umgehend.<\/p>\n\n\n\n<p><\/p>\n","protected":false},"excerpt":{"rendered":"<p>Das gemischte Vokal-Ensemble &#8222;Salto Vocale&#8220; singt zu privaten Anl\u00e4ssen und gibt kleinere Konzerte vor allem im M\u00fcnsterland und im n\u00f6rdlichen Ruhrgebiet. Die sechsk\u00f6pfige Gruppe aus Teilzeitsolistinnen und -solisten kommt vollkommen ohne Instrumente aus und ist daher auch f\u00fcr kleine B\u00fchnen und Konzerte in G\u00e4rten etc. gut geeignet. Wir gestalten gern auch Geburtstagsfeste, Hochzeiten, Taufen und &hellip; <a href=\"https:\/\/www.muenster.org\/saltovocale\/\" class=\"more-link\"><span class=\"screen-reader-text\">\u201eDas sind wir\u201c <\/span>weiterlesen<\/a><\/p>\n","protected":false},"author":1,"featured_media":0,"parent":0,"menu_order":0,"comment_status":"closed","ping_status":"closed","template":"","meta":{"footnotes":""},"class_list":["post-6","page","type-page","status-publish","hentry"],"_links":{"self":[{"href":"https:\/\/www.muenster.org\/saltovocale\/wp-json\/wp\/v2\/pages\/6","targetHints":{"allow":["GET"]}}],"collection":[{"href":"https:\/\/www.muenster.org\/saltovocale\/wp-json\/wp\/v2\/pages"}],"about":[{"href":"https:\/\/www.muenster.org\/saltovocale\/wp-json\/wp\/v2\/types\/page"}],"author":[{"embeddable":true,"href":"https:\/\/www.muenster.org\/saltovocale\/wp-json\/wp\/v2\/users\/1"}],"replies":[{"embeddable":true,"href":"https:\/\/www.muenster.org\/saltovocale\/wp-json\/wp\/v2\/comments?post=6"}],"version-history":[{"count":44,"href":"https:\/\/www.muenster.org\/saltovocale\/wp-json\/wp\/v2\/pages\/6\/revisions"}],"predecessor-version":[{"id":1059,"href":"https:\/\/www.muenster.org\/saltovocale\/wp-json\/wp\/v2\/pages\/6\/revisions\/1059"}],"wp:attachment":[{"href":"https:\/\/www.muenster.org\/saltovocale\/wp-json\/wp\/v2\/media?parent=6"}],"curies":[{"name":"wp","href":"https:\/\/api.w.org\/{rel}","templated":true}]}}

<figure class="wp-block-image size-large"><img loading="lazy" decoding="async" width="1024" height="644" src="https://www.muenster.org/saltovocale/wp-content/uploads/Saltovocale_2406_72dpi-1-1024x644.jpg" alt="" class="wp-image-892" srcset="https://www.muenster.org/saltovocale/wp-content/uploads/Saltovocale_2406_72dpi-1-1024x644.jpg 1024w, https://www.muenster.org/saltovocale/wp-content/uploads/Saltovocale_2406_72dpi-1-300x189.jpg 300w, https://www.muenster.org/saltovocale/wp-content/uploads/Saltovocale_2406_72dpi-1-768x483.jpg 768w, https://www.muenster.org/saltovocale/wp-content/uploads/Saltovocale_2406_72dpi-1-1536x967.jpg 1536w, https://www.muenster.org/saltovocale/wp-content/uploads/Saltovocale_2406_72dpi-1-2048x1289.jpg 2048w, https://www.muenster.org/saltovocale/wp-content/uploads/Saltovocale_2406_72dpi-1-1200x755.jpg 1200w" sizes="auto, (max-width: 709px) 85vw, (max-width: 909px) 67vw, (max-width: 1362px) 62vw, 840px" /><figcaption class="wp-element-caption"><strong>Wir suchen einen weiteren Bass sowie einen weiteren Sopran! <a href="https://www.muenster.org/saltovocale/mitglieder-gesucht/" data-type="page" data-id="9" target="_blank" rel="noreferrer noopener">Bitte melde Dich!</a></strong></figcaption></figure>



<p>Das gemischte Vokal-Ensemble &#8222;Salto Vocale&#8220; singt zu privaten Anlässen und gibt kleinere Konzerte vor allem im Münsterland und im nördlichen Ruhrgebiet.</p>



<p>Die sechsköpfige Gruppe aus Teilzeitsolistinnen und -solisten kommt vollkommen ohne Instrumente aus und ist daher auch für kleine Bühnen und Konzerte in Gärten etc. gut geeignet. Wir gestalten gern auch Geburtstagsfeste, Hochzeiten, Taufen und Betriebsfeiern. Unser Repertoire reicht von Musicalsongs über Balladen bis zu Pop-Highlights der 1960er bis 1980er Jahre, zudem pflegen wir ein umfangreiches Weihnachts-/Winterrepertoire.</p>



<p>Unsere aktuellen Auftrittstermine finden Sie auf unserer <a href="https://www.muenster.org/saltovocale/auftrittstermine/">Terminseite</a> &#8211; hier sind allerdings nur die öffentlich zugänglichen Konzerte aufgeführt, Auftritte im geschlossenen Rahmen geben wir nicht bekannt. <strong>Möchten Sie uns für einen Auftritt buchen?</strong> Dann nehmen Sie einfach mit uns <a href="https://www.muenster.org/saltovocale/impressum/" target="_blank" rel="noopener">Kontakt</a> auf, wir melden uns umgehend.</p>



<p></p>

<p>Das gemischte Vokal-Ensemble &#8222;Salto Vocale&#8220; singt zu privaten Anlässen und gibt kleinere Konzerte vor allem im Münsterland und im nördlichen Ruhrgebiet. Die sechsköpfige Gruppe aus Teilzeitsolistinnen und -solisten kommt vollkommen ohne Instrumente aus und ist daher auch für kleine Bühnen und Konzerte in Gärten etc. gut geeignet. Wir gestalten gern auch Geburtstagsfeste, Hochzeiten, Taufen und &hellip; <a href="https://www.muenster.org/saltovocale/" class="more-link"><span class="screen-reader-text">„Das sind wir“ </span>weiterlesen</a></p>
