{"id":445,"date":"2021-08-14T13:00:30","date_gmt":"2021-08-14T11:00:30","guid":{"rendered":"https:\/\/www.muenster.org\/saltovocale\/?page_id=445"},"modified":"2025-10-25T22:22:41","modified_gmt":"2025-10-25T20:22:41","slug":"social-media","status":"publish","type":"page","link":"https:\/\/www.muenster.org\/saltovocale\/social-media\/","title":{"rendered":"Social Media"},"content":{"rendered":"\n<p>Salto Vocale ist auch auf Facebook und Instagramm vertreten.<\/p>\n\n\n\n<p>Die sozialen Medien verdienen ihr Geld damit, eure Aktivit\u00e4ten verfolgen, solange ihr angemeldet seid, um Daten zu sammeln und euch passende Werbung zu zeigen. Diese Informationen erhalten und nutzen wir nicht. <strong>Wir empfehlen euch, f\u00fcr den Besuch auf den sozialen Plattformen einen anderen Browser zu verwenden als f\u00fcr Euren sonstigen Webtraffic und m\u00f6glichst auch einen Container oder eine Sandbox einzurichten, um den Datenabfluss so gering wie m\u00f6glich zu halten. Sofern ihr beim Start des Links bei den Plattformen angemeldet werdet und nicht getrackt werden m\u00f6chtet, empfehlen wir euch, euch vor dem Besuch der Plattformen manuell abzumelden.<\/strong><\/p>\n\n\n\n<p>Ihr findet uns <a href=\"https:\/\/www.facebook.com\/SaltoVocale8Stimmen\" target=\"_blank\" rel=\"noreferrer noopener nofollow\">hier bei Facebook<\/a> und <a href=\"https:\/\/www.instagram.com\/vocalesalto?igsh=MWcwZTR3enZ1bHM1Yg==\" data-type=\"link\" data-id=\"https:\/\/www.instagram.com\/vocalesalto?igsh=MWcwZTR3enZ1bHM1Yg==\" target=\"_blank\" rel=\"noreferrer noopener nofollow\">hier bei Instagramm<\/a>.<\/p>\n\n\n\n<p>Wir freuen uns \u00fcber eure Likes, Posts, Kommentare und nat\u00fcrlich besonders, wenn ihr uns folgt bzw. abonniert.<\/p>\n\n\n\n<p><\/p>\n","protected":false},"excerpt":{"rendered":"<p>Salto Vocale ist auch auf Facebook und Instagramm vertreten. Die sozialen Medien verdienen ihr Geld damit, eure Aktivit\u00e4ten verfolgen, solange ihr angemeldet seid, um Daten zu sammeln und euch passende Werbung zu zeigen. Diese Informationen erhalten und nutzen wir nicht. Wir empfehlen euch, f\u00fcr den Besuch auf den sozialen Plattformen einen anderen Browser zu verwenden &hellip; <a href=\"https:\/\/www.muenster.org\/saltovocale\/social-media\/\" class=\"more-link\"><span class=\"screen-reader-text\">\u201eSocial Media\u201c <\/span>weiterlesen<\/a><\/p>\n","protected":false},"author":1,"featured_media":0,"parent":0,"menu_order":0,"comment_status":"closed","ping_status":"closed","template":"","meta":{"footnotes":""},"class_list":["post-445","page","type-page","status-publish","hentry"],"_links":{"self":[{"href":"https:\/\/www.muenster.org\/saltovocale\/wp-json\/wp\/v2\/pages\/445","targetHints":{"allow":["GET"]}}],"collection":[{"href":"https:\/\/www.muenster.org\/saltovocale\/wp-json\/wp\/v2\/pages"}],"about":[{"href":"https:\/\/www.muenster.org\/saltovocale\/wp-json\/wp\/v2\/types\/page"}],"author":[{"embeddable":true,"href":"https:\/\/www.muenster.org\/saltovocale\/wp-json\/wp\/v2\/users\/1"}],"replies":[{"embeddable":true,"href":"https:\/\/www.muenster.org\/saltovocale\/wp-json\/wp\/v2\/comments?post=445"}],"version-history":[{"count":3,"href":"https:\/\/www.muenster.org\/saltovocale\/wp-json\/wp\/v2\/pages\/445\/revisions"}],"predecessor-version":[{"id":1013,"href":"https:\/\/www.muenster.org\/saltovocale\/wp-json\/wp\/v2\/pages\/445\/revisions\/1013"}],"wp:attachment":[{"href":"https:\/\/www.muenster.org\/saltovocale\/wp-json\/wp\/v2\/media?parent=445"}],"curies":[{"name":"wp","href":"https:\/\/api.w.org\/{rel}","templated":true}]}}

<p>Salto Vocale ist auch auf Facebook und Instagramm vertreten.</p>



<p>Die sozialen Medien verdienen ihr Geld damit, eure Aktivitäten verfolgen, solange ihr angemeldet seid, um Daten zu sammeln und euch passende Werbung zu zeigen. Diese Informationen erhalten und nutzen wir nicht. <strong>Wir empfehlen euch, für den Besuch auf den sozialen Plattformen einen anderen Browser zu verwenden als für Euren sonstigen Webtraffic und möglichst auch einen Container oder eine Sandbox einzurichten, um den Datenabfluss so gering wie möglich zu halten. Sofern ihr beim Start des Links bei den Plattformen angemeldet werdet und nicht getrackt werden möchtet, empfehlen wir euch, euch vor dem Besuch der Plattformen manuell abzumelden.</strong></p>



<p>Ihr findet uns <a href="https://www.facebook.com/SaltoVocale8Stimmen" target="_blank" rel="noreferrer noopener nofollow">hier bei Facebook</a> und <a href="https://www.instagram.com/vocalesalto?igsh=MWcwZTR3enZ1bHM1Yg==" data-type="link" data-id="https://www.instagram.com/vocalesalto?igsh=MWcwZTR3enZ1bHM1Yg==" target="_blank" rel="noreferrer noopener nofollow">hier bei Instagramm</a>.</p>



<p>Wir freuen uns über eure Likes, Posts, Kommentare und natürlich besonders, wenn ihr uns folgt bzw. abonniert.</p>



<p></p>

<p>Salto Vocale ist auch auf Facebook und Instagramm vertreten. Die sozialen Medien verdienen ihr Geld damit, eure Aktivitäten verfolgen, solange ihr angemeldet seid, um Daten zu sammeln und euch passende Werbung zu zeigen. Diese Informationen erhalten und nutzen wir nicht. Wir empfehlen euch, für den Besuch auf den sozialen Plattformen einen anderen Browser zu verwenden &hellip; <a href="https://www.muenster.org/saltovocale/social-media/" class="more-link"><span class="screen-reader-text">„Social Media“ </span>weiterlesen</a></p>
