{"id":332,"date":"2020-02-08T22:16:37","date_gmt":"2020-02-08T21:16:37","guid":{"rendered":"http:\/\/www.muenster.org\/saltovocale\/?page_id=332"},"modified":"2025-12-24T12:41:50","modified_gmt":"2025-12-24T11:41:50","slug":"presseinfos","status":"publish","type":"page","link":"https:\/\/www.muenster.org\/saltovocale\/presseinfos\/","title":{"rendered":"Veranstalter- &#038; Presseinfos"},"content":{"rendered":"\n<p><strong>Information f\u00fcr Veranstalter und Presse<\/strong><\/p>\n\n\n\n<p><strong><em>Salto Vocale<\/em><\/strong> \u2013 dahinter verbirgt sich feine A-Cappella-Stimmbandakrobatik, pr\u00e4sentiert von drei Damen und drei Herren. Das Repertoire umfasst vier- oder f\u00fcnfstimmig vorgetragene Popklassiker und Musicalst\u00fccke, im Winter auch Advents- und Weihnachtslieder.<\/p>\n\n\n\n<p>Aufgrund des breit gef\u00e4cherten Repertoires ist <strong><em>Salto Vocale<\/em><\/strong> ein gern gesehener musikalischer Gast bei unterschiedlichsten Anl\u00e4ssen \u2013 von Konzerten im kleinen, auch privaten Rahmen bis hin zu Open-Air-Auftritten auf Festivals.<\/p>\n\n\n\n<p>Im aktuellen Programm \u201eVon Katzen bis Kalifornien\u201c reisen die S\u00e4ngerinnen und S\u00e4nger samt Publikum allein mit ihren Stimmen durch die Welt der Musicals und der Pop-Balladen. Sch\u00f6ne Harmonien, unerwartete Wendungen und viel Spa\u00df am Live-Singen inklusive.<\/p>\n\n\n\n<p>Haben Sie <strong>Fragen zum Ensemble<\/strong> oder m\u00f6chten Sie mit uns \u00fcber einen m\u00f6glichen <strong>Auftritt <\/strong>sprechen? Dann nehmen Sie gerne unverbindlich Kontakt per <a href=\"mailto:%20info@saltovocale.de\" target=\"_blank\" rel=\"noreferrer noopener nofollow\">E-Mail<\/a> mit uns auf. Wir freuen uns auf Sie!<\/p>\n\n\n\n<p>Eine pdf-Datei mit Informationen zum Ensemble, ein druckbares Foto sowie die Zusammenstellung der technischen Voraussetzungen f\u00fcr unsere Auftritte finden Sie hier:<\/p>\n\n\n\n<div class=\"wp-block-file alignleft\"><a href=\"https:\/\/www.muenster.org\/saltovocale\/wp-content\/uploads\/Salto_Vocale_Ensembleinformation.pdf\">Salto Vocale Ensembleinformation<\/a><a href=\"https:\/\/www.muenster.org\/saltovocale\/wp-content\/uploads\/Salto_Vocale_Ensembleinformation.pdf\" class=\"wp-block-file__button\" download=\"\">Herunterladen<\/a><\/div>\n\n<div class=\"wp-block-file alignleft\"><a href=\"https:\/\/www.muenster.org\/saltovocale\/wp-content\/uploads\/Saltovocale_2406_300dpi-scaled.jpg\">Salto Vocale Pressefoto, 300 dpi CMYK<\/a><a href=\"https:\/\/www.muenster.org\/saltovocale\/wp-content\/uploads\/Saltovocale_2406_300dpi-scaled.jpg\" class=\"wp-block-file__button\" download=\"\">Herunterladen<\/a><\/div>\n\n<div class=\"wp-block-file alignleft\"><a href=\"https:\/\/www.muenster.org\/saltovocale\/wp-content\/uploads\/Technical_Rider_Salto_Vocale.pdf\">Salto Vocale Technikanforderungen (Technical Rider)<\/a><a href=\"https:\/\/www.muenster.org\/saltovocale\/wp-content\/uploads\/Technical_Rider_Salto_Vocale.pdf\" class=\"wp-block-file__button\" download=\"\">Herunterladen<\/a><\/div>\n\n\n\n<figure class=\"wp-block-image size-large\"><a href=\"https:\/\/www.muenster.org\/saltovocale\/wp-content\/uploads\/Saltovocale_2406_300dpi-scaled.jpg\"><img loading=\"lazy\" decoding=\"async\" width=\"1024\" height=\"644\" src=\"https:\/\/www.muenster.org\/saltovocale\/wp-content\/uploads\/Saltovocale_2406_72dpi-1-1024x644.jpg\" alt=\"\" class=\"wp-image-892\" srcset=\"https:\/\/www.muenster.org\/saltovocale\/wp-content\/uploads\/Saltovocale_2406_72dpi-1-1024x644.jpg 1024w, https:\/\/www.muenster.org\/saltovocale\/wp-content\/uploads\/Saltovocale_2406_72dpi-1-300x189.jpg 300w, https:\/\/www.muenster.org\/saltovocale\/wp-content\/uploads\/Saltovocale_2406_72dpi-1-768x483.jpg 768w, https:\/\/www.muenster.org\/saltovocale\/wp-content\/uploads\/Saltovocale_2406_72dpi-1-1536x967.jpg 1536w, https:\/\/www.muenster.org\/saltovocale\/wp-content\/uploads\/Saltovocale_2406_72dpi-1-2048x1289.jpg 2048w, https:\/\/www.muenster.org\/saltovocale\/wp-content\/uploads\/Saltovocale_2406_72dpi-1-1200x755.jpg 1200w\" sizes=\"auto, (max-width: 709px) 85vw, (max-width: 909px) 67vw, (max-width: 1362px) 62vw, 840px\" \/><\/a><\/figure>\n\n\n\n<p>So berichteten die Westf\u00e4lischen Nachrichten, Regionalausgabe Steinfurt, \u00fcber unser Weihnachtskonzert am 21. Dezember 2025:<\/p>\n\n\n\n<figure class=\"wp-block-image size-large\"><a href=\"https:\/\/www.muenster.org\/saltovocale\/wp-content\/uploads\/WN-2021224-Salto-Vocale-Weihnachtskonzert-Dumte.pdf\" target=\"_blank\"><img loading=\"lazy\" decoding=\"async\" width=\"811\" height=\"1024\" src=\"https:\/\/www.muenster.org\/saltovocale\/wp-content\/uploads\/WN-Artikel_251223-811x1024.jpg\" alt=\"\" class=\"wp-image-1041\" srcset=\"https:\/\/www.muenster.org\/saltovocale\/wp-content\/uploads\/WN-Artikel_251223-811x1024.jpg 811w, https:\/\/www.muenster.org\/saltovocale\/wp-content\/uploads\/WN-Artikel_251223-238x300.jpg 238w, https:\/\/www.muenster.org\/saltovocale\/wp-content\/uploads\/WN-Artikel_251223-768x970.jpg 768w, https:\/\/www.muenster.org\/saltovocale\/wp-content\/uploads\/WN-Artikel_251223.jpg 1005w\" sizes=\"auto, (max-width: 811px) 85vw, 811px\" \/><\/a><\/figure>\n","protected":false},"excerpt":{"rendered":"<p>Information f\u00fcr Veranstalter und Presse Salto Vocale \u2013 dahinter verbirgt sich feine A-Cappella-Stimmbandakrobatik, pr\u00e4sentiert von drei Damen und drei Herren. Das Repertoire umfasst vier- oder f\u00fcnfstimmig vorgetragene Popklassiker und Musicalst\u00fccke, im Winter auch Advents- und Weihnachtslieder. Aufgrund des breit gef\u00e4cherten Repertoires ist Salto Vocale ein gern gesehener musikalischer Gast bei unterschiedlichsten Anl\u00e4ssen \u2013 von Konzerten &hellip; <a href=\"https:\/\/www.muenster.org\/saltovocale\/presseinfos\/\" class=\"more-link\"><span class=\"screen-reader-text\">\u201eVeranstalter- &#038; Presseinfos\u201c <\/span>weiterlesen<\/a><\/p>\n","protected":false},"author":1,"featured_media":0,"parent":0,"menu_order":0,"comment_status":"closed","ping_status":"closed","template":"","meta":{"footnotes":""},"class_list":["post-332","page","type-page","status-publish","hentry"],"_links":{"self":[{"href":"https:\/\/www.muenster.org\/saltovocale\/wp-json\/wp\/v2\/pages\/332","targetHints":{"allow":["GET"]}}],"collection":[{"href":"https:\/\/www.muenster.org\/saltovocale\/wp-json\/wp\/v2\/pages"}],"about":[{"href":"https:\/\/www.muenster.org\/saltovocale\/wp-json\/wp\/v2\/types\/page"}],"author":[{"embeddable":true,"href":"https:\/\/www.muenster.org\/saltovocale\/wp-json\/wp\/v2\/users\/1"}],"replies":[{"embeddable":true,"href":"https:\/\/www.muenster.org\/saltovocale\/wp-json\/wp\/v2\/comments?post=332"}],"version-history":[{"count":36,"href":"https:\/\/www.muenster.org\/saltovocale\/wp-json\/wp\/v2\/pages\/332\/revisions"}],"predecessor-version":[{"id":1058,"href":"https:\/\/www.muenster.org\/saltovocale\/wp-json\/wp\/v2\/pages\/332\/revisions\/1058"}],"wp:attachment":[{"href":"https:\/\/www.muenster.org\/saltovocale\/wp-json\/wp\/v2\/media?parent=332"}],"curies":[{"name":"wp","href":"https:\/\/api.w.org\/{rel}","templated":true}]}}

<p><strong>Information für Veranstalter und Presse</strong></p>



<p><strong><em>Salto Vocale</em></strong> – dahinter verbirgt sich feine A-Cappella-Stimmbandakrobatik, präsentiert von drei Damen und drei Herren. Das Repertoire umfasst vier- oder fünfstimmig vorgetragene Popklassiker und Musicalstücke, im Winter auch Advents- und Weihnachtslieder.</p>



<p>Aufgrund des breit gefächerten Repertoires ist <strong><em>Salto Vocale</em></strong> ein gern gesehener musikalischer Gast bei unterschiedlichsten Anlässen – von Konzerten im kleinen, auch privaten Rahmen bis hin zu Open-Air-Auftritten auf Festivals.</p>



<p>Im aktuellen Programm „Von Katzen bis Kalifornien“ reisen die Sängerinnen und Sänger samt Publikum allein mit ihren Stimmen durch die Welt der Musicals und der Pop-Balladen. Schöne Harmonien, unerwartete Wendungen und viel Spaß am Live-Singen inklusive.</p>



<p>Haben Sie <strong>Fragen zum Ensemble</strong> oder möchten Sie mit uns über einen möglichen <strong>Auftritt </strong>sprechen? Dann nehmen Sie gerne unverbindlich Kontakt per <a href="mailto:%20info@saltovocale.de" target="_blank" rel="noreferrer noopener nofollow">E-Mail</a> mit uns auf. Wir freuen uns auf Sie!</p>



<p>Eine pdf-Datei mit Informationen zum Ensemble, ein druckbares Foto sowie die Zusammenstellung der technischen Voraussetzungen für unsere Auftritte finden Sie hier:</p>



<div class="wp-block-file alignleft"><a href="https://www.muenster.org/saltovocale/wp-content/uploads/Salto_Vocale_Ensembleinformation.pdf">Salto Vocale Ensembleinformation</a><a href="https://www.muenster.org/saltovocale/wp-content/uploads/Salto_Vocale_Ensembleinformation.pdf" class="wp-block-file__button" download="">Herunterladen</a></div>

<div class="wp-block-file alignleft"><a href="https://www.muenster.org/saltovocale/wp-content/uploads/Saltovocale_2406_300dpi-scaled.jpg">Salto Vocale Pressefoto, 300 dpi CMYK</a><a href="https://www.muenster.org/saltovocale/wp-content/uploads/Saltovocale_2406_300dpi-scaled.jpg" class="wp-block-file__button" download="">Herunterladen</a></div>

<div class="wp-block-file alignleft"><a href="https://www.muenster.org/saltovocale/wp-content/uploads/Technical_Rider_Salto_Vocale.pdf">Salto Vocale Technikanforderungen (Technical Rider)</a><a href="https://www.muenster.org/saltovocale/wp-content/uploads/Technical_Rider_Salto_Vocale.pdf" class="wp-block-file__button" download="">Herunterladen</a></div>



<figure class="wp-block-image size-large"><a href="https://www.muenster.org/saltovocale/wp-content/uploads/Saltovocale_2406_300dpi-scaled.jpg"><img loading="lazy" decoding="async" width="1024" height="644" src="https://www.muenster.org/saltovocale/wp-content/uploads/Saltovocale_2406_72dpi-1-1024x644.jpg" alt="" class="wp-image-892" srcset="https://www.muenster.org/saltovocale/wp-content/uploads/Saltovocale_2406_72dpi-1-1024x644.jpg 1024w, https://www.muenster.org/saltovocale/wp-content/uploads/Saltovocale_2406_72dpi-1-300x189.jpg 300w, https://www.muenster.org/saltovocale/wp-content/uploads/Saltovocale_2406_72dpi-1-768x483.jpg 768w, https://www.muenster.org/saltovocale/wp-content/uploads/Saltovocale_2406_72dpi-1-1536x967.jpg 1536w, https://www.muenster.org/saltovocale/wp-content/uploads/Saltovocale_2406_72dpi-1-2048x1289.jpg 2048w, https://www.muenster.org/saltovocale/wp-content/uploads/Saltovocale_2406_72dpi-1-1200x755.jpg 1200w" sizes="auto, (max-width: 709px) 85vw, (max-width: 909px) 67vw, (max-width: 1362px) 62vw, 840px" /></a></figure>



<p>So berichteten die Westfälischen Nachrichten, Regionalausgabe Steinfurt, über unser Weihnachtskonzert am 21. Dezember 2025:</p>



<figure class="wp-block-image size-large"><a href="https://www.muenster.org/saltovocale/wp-content/uploads/WN-2021224-Salto-Vocale-Weihnachtskonzert-Dumte.pdf" target="_blank"><img loading="lazy" decoding="async" width="811" height="1024" src="https://www.muenster.org/saltovocale/wp-content/uploads/WN-Artikel_251223-811x1024.jpg" alt="" class="wp-image-1041" srcset="https://www.muenster.org/saltovocale/wp-content/uploads/WN-Artikel_251223-811x1024.jpg 811w, https://www.muenster.org/saltovocale/wp-content/uploads/WN-Artikel_251223-238x300.jpg 238w, https://www.muenster.org/saltovocale/wp-content/uploads/WN-Artikel_251223-768x970.jpg 768w, https://www.muenster.org/saltovocale/wp-content/uploads/WN-Artikel_251223.jpg 1005w" sizes="auto, (max-width: 811px) 85vw, 811px" /></a></figure>

<p>Information für Veranstalter und Presse Salto Vocale – dahinter verbirgt sich feine A-Cappella-Stimmbandakrobatik, präsentiert von drei Damen und drei Herren. Das Repertoire umfasst vier- oder fünfstimmig vorgetragene Popklassiker und Musicalstücke, im Winter auch Advents- und Weihnachtslieder. Aufgrund des breit gefächerten Repertoires ist Salto Vocale ein gern gesehener musikalischer Gast bei unterschiedlichsten Anlässen – von Konzerten &hellip; <a href="https://www.muenster.org/saltovocale/presseinfos/" class="more-link"><span class="screen-reader-text">„Veranstalter- &#038; Presseinfos“ </span>weiterlesen</a></p>
