{"id":33,"date":"2019-12-14T19:22:32","date_gmt":"2019-12-14T18:22:32","guid":{"rendered":"http:\/\/www.muenster.org\/saltovocale\/?page_id=33"},"modified":"2025-12-23T21:03:30","modified_gmt":"2025-12-23T20:03:30","slug":"auftrittstermine","status":"publish","type":"page","link":"https:\/\/www.muenster.org\/saltovocale\/auftrittstermine\/","title":{"rendered":"Auftrittstermine"},"content":{"rendered":"\n<h2 class=\"wp-block-heading\">Unsere n\u00e4chsten \u00f6ffentlich zug\u00e4nglichen Auftritte:<\/h2>\n\n\n\n<p>29. August 2026, 19:00 Uhr, <a href=\"http:\/\/speicher3.com\">Speicher 3<\/a><br><strong>Von Katzen und Kalifornien<\/strong><br>Zur Aabr\u00fccke 2, 48329 Havixbeck-Hohenholte<\/p>\n\n\n\n<p>M\u00f6chten Sie Salto Vocale gern f\u00fcr eine Familienfeier oder ein Konzert (gern auch in Ihrem Wohnzimmer) buchen? Dann <a href=\"mailto:%20info@saltovocale.de\" target=\"_blank\" rel=\"noreferrer noopener nofollow\">melden Sie sich einfach bei uns<\/a>, wir antworten umgehend.<\/p>\n\n\n\n<p>So berichteten die Westf\u00e4lischen Nachrichten in der Regionalausgabe Steinfurt \u00fcber ein Konzert von Salto Vocale am 21. Dezember 2025:<\/p>\n\n\n\n<figure class=\"wp-block-image size-large\"><img loading=\"lazy\" decoding=\"async\" width=\"811\" height=\"1024\" src=\"https:\/\/www.muenster.org\/saltovocale\/wp-content\/uploads\/WN-Artikel_251223-811x1024.jpg\" alt=\"\" class=\"wp-image-1041\" srcset=\"https:\/\/www.muenster.org\/saltovocale\/wp-content\/uploads\/WN-Artikel_251223-811x1024.jpg 811w, https:\/\/www.muenster.org\/saltovocale\/wp-content\/uploads\/WN-Artikel_251223-238x300.jpg 238w, https:\/\/www.muenster.org\/saltovocale\/wp-content\/uploads\/WN-Artikel_251223-768x970.jpg 768w, https:\/\/www.muenster.org\/saltovocale\/wp-content\/uploads\/WN-Artikel_251223.jpg 1005w\" sizes=\"auto, (max-width: 811px) 85vw, 811px\" \/><\/figure>\n","protected":false},"excerpt":{"rendered":"<p>Unsere n\u00e4chsten \u00f6ffentlich zug\u00e4nglichen Auftritte: 29. August 2026, 19:00 Uhr, Speicher 3Von Katzen und KalifornienZur Aabr\u00fccke 2, 48329 Havixbeck-Hohenholte M\u00f6chten Sie Salto Vocale gern f\u00fcr eine Familienfeier oder ein Konzert (gern auch in Ihrem Wohnzimmer) buchen? Dann melden Sie sich einfach bei uns, wir antworten umgehend. So berichteten die Westf\u00e4lischen Nachrichten in der Regionalausgabe Steinfurt &hellip; <a href=\"https:\/\/www.muenster.org\/saltovocale\/auftrittstermine\/\" class=\"more-link\"><span class=\"screen-reader-text\">\u201eAuftrittstermine\u201c <\/span>weiterlesen<\/a><\/p>\n","protected":false},"author":1,"featured_media":819,"parent":0,"menu_order":0,"comment_status":"closed","ping_status":"closed","template":"","meta":{"footnotes":""},"class_list":["post-33","page","type-page","status-publish","has-post-thumbnail","hentry"],"_links":{"self":[{"href":"https:\/\/www.muenster.org\/saltovocale\/wp-json\/wp\/v2\/pages\/33","targetHints":{"allow":["GET"]}}],"collection":[{"href":"https:\/\/www.muenster.org\/saltovocale\/wp-json\/wp\/v2\/pages"}],"about":[{"href":"https:\/\/www.muenster.org\/saltovocale\/wp-json\/wp\/v2\/types\/page"}],"author":[{"embeddable":true,"href":"https:\/\/www.muenster.org\/saltovocale\/wp-json\/wp\/v2\/users\/1"}],"replies":[{"embeddable":true,"href":"https:\/\/www.muenster.org\/saltovocale\/wp-json\/wp\/v2\/comments?post=33"}],"version-history":[{"count":128,"href":"https:\/\/www.muenster.org\/saltovocale\/wp-json\/wp\/v2\/pages\/33\/revisions"}],"predecessor-version":[{"id":1043,"href":"https:\/\/www.muenster.org\/saltovocale\/wp-json\/wp\/v2\/pages\/33\/revisions\/1043"}],"wp:featuredmedia":[{"embeddable":true,"href":"https:\/\/www.muenster.org\/saltovocale\/wp-json\/wp\/v2\/media\/819"}],"wp:attachment":[{"href":"https:\/\/www.muenster.org\/saltovocale\/wp-json\/wp\/v2\/media?parent=33"}],"curies":[{"name":"wp","href":"https:\/\/api.w.org\/{rel}","templated":true}]}}

<h2 class="wp-block-heading">Unsere nächsten öffentlich zugänglichen Auftritte:</h2>



<p>29. August 2026, 19:00 Uhr, <a href="http://speicher3.com">Speicher 3</a><br><strong>Von Katzen und Kalifornien</strong><br>Zur Aabrücke 2, 48329 Havixbeck-Hohenholte</p>



<p>Möchten Sie Salto Vocale gern für eine Familienfeier oder ein Konzert (gern auch in Ihrem Wohnzimmer) buchen? Dann <a href="mailto:%20info@saltovocale.de" target="_blank" rel="noreferrer noopener nofollow">melden Sie sich einfach bei uns</a>, wir antworten umgehend.</p>



<p>So berichteten die Westfälischen Nachrichten in der Regionalausgabe Steinfurt über ein Konzert von Salto Vocale am 21. Dezember 2025:</p>



<figure class="wp-block-image size-large"><img loading="lazy" decoding="async" width="811" height="1024" src="https://www.muenster.org/saltovocale/wp-content/uploads/WN-Artikel_251223-811x1024.jpg" alt="" class="wp-image-1041" srcset="https://www.muenster.org/saltovocale/wp-content/uploads/WN-Artikel_251223-811x1024.jpg 811w, https://www.muenster.org/saltovocale/wp-content/uploads/WN-Artikel_251223-238x300.jpg 238w, https://www.muenster.org/saltovocale/wp-content/uploads/WN-Artikel_251223-768x970.jpg 768w, https://www.muenster.org/saltovocale/wp-content/uploads/WN-Artikel_251223.jpg 1005w" sizes="auto, (max-width: 811px) 85vw, 811px" /></figure>

<p>Unsere nächsten öffentlich zugänglichen Auftritte: 29. August 2026, 19:00 Uhr, Speicher 3Von Katzen und KalifornienZur Aabrücke 2, 48329 Havixbeck-Hohenholte Möchten Sie Salto Vocale gern für eine Familienfeier oder ein Konzert (gern auch in Ihrem Wohnzimmer) buchen? Dann melden Sie sich einfach bei uns, wir antworten umgehend. So berichteten die Westfälischen Nachrichten in der Regionalausgabe Steinfurt &hellip; <a href="https://www.muenster.org/saltovocale/auftrittstermine/" class="more-link"><span class="screen-reader-text">„Auftrittstermine“ </span>weiterlesen</a></p>
