{"id":27,"date":"2022-05-19T15:28:09","date_gmt":"2022-05-19T13:28:09","guid":{"rendered":"http:\/\/www.muenster.org\/saltovocale\/?page_id=27"},"modified":"2025-02-06T19:47:47","modified_gmt":"2025-02-06T18:47:47","slug":"faq-fuer-interessenten","status":"publish","type":"page","link":"https:\/\/www.muenster.org\/saltovocale\/faq-fuer-interessenten\/","title":{"rendered":"FAQ f\u00fcr Interessenten"},"content":{"rendered":"<p>&nbsp;<\/p>\n<h1><b>Regelm\u00e4\u00dfig gestellte Fragen zu &#8222;Salto Vocale&#8220;<br \/>\n<\/b><\/h1>\n<p>Hier beantworten wir einige Fragen, die von Interessentinnen und Interessenten f\u00fcrs Mitsingen bei Salto Vocale h\u00e4ufig gestellt werden.<\/p>\n<h3>Wie alt sind die Mitglieder von Salto Vocale und wie viele seid ihr?<\/h3>\n<p>Der Altersschnitt der Gruppe liegt bei Anfang 50, wir haben Mitglieder im Alter zwischen 30 und 75 Jahren. Im Moment sind wir zu sechst, m\u00f6chten aber gern alle Stimmen doppelt besetzen und brauchen daher noch einen Bass und einen Sopran.<\/p>\n<h3>Was singt ihr so?<\/h3>\n<p>Unser Schwerpunkt liegt auf Pop-Klassikern, zumeist Balladen, und Musicalst\u00fccken (siehe <a href=\"https:\/\/www.muenster.org\/saltovocale\/repertoire\/\">Repertoire<\/a>) sowie nach Saison modernere Weihnachtslieder (bzw. modernere Arrangements). Wir sind eigentlich f\u00fcr alles offen, was nicht kirchliche oder &#8222;ernste Musik&#8220; ist, auch Jazz liegt uns derzeit eher fern. Wir entscheiden gemeinsam \u00fcber Repertoire-Erweiterungen.<\/p>\n<p>Hier ein kleiner Eindruck aus einer Probe (<a href=\"https:\/\/www.facebook.com\/share\/r\/68iZ3YJr9D4RfCoo\/\" target=\"_blank\" rel=\"noopener\">Facebook-Reel<\/a>).<\/p>\n<h3>Wann und wie oft probt ihr?<\/h3>\n<p>Unsere Proben finden in einem nicht ganz festen 14-Tage-Rhythmus montags abends um 20:00 Uhr in M\u00fcnsters n\u00f6rdlicher City (Kinderhaus, gut mit der Buslinie 15 zu erreichen)\u00a0 statt und dauern 1,5 bis maximal 2 Stunden.<\/p>\n<h3>Macht ihr auch Auftritte?<\/h3>\n<p>Ja. \u00dcblich sind 6 bis 8 Auftritte im Jahr, vor allem bei privaten Anl\u00e4ssen wie Geburtstagen oder Hochzeiten sowie auf Stadfesten und \u00c4hnlichem. Die Auftritte finden zumeist am Wochenende oder abends statt. Neben langfristigen Engagements kommen manchmal auch spontanere Anfragen herein, etwas zeitliche Flexibilit\u00e4t w\u00e4re also toll.<\/p>\n<h3>Muss ich Noten lesen oder gar vom Blatt singen k\u00f6nnen, wenn ich bei Euch mitmachen will?<\/h3>\n<p>Nein, Notenlesenk\u00f6nnen ist keine Pflicht. Dank unserer \u00dcbungsdateien ist es auch m\u00f6glich, die S\u00e4tze rein \u00fcber das Geh\u00f6r zu erlernen.<\/p>\n<h3>Muss ich Gesangsvorkenntnisse haben?<\/h3>\n<p>Ja, das solltest Du. Chor, Band, Gesangsunterricht &#8211; alles ist willkommen, aber da wir weder einen Gesangslehrer noch eine Chorleitung dabeihaben, k\u00f6nnen wir Dir keine Basisgesangskenntnisse vermitteln. Etwas Gesangspraxis solltest Du also haben. Unser Konzept sieht vor, dass wir in den Wochen, in denen keine Probe ist, die St\u00fccke f\u00fcr die kommende Probe vorbereiten, also jede\/r seinen Part mit Partitur oder Sounddatei einstudiert, so dass wir bei der Probe alles zusammensetzen und den Feinschliff verleihen k\u00f6nnen.<\/p>\n<h3>Weitere Fragen?<\/h3>\n<p><a href=\"https:\/\/www.muenster.org\/saltovocale\/impressum\/\" target=\"_blank\" rel=\"noopener\">Melde Dich einfach bei uns<\/a>, wir beantworten Dir gern alles Weitere.<\/p>\n","protected":false},"excerpt":{"rendered":"<p>&nbsp; Regelm\u00e4\u00dfig gestellte Fragen zu &#8222;Salto Vocale&#8220; Hier beantworten wir einige Fragen, die von Interessentinnen und Interessenten f\u00fcrs Mitsingen bei Salto Vocale h\u00e4ufig gestellt werden. Wie alt sind die Mitglieder von Salto Vocale und wie viele seid ihr? Der Altersschnitt der Gruppe liegt bei Anfang 50, wir haben Mitglieder im Alter zwischen 30 und 75 &hellip; <a href=\"https:\/\/www.muenster.org\/saltovocale\/faq-fuer-interessenten\/\" class=\"more-link\"><span class=\"screen-reader-text\">\u201eFAQ f\u00fcr Interessenten\u201c <\/span>weiterlesen<\/a><\/p>\n","protected":false},"author":1,"featured_media":0,"parent":0,"menu_order":0,"comment_status":"closed","ping_status":"closed","template":"","meta":{"footnotes":""},"class_list":["post-27","page","type-page","status-publish","hentry"],"_links":{"self":[{"href":"https:\/\/www.muenster.org\/saltovocale\/wp-json\/wp\/v2\/pages\/27","targetHints":{"allow":["GET"]}}],"collection":[{"href":"https:\/\/www.muenster.org\/saltovocale\/wp-json\/wp\/v2\/pages"}],"about":[{"href":"https:\/\/www.muenster.org\/saltovocale\/wp-json\/wp\/v2\/types\/page"}],"author":[{"embeddable":true,"href":"https:\/\/www.muenster.org\/saltovocale\/wp-json\/wp\/v2\/users\/1"}],"replies":[{"embeddable":true,"href":"https:\/\/www.muenster.org\/saltovocale\/wp-json\/wp\/v2\/comments?post=27"}],"version-history":[{"count":10,"href":"https:\/\/www.muenster.org\/saltovocale\/wp-json\/wp\/v2\/pages\/27\/revisions"}],"predecessor-version":[{"id":977,"href":"https:\/\/www.muenster.org\/saltovocale\/wp-json\/wp\/v2\/pages\/27\/revisions\/977"}],"wp:attachment":[{"href":"https:\/\/www.muenster.org\/saltovocale\/wp-json\/wp\/v2\/media?parent=27"}],"curies":[{"name":"wp","href":"https:\/\/api.w.org\/{rel}","templated":true}]}}

FAQ für Interessenten

<p>&nbsp;</p>
<h1><b>Regelmäßig gestellte Fragen zu &#8222;Salto Vocale&#8220;<br />
</b></h1>
<p>Hier beantworten wir einige Fragen, die von Interessentinnen und Interessenten fürs Mitsingen bei Salto Vocale häufig gestellt werden.</p>
<h3>Wie alt sind die Mitglieder von Salto Vocale und wie viele seid ihr?</h3>
<p>Der Altersschnitt der Gruppe liegt bei Anfang 50, wir haben Mitglieder im Alter zwischen 30 und 75 Jahren. Im Moment sind wir zu sechst, möchten aber gern alle Stimmen doppelt besetzen und brauchen daher noch einen Bass und einen Sopran.</p>
<h3>Was singt ihr so?</h3>
<p>Unser Schwerpunkt liegt auf Pop-Klassikern, zumeist Balladen, und Musicalstücken (siehe <a href="https://www.muenster.org/saltovocale/repertoire/">Repertoire</a>) sowie nach Saison modernere Weihnachtslieder (bzw. modernere Arrangements). Wir sind eigentlich für alles offen, was nicht kirchliche oder &#8222;ernste Musik&#8220; ist, auch Jazz liegt uns derzeit eher fern. Wir entscheiden gemeinsam über Repertoire-Erweiterungen.</p>
<p>Hier ein kleiner Eindruck aus einer Probe (<a href="https://www.facebook.com/share/r/68iZ3YJr9D4RfCoo/" target="_blank" rel="noopener">Facebook-Reel</a>).</p>
<h3>Wann und wie oft probt ihr?</h3>
<p>Unsere Proben finden in einem nicht ganz festen 14-Tage-Rhythmus montags abends um 20:00 Uhr in Münsters nördlicher City (Kinderhaus, gut mit der Buslinie 15 zu erreichen)  statt und dauern 1,5 bis maximal 2 Stunden.</p>
<h3>Macht ihr auch Auftritte?</h3>
<p>Ja. Üblich sind 6 bis 8 Auftritte im Jahr, vor allem bei privaten Anlässen wie Geburtstagen oder Hochzeiten sowie auf Stadfesten und Ähnlichem. Die Auftritte finden zumeist am Wochenende oder abends statt. Neben langfristigen Engagements kommen manchmal auch spontanere Anfragen herein, etwas zeitliche Flexibilität wäre also toll.</p>
<h3>Muss ich Noten lesen oder gar vom Blatt singen können, wenn ich bei Euch mitmachen will?</h3>
<p>Nein, Notenlesenkönnen ist keine Pflicht. Dank unserer Übungsdateien ist es auch möglich, die Sätze rein über das Gehör zu erlernen.</p>
<h3>Muss ich Gesangsvorkenntnisse haben?</h3>
<p>Ja, das solltest Du. Chor, Band, Gesangsunterricht &#8211; alles ist willkommen, aber da wir weder einen Gesangslehrer noch eine Chorleitung dabeihaben, können wir Dir keine Basisgesangskenntnisse vermitteln. Etwas Gesangspraxis solltest Du also haben. Unser Konzept sieht vor, dass wir in den Wochen, in denen keine Probe ist, die Stücke für die kommende Probe vorbereiten, also jede/r seinen Part mit Partitur oder Sounddatei einstudiert, so dass wir bei der Probe alles zusammensetzen und den Feinschliff verleihen können.</p>
<h3>Weitere Fragen?</h3>
<p><a href="https://www.muenster.org/saltovocale/impressum/" target="_blank" rel="noopener">Melde Dich einfach bei uns</a>, wir beantworten Dir gern alles Weitere.</p>

<p>&nbsp; Regelmäßig gestellte Fragen zu &#8222;Salto Vocale&#8220; Hier beantworten wir einige Fragen, die von Interessentinnen und Interessenten fürs Mitsingen bei Salto Vocale häufig gestellt werden. Wie alt sind die Mitglieder von Salto Vocale und wie viele seid ihr? Der Altersschnitt der Gruppe liegt bei Anfang 50, wir haben Mitglieder im Alter zwischen 30 und 75 &hellip; <a href="https://www.muenster.org/saltovocale/faq-fuer-interessenten/" class="more-link"><span class="screen-reader-text">„FAQ für Interessenten“ </span>weiterlesen</a></p>
