{"id":19,"date":"2018-10-07T15:20:32","date_gmt":"2018-10-07T13:20:32","guid":{"rendered":"http:\/\/www.muenster.org\/saltovocale\/?page_id=19"},"modified":"2024-05-19T19:19:12","modified_gmt":"2024-05-19T17:19:12","slug":"bass","status":"publish","type":"page","link":"https:\/\/www.muenster.org\/saltovocale\/bass\/","title":{"rendered":"Bass"},"content":{"rendered":"<h2>Martin<\/h2>\n<p><img decoding=\"async\" src=\"https:\/\/www.muenster.org\/saltovocale\/wp-content\/uploads\/2018\/10\/Martin_Portrait-268x300.jpg\" width=\"150\" align=\"right\" \/>Martin ist seit Sommer 2013 Mitglied des Ensembles. Er kam erst im zarten Alter von 39 Jahren zum Gesang und hat seine bisherigen musikalischen Erfahrungen zu gro\u00dfen Teilen in einem Gospelchor gemacht, dem er bis Anfang 2014 angeh\u00f6rte. Von Natur aus eher Bariton, hat er dort als Bass angefangen, zuletzt aber \u00fcberwiegend als Tenor gesungen. Au\u00dferdem wirkt er regelm\u00e4\u00dfig bei Chorprojekten mit. Gelegentlich stellt er sich auch allein mit einem Playback auf die B\u00fchne.<br \/>Innerhalb der Gruppe k\u00fcmmert er sich um die Erstellung von \u00dcbe-Dateien und deren Bereitstellung in der &#8222;Dropbox&#8220;.<br \/>Beruflich hat er nichts mit Musik zu tun, sondern ist bei der Kreisverwaltung in Warendorf angestellt.<\/p>\n\n\n<h2 class=\"wp-block-heading\">Wir suchen einen weiteren Bass-S\u00e4nger! <\/h2>\n\n\n\n<p>Bitte melde Dich bei uns, wenn Du Interesse hast. Notenkenntnisse sind nicht zwingend erforderlich, daf\u00fcr brauchen wir <\/p>\n\n\n\n<ul class=\"wp-block-list\">\n<li>eine tragende Stimme, <\/li>\n\n\n\n<li>ein gutes Selbstbewusstsein inklusive Solobereitschaft, <\/li>\n\n\n\n<li>Ehrgeiz und <\/li>\n\n\n\n<li>die zeitlichen M\u00f6glichkeiten, Auftritte auch am Wochenende wahrzunehmen. <\/li>\n<\/ul>\n\n\n\n<p>Mehr Infos findest Du unter &#8222;<a href=\"https:\/\/www.muenster.org\/saltovocale\/mitglieder-gesucht\/\" target=\"_blank\" rel=\"noreferrer noopener\">Neue Mitglieder gesucht!<\/a>&#8222;. Wenn Du Lust hast, mit uns zu singen, schreib uns einfach eine <a href=\"mailto:%20saltovocale@web.de?subject=Kontakt%20zu%20Salto%20Vocale\">E-Mail<\/a>. Wir\u00a0 rufen umgehend zur\u00fcck und freuen uns schon darauf, Dich kennen zu lernen!<\/p>\n","protected":false},"excerpt":{"rendered":"<p>Martin Martin ist seit Sommer 2013 Mitglied des Ensembles. Er kam erst im zarten Alter von 39 Jahren zum Gesang und hat seine bisherigen musikalischen Erfahrungen zu gro\u00dfen Teilen in einem Gospelchor gemacht, dem er bis Anfang 2014 angeh\u00f6rte. Von Natur aus eher Bariton, hat er dort als Bass angefangen, zuletzt aber \u00fcberwiegend als Tenor &hellip; <a href=\"https:\/\/www.muenster.org\/saltovocale\/bass\/\" class=\"more-link\"><span class=\"screen-reader-text\">\u201eBass\u201c <\/span>weiterlesen<\/a><\/p>\n","protected":false},"author":1,"featured_media":0,"parent":0,"menu_order":0,"comment_status":"closed","ping_status":"closed","template":"","meta":{"footnotes":""},"class_list":["post-19","page","type-page","status-publish","hentry"],"_links":{"self":[{"href":"https:\/\/www.muenster.org\/saltovocale\/wp-json\/wp\/v2\/pages\/19","targetHints":{"allow":["GET"]}}],"collection":[{"href":"https:\/\/www.muenster.org\/saltovocale\/wp-json\/wp\/v2\/pages"}],"about":[{"href":"https:\/\/www.muenster.org\/saltovocale\/wp-json\/wp\/v2\/types\/page"}],"author":[{"embeddable":true,"href":"https:\/\/www.muenster.org\/saltovocale\/wp-json\/wp\/v2\/users\/1"}],"replies":[{"embeddable":true,"href":"https:\/\/www.muenster.org\/saltovocale\/wp-json\/wp\/v2\/comments?post=19"}],"version-history":[{"count":16,"href":"https:\/\/www.muenster.org\/saltovocale\/wp-json\/wp\/v2\/pages\/19\/revisions"}],"predecessor-version":[{"id":901,"href":"https:\/\/www.muenster.org\/saltovocale\/wp-json\/wp\/v2\/pages\/19\/revisions\/901"}],"wp:attachment":[{"href":"https:\/\/www.muenster.org\/saltovocale\/wp-json\/wp\/v2\/media?parent=19"}],"curies":[{"name":"wp","href":"https:\/\/api.w.org\/{rel}","templated":true}]}}