{"id":170,"date":"2018-10-08T19:39:57","date_gmt":"2018-10-08T17:39:57","guid":{"rendered":"http:\/\/www.muenster.org\/saltovocale\/?page_id=170"},"modified":"2024-05-30T19:29:47","modified_gmt":"2024-05-30T17:29:47","slug":"stimmen","status":"publish","type":"page","link":"https:\/\/www.muenster.org\/saltovocale\/stimmen\/","title":{"rendered":"Stimmen"},"content":{"rendered":"\n<figure class=\"wp-block-image size-medium is-resized\"><a href=\"https:\/\/www.muenster.org\/saltovocale\/sopran\/\"><img loading=\"lazy\" decoding=\"async\" width=\"225\" height=\"300\" src=\"https:\/\/www.muenster.org\/saltovocale\/wp-content\/uploads\/2018\/10\/jasmin-225x300.jpg\" alt=\"\" class=\"wp-image-119\" style=\"width:auto;height:250px\" srcset=\"https:\/\/www.muenster.org\/saltovocale\/wp-content\/uploads\/2018\/10\/jasmin-225x300.jpg 225w, https:\/\/www.muenster.org\/saltovocale\/wp-content\/uploads\/2018\/10\/jasmin-768x1024.jpg 768w, https:\/\/www.muenster.org\/saltovocale\/wp-content\/uploads\/2018\/10\/jasmin-1200x1600.jpg 1200w\" sizes=\"auto, (max-width: 225px) 85vw, 225px\" \/><\/a><\/figure>\n\n\n\n<p class=\"has-text-align-left\"><a href=\"https:\/\/www.muenster.org\/saltovocale\/sopran\/\" data-type=\"page\" data-id=\"13\">Unser Sopran<\/a><\/p>\n\n\n\n<figure class=\"wp-block-image\"><a href=\"https:\/\/www.muenster.org\/saltovocale\/tenor\/\"><img decoding=\"async\" src=\"https:\/\/www.muenster.org\/saltovocale\/wp-content\/uploads\/2018\/10\/Tenor-300x225.jpg\" alt=\"Tenor\" style=\"object-fit:cover\"\/><\/a><\/figure>\n\n\n\n<p><a href=\"https:\/\/www.muenster.org\/saltovocale\/tenor\/\" data-type=\"page\" data-id=\"17\">Unser Tenor<\/a><\/p>\n\n\n\n<figure class=\"wp-block-image size-large is-resized\"><a href=\"https:\/\/www.muenster.org\/saltovocale\/alt\/\" target=\"_blank\" rel=\"noreferrer noopener\"><img loading=\"lazy\" decoding=\"async\" width=\"1024\" height=\"768\" src=\"https:\/\/www.muenster.org\/saltovocale\/wp-content\/uploads\/Alto_beide-1024x768.jpg\" alt=\"\" class=\"wp-image-887\" style=\"width:auto;height:220px\" srcset=\"https:\/\/www.muenster.org\/saltovocale\/wp-content\/uploads\/Alto_beide-1024x768.jpg 1024w, https:\/\/www.muenster.org\/saltovocale\/wp-content\/uploads\/Alto_beide-300x225.jpg 300w, https:\/\/www.muenster.org\/saltovocale\/wp-content\/uploads\/Alto_beide-768x576.jpg 768w, https:\/\/www.muenster.org\/saltovocale\/wp-content\/uploads\/Alto_beide-1536x1152.jpg 1536w, https:\/\/www.muenster.org\/saltovocale\/wp-content\/uploads\/Alto_beide-2048x1536.jpg 2048w, https:\/\/www.muenster.org\/saltovocale\/wp-content\/uploads\/Alto_beide-1200x900.jpg 1200w\" sizes=\"auto, (max-width: 709px) 85vw, (max-width: 909px) 67vw, (max-width: 1362px) 62vw, 840px\" \/><\/a><\/figure>\n\n\n\n<p class=\"has-text-align-left\"><a href=\"https:\/\/www.muenster.org\/saltovocale\/alt\/\" data-type=\"page\" data-id=\"15\">Unser Alt<\/a><\/p>\n\n\n\n<figure class=\"wp-block-image size-large is-resized\"><a href=\"https:\/\/www.muenster.org\/saltovocale\/bass\/\"><img loading=\"lazy\" decoding=\"async\" width=\"914\" height=\"1024\" src=\"https:\/\/www.muenster.org\/saltovocale\/wp-content\/uploads\/2018\/10\/Martin_Portrait-914x1024.jpg\" alt=\"\" class=\"wp-image-125\" style=\"width:250px\" srcset=\"https:\/\/www.muenster.org\/saltovocale\/wp-content\/uploads\/2018\/10\/Martin_Portrait-914x1024.jpg 914w, https:\/\/www.muenster.org\/saltovocale\/wp-content\/uploads\/2018\/10\/Martin_Portrait-268x300.jpg 268w, https:\/\/www.muenster.org\/saltovocale\/wp-content\/uploads\/2018\/10\/Martin_Portrait-768x861.jpg 768w, https:\/\/www.muenster.org\/saltovocale\/wp-content\/uploads\/2018\/10\/Martin_Portrait-1200x1345.jpg 1200w, https:\/\/www.muenster.org\/saltovocale\/wp-content\/uploads\/2018\/10\/Martin_Portrait.jpg 1579w\" sizes=\"auto, (max-width: 709px) 85vw, (max-width: 909px) 67vw, (max-width: 1362px) 62vw, 840px\" \/><\/a><\/figure>\n\n\n\n<p><a href=\"https:\/\/www.muenster.org\/saltovocale\/bass\/\" data-type=\"page\" data-id=\"19\">Unser Bass<\/a><\/p>\n\n\n\n<p>&#8222;Salto Vocale&#8220; lebt vom Zusammenklang aller Stimmen der gleichberechtigten Solisten. Die Arrangements arbeiten die S\u00e4ngerinnen und S\u00e4nger gemeinsam aus und erzeugen so den unverwechselbaren Klang von &#8222;Salto Vocale&#8220;. Die Gruppe <a href=\"https:\/\/www.muenster.org\/saltovocale\/mitglieder-gesucht\/\" target=\"_blank\" rel=\"noreferrer noopener\">sucht derzeit einen Bass-S\u00e4nger  und eine Sopran-S\u00e4ngerin <\/a>und m\u00f6chte sich dann wieder als Doppelquartett aus acht S\u00e4ngerinnen und S\u00e4ngern in vier Stimmen pr\u00e4sentieren.<\/p>\n\n\n\n<p>Durch Klicken auf die einzelnen Bilder gelangen Sie zur Vorstellung der S\u00e4ngerinnen und S\u00e4nger.<\/p>\n\n\n\n<p><\/p>\n","protected":false},"excerpt":{"rendered":"<p>Unser Sopran Unser Tenor Unser Alt Unser Bass &#8222;Salto Vocale&#8220; lebt vom Zusammenklang aller Stimmen der gleichberechtigten Solisten. Die Arrangements arbeiten die S\u00e4ngerinnen und S\u00e4nger gemeinsam aus und erzeugen so den unverwechselbaren Klang von &#8222;Salto Vocale&#8220;. Die Gruppe sucht derzeit einen Bass-S\u00e4nger und eine Sopran-S\u00e4ngerin und m\u00f6chte sich dann wieder als Doppelquartett aus acht S\u00e4ngerinnen &hellip; <a href=\"https:\/\/www.muenster.org\/saltovocale\/stimmen\/\" class=\"more-link\"><span class=\"screen-reader-text\">\u201eStimmen\u201c <\/span>weiterlesen<\/a><\/p>\n","protected":false},"author":1,"featured_media":0,"parent":0,"menu_order":0,"comment_status":"closed","ping_status":"closed","template":"","meta":{"footnotes":""},"class_list":["post-170","page","type-page","status-publish","hentry"],"_links":{"self":[{"href":"https:\/\/www.muenster.org\/saltovocale\/wp-json\/wp\/v2\/pages\/170","targetHints":{"allow":["GET"]}}],"collection":[{"href":"https:\/\/www.muenster.org\/saltovocale\/wp-json\/wp\/v2\/pages"}],"about":[{"href":"https:\/\/www.muenster.org\/saltovocale\/wp-json\/wp\/v2\/types\/page"}],"author":[{"embeddable":true,"href":"https:\/\/www.muenster.org\/saltovocale\/wp-json\/wp\/v2\/users\/1"}],"replies":[{"embeddable":true,"href":"https:\/\/www.muenster.org\/saltovocale\/wp-json\/wp\/v2\/comments?post=170"}],"version-history":[{"count":25,"href":"https:\/\/www.muenster.org\/saltovocale\/wp-json\/wp\/v2\/pages\/170\/revisions"}],"predecessor-version":[{"id":914,"href":"https:\/\/www.muenster.org\/saltovocale\/wp-json\/wp\/v2\/pages\/170\/revisions\/914"}],"wp:attachment":[{"href":"https:\/\/www.muenster.org\/saltovocale\/wp-json\/wp\/v2\/media?parent=170"}],"curies":[{"name":"wp","href":"https:\/\/api.w.org\/{rel}","templated":true}]}}