{"id":100,"date":"2024-06-21T18:11:45","date_gmt":"2024-06-21T16:11:45","guid":{"rendered":"https:\/\/www.muenster.org\/onceagain\/?page_id=100"},"modified":"2025-08-19T14:33:41","modified_gmt":"2025-08-19T12:33:41","slug":"begleitung","status":"publish","type":"page","link":"https:\/\/www.muenster.org\/onceagain\/begleitung\/","title":{"rendered":"Begleitung"},"content":{"rendered":"\n<h2 class=\"wp-block-heading\">Musikalische Begleitung<\/h2>\n\n\n\n<p>Wir sind froh, dass uns die Pianistin und K\u00fcnstlerin Andrea Ottenjann seit vielen Jahren begleitet.<\/p>\n\n\n\n<figure class=\"wp-block-image size-full\"><img loading=\"lazy\" decoding=\"async\" width=\"2377\" height=\"2560\" src=\"https:\/\/www.muenster.org\/onceagain\/wp-content\/uploads\/2024\/08\/ottenjann-andrea-portrait_2024-scaled.jpg\" alt=\"\" class=\"wp-image-507\" srcset=\"https:\/\/www.muenster.org\/onceagain\/wp-content\/uploads\/2024\/08\/ottenjann-andrea-portrait_2024-scaled.jpg 2377w, https:\/\/www.muenster.org\/onceagain\/wp-content\/uploads\/2024\/08\/ottenjann-andrea-portrait_2024-279x300.jpg 279w, https:\/\/www.muenster.org\/onceagain\/wp-content\/uploads\/2024\/08\/ottenjann-andrea-portrait_2024-951x1024.jpg 951w, https:\/\/www.muenster.org\/onceagain\/wp-content\/uploads\/2024\/08\/ottenjann-andrea-portrait_2024-768x827.jpg 768w, https:\/\/www.muenster.org\/onceagain\/wp-content\/uploads\/2024\/08\/ottenjann-andrea-portrait_2024-1426x1536.jpg 1426w, https:\/\/www.muenster.org\/onceagain\/wp-content\/uploads\/2024\/08\/ottenjann-andrea-portrait_2024-1902x2048.jpg 1902w\" sizes=\"auto, (max-width: 2377px) 100vw, 2377px\" \/><\/figure>\n\n\n\n<p><br>Ihr Spiel ist uns eine sehr gro\u00dfe Hilfe und bereichert die Proben und Konzerte.<br>Dadurch ist auch die Auswahl an St\u00fccken, die wir singen k\u00f6nnen, enorm gewachsen und reichhaltiger geworden.<\/p>\n\n\n\n<p>Falls Sie weitere Informationen zu Andrea Ottenjann w\u00fcnschen, besuchen Sie doch einfach mal Ihre eigene Homepage.<br>Dort erfahren Sie auch etwas zu Ihrer Berufung, der Malerei.<br>(<a href=\"https:\/\/ottenjann-muenster.de\/\">https:\/\/ottenjann-muenster.de\/<\/a>)<\/p>\n","protected":false},"excerpt":{"rendered":"<p>Musikalische Begleitung Wir sind froh, dass uns die Pianistin und K\u00fcnstlerin Andrea Ottenjann seit vielen Jahren begleitet. Ihr Spiel ist uns eine sehr gro\u00dfe Hilfe und bereichert die Proben und Konzerte.Dadurch ist auch die Auswahl an St\u00fccken, die wir singen k\u00f6nnen, enorm gewachsen und reichhaltiger geworden. Falls Sie weitere Informationen zu Andrea Ottenjann w\u00fcnschen, besuchen [&hellip;]<\/p>\n","protected":false},"author":1,"featured_media":0,"parent":0,"menu_order":0,"comment_status":"closed","ping_status":"closed","template":"","meta":{"footnotes":""},"class_list":["post-100","page","type-page","status-publish","hentry"],"_links":{"self":[{"href":"https:\/\/www.muenster.org\/onceagain\/wp-json\/wp\/v2\/pages\/100","targetHints":{"allow":["GET"]}}],"collection":[{"href":"https:\/\/www.muenster.org\/onceagain\/wp-json\/wp\/v2\/pages"}],"about":[{"href":"https:\/\/www.muenster.org\/onceagain\/wp-json\/wp\/v2\/types\/page"}],"author":[{"embeddable":true,"href":"https:\/\/www.muenster.org\/onceagain\/wp-json\/wp\/v2\/users\/1"}],"replies":[{"embeddable":true,"href":"https:\/\/www.muenster.org\/onceagain\/wp-json\/wp\/v2\/comments?post=100"}],"version-history":[{"count":2,"href":"https:\/\/www.muenster.org\/onceagain\/wp-json\/wp\/v2\/pages\/100\/revisions"}],"predecessor-version":[{"id":820,"href":"https:\/\/www.muenster.org\/onceagain\/wp-json\/wp\/v2\/pages\/100\/revisions\/820"}],"wp:attachment":[{"href":"https:\/\/www.muenster.org\/onceagain\/wp-json\/wp\/v2\/media?parent=100"}],"curies":[{"name":"wp","href":"https:\/\/api.w.org\/{rel}","templated":true}]}}