{"id":17,"date":"2021-09-10T16:02:14","date_gmt":"2021-09-10T14:02:14","guid":{"rendered":"https:\/\/www.muenster.org\/mandala\/?page_id=17"},"modified":"2022-03-07T11:47:13","modified_gmt":"2022-03-07T10:47:13","slug":"spenden","status":"publish","type":"page","link":"https:\/\/www.muenster.org\/mandala\/spenden","title":{"rendered":"Spenden"},"content":{"rendered":"\n<p>Wir freuen uns \u00fcber Ihre Spende.<\/p>\n\n\n\n<ul><li>20,00 Euro f\u00fcr eine Patenschaft eines Grundschulkindes<\/li><li>35,00 Euro f\u00fcr eine Patenschaft eines Kindes auf der weiterf\u00fchrenden Schule<\/li><li>50,00 Euro ist der Betrag f\u00fcr Studierende<\/li><\/ul>\n\n\n\n<p>Sie k\u00f6nnen mit Ihrer Patenschaft eine Basis schaffen, um die Zukunft junger Menschen und<br>die ihrer Familien zu sichern.<br><br><strong>Einzelspenden und regelm\u00e4\u00dfige Spenden<\/strong> werden f\u00fcr die Ausgaben f\u00fcr Schuluniform, B\u00fccher, Schreibmaterial, regelm\u00e4\u00dfiges Mittagessen in der Schule (oft ist es nur die einzige Mahlzeit am Tag), Unterhalt sowie Ausstattung und Erhalt der Schulgeb\u00e4ude verwandt.<\/p>\n\n\n\n<p>Aber wir unterst\u00fctzen durch Einzelspenden auch Frauen und Witwen mit ihren Kindern.<\/p>\n\n\n\n<p><strong>Spendenkonto<\/strong>:<\/p>\n\n\n\n<p>Empf\u00e4nger: Pfarrei Liebfrauen-\u00dcberwasser<br>IBAN: <strong>DE28 4006 0265 0002 6534 13<\/strong><br>Verwendungszweck: Indien<\/p>\n\n\n\n<p>Bitte geben Sie Ihren Namen und Adresse an, wenn Sie eine Spendenbescheinigung ben\u00f6tigen. <\/p>\n\n\n\n<p><\/p>\n\n\n\n<p>Wenn Sie an einer Patenschaft interessiert sind, schreiben Sie uns gerne eine E-Mail oder rufen Sie uns an. &lt;<a href=\"https:\/\/www.muenster.org\/mandala\/kontakt\/\">Kontakt<\/a>&gt;<\/p>\n","protected":false},"excerpt":{"rendered":"<p>Wir freuen uns \u00fcber Ihre Spende. 20,00 Euro f\u00fcr eine Patenschaft eines Grundschulkindes 35,00 Euro f\u00fcr eine Patenschaft eines Kindes auf der weiterf\u00fchrenden Schule 50,00 Euro ist der Betrag f\u00fcr Studierende Sie k\u00f6nnen mit Ihrer Patenschaft eine Basis schaffen, um die Zukunft junger Menschen unddie ihrer Familien zu sichern. Einzelspenden und regelm\u00e4\u00dfige Spenden werden f\u00fcr &hellip; <\/p>\n","protected":false},"author":2,"featured_media":0,"parent":0,"menu_order":0,"comment_status":"closed","ping_status":"closed","template":"","meta":[],"_links":{"self":[{"href":"https:\/\/www.muenster.org\/mandala\/wp-json\/wp\/v2\/pages\/17"}],"collection":[{"href":"https:\/\/www.muenster.org\/mandala\/wp-json\/wp\/v2\/pages"}],"about":[{"href":"https:\/\/www.muenster.org\/mandala\/wp-json\/wp\/v2\/types\/page"}],"author":[{"embeddable":true,"href":"https:\/\/www.muenster.org\/mandala\/wp-json\/wp\/v2\/users\/2"}],"replies":[{"embeddable":true,"href":"https:\/\/www.muenster.org\/mandala\/wp-json\/wp\/v2\/comments?post=17"}],"version-history":[{"count":6,"href":"https:\/\/www.muenster.org\/mandala\/wp-json\/wp\/v2\/pages\/17\/revisions"}],"predecessor-version":[{"id":284,"href":"https:\/\/www.muenster.org\/mandala\/wp-json\/wp\/v2\/pages\/17\/revisions\/284"}],"wp:attachment":[{"href":"https:\/\/www.muenster.org\/mandala\/wp-json\/wp\/v2\/media?parent=17"}],"curies":[{"name":"wp","href":"https:\/\/api.w.org\/{rel}","templated":true}]}}