{"id":1591,"date":"2021-05-26T23:07:44","date_gmt":"2021-05-26T21:07:44","guid":{"rendered":"https:\/\/www.muenster.org\/jaeb\/?page_id=1591"},"modified":"2023-09-27T14:02:10","modified_gmt":"2023-09-27T12:02:10","slug":"pressespiegel","status":"publish","type":"page","link":"https:\/\/www.muenster.org\/jaeb\/ueber-uns\/rueckblick\/pressespiegel\/","title":{"rendered":"Pressespiegel"},"content":{"rendered":"\n<p>Hier findet Ihr immer eine Auswahl der Pressestimmen zum JAEB. St\u00f6bert gerne in den Artikeln, dann gewinnt Ihr einen guten Eindruck \u00fcber den JAEB, unsere Arbeit (Interviews, Stellungnahmen, Aktionen) oder viel diskutierte Themen aus dem Bereich der Kindertagesbetreuung. (Aktueller Hinweis: Die Artikel 1 und 3 sind derzeit als +Artikel nur f\u00fcr WN-Abonnenten aufrufbar. Wir arbeiten daran. Eine weitere, sehr verbreitete Bezahlschranke verhindert, dass man mehr als drei Artikel lesen kann. Probiert in diesem Fall einfach mal den Inkognito-Modus oder das L\u00f6schen des Browser-Verlaufs mit Neuladen der Seite.)<\/p>\n\n\n\n<p><strong><a href=\"https:\/\/www.wn.de\/muenster\/kita-kinder-betreuung-zeiten-plaene-kritik-reaktionen-2821393?pid=true\">Reaktionen auf Pl\u00e4ne zur Reduzierung der Kita-Betreuungszeit<\/a><\/strong><\/p>\n\n\n\n<p><a href=\"https:\/\/www.wn.de\/muenster\/doch-keine-priorisierung-moglich-2515803?pid=true\" target=\"_blank\" rel=\"noreferrer noopener\">Kita-Navigator (12.01.2022 wn.de)<\/a><\/p>\n\n\n\n<p><a rel=\"noreferrer noopener\" href=\"https:\/\/www.wn.de\/muenster\/ann-christin-spatzier-als-vorsitzende-im-amt-bestatigt-2500589?pid=true\" target=\"_blank\">Jugendamtselternbeirat &#8222;Ann-Christin Spatzier al<\/a><a href=\"https:\/\/www.wn.de\/muenster\/ann-christin-spatzier-als-vorsitzende-im-amt-bestatigt-2500589?pid=true\" target=\"_blank\" rel=\"noreferrer noopener\">s<\/a><a rel=\"noreferrer noopener\" href=\"https:\/\/www.wn.de\/muenster\/ann-christin-spatzier-als-vorsitzende-im-amt-bestatigt-2500589?pid=true\" target=\"_blank\"> Vorsitzende im Amt best\u00e4tigt&#8220; (02.12.2021 wn.de)<\/a><\/p>\n\n\n\n<p><a href=\"https:\/\/www.wn.de\/muenster\/familien-atmen-jetzt-durch-1069205\" target=\"_blank\" rel=\"noreferrer noopener\">Ann-Christin Spatzier im Interview &#8211; Jugendamtselternbeirat &#8222;Familien atmen jetzt durch&#8220; (13.06.2021 wn.de)<\/a><\/p>\n\n\n\n<p><a href=\"https:\/\/www.wn.de\/muenster\/neuer-kita-navigator-startet-am-5-juli-1066224\" target=\"_blank\" rel=\"noreferrer noopener\">Kinderbetreuung in M\u00fcnster &#8222;Neuer Kita-Navigator startet am 5.Juli (11.06.2021 wn.de)<\/a><\/p>\n\n\n\n<p><a href=\"https:\/\/www.wn.de\/muenster\/tag-eins-der-neuen-massnahmen-in-schulen-und-kitas-778364\" target=\"_blank\" rel=\"noreferrer noopener\">Corona-Regeln &#8222;Tag eins der neuen Ma\u00dfnahmen in Schulen und Kitas&#8220; (14.12.2020 wn.de)<\/a><\/p>\n\n\n\n<p><a rel=\"noreferrer noopener\" href=\"https:\/\/www.wn.de\/Muenster\/Muenster\/4051573-Jugendamtselternbeirat-Meike-Thomalla-vertritt-Kita-Eltern\" target=\"_blank\">Jugendamtselternbeirat &#8222;Meike Thomalla vertritt Kita-Eltern&#8220; (02.12.2019 wn.de)<\/a><\/p>\n\n\n\n<p><a href=\"https:\/\/www.wn.de\/Muenster\/Muenster\/4007520-Schwierige-Stellen-Besetzung-Fachkraeftemangel-in-Kitas-Personaldecke-wird-duenner\" target=\"_blank\" rel=\"noreferrer noopener\">Schwierige Stellenbesetzung &#8222;Fachkr\u00e4ftemangel in Kitas: Personaldecke wird d\u00fcnner&#8220; (24.10.2019 wn.de)<\/a><\/p>\n\n\n\n<p><a href=\"https:\/\/www.wn.de\/Muenster\/Muenster\/3874569-Kita-Plaetze-Vergabeverfahren-ist-nicht-transparent\" target=\"_blank\" rel=\"noreferrer noopener\">Kita-Pl\u00e4tze &#8222;Vergabeverfahren ist nicht transparent&#8220; (13.07.2019 wn.de)<\/a><\/p>\n\n\n\n<p><a href=\"https:\/\/www.wn.de\/Muenster\/Muenster\/3778155-Elternfest-des-Jugendamtselternbeirat-Eine-Feier-als-Dankeschoen\" target=\"_blank\" rel=\"noreferrer noopener\">Elternfest des Jugendamtselternbeirat &#8222;Eine Feier als Dankesch\u00f6n&#8220; (15.05.2019 wn.de)<\/a><\/p>\n\n\n\n<p><a href=\"https:\/\/www.wn.de\/Muenster\/Muenster\/3645164-Kritik-am-neuen-Bezahlsystem-Kita-Verpflegung-Bistum-sieht-keine-Versaeumnisse\" target=\"_blank\" rel=\"noreferrer noopener\">Kritik am neuen Bezahlsystem &#8222;Kita-Verpflegung: Bistum sieht keine Vers\u00e4umnisse&#8220; (05.02.2019 wn.de)<\/a><\/p>\n\n\n\n<p><a href=\"https:\/\/www.wn.de\/Muenster\/Muenster\/3631498-Vorsitzender-des-Jugendamtselternbeirats-Jens-Taken-im-Interview-Zustaende-in-Muensters-Kitas-Das-ist-wirklich-krass\" target=\"_blank\" rel=\"noreferrer noopener\">Vorsitzender des Jugendamtselternbeirats Jens Taken im Interview &#8222;Zust\u00e4nde in M\u00fcnsters Kitas &#8211; Das ist wirklich krass&#8220; (26.01.2019 wn.de)<\/a><\/p>\n\n\n\n<p><a href=\"https:\/\/www.wn.de\/Muenster\/Muenster\/3611637-Zweites-beitragsfreies-Kita-Jahr-in-NRW-Land-will-Eltern-entlasten-die-Reaktionen-in-Muenster-auf-den-Plan\" target=\"_blank\" rel=\"noreferrer noopener\">Zweites beitragsfreies Kita-Jahr in NRW &#8222;Land will Eltern entlasten: die Reaktionen in M\u00fcnster auf den Plan&#8220; (10.01.2019 wn.de)<\/a><\/p>\n\n\n\n<p><a href=\"https:\/\/www.wn.de\/Muenster\/Muenster\/3605482-Personalsituation-in-Kitas-Angespannte-Betreuungslage-im-Stadtgebiet\" target=\"_blank\" rel=\"noreferrer noopener\">Personalsituation in Kitas &#8222;Angespannte Betreuungslage im Stadtgebiet&#8220; (05.01.2019 wn.de)<\/a><\/p>\n\n\n\n<p><a href=\"https:\/\/www.wn.de\/Muenster\/Muenster\/3560139-Wahl-des-Jugendamtselternbeirats-Mitreden-ueber-die-Kita\" data-type=\"URL\" data-id=\"https:\/\/www.wn.de\/Muenster\/Muenster\/3560139-Wahl-des-Jugendamtselternbeirats-Mitreden-ueber-die-Kita\" target=\"_blank\" rel=\"noreferrer noopener\">Wahl des Jugendamtselternbeirats &#8222;Mitreden \u00fcber die Kita&#8220; (24.11.2018 wn.de)<\/a><\/p>\n\n\n\n<p><a href=\"https:\/\/www.wn.de\/Muenster\/Muenster\/3444011-Die-Haelfte-des-Personals-ist-weg-Kita-Mariae-Himmelfahrt-in-Personal-Noeten\" target=\"_blank\" rel=\"noreferrer noopener\">Die H\u00e4lfte des Personals ist weg &#8222;Kita Mari\u00e4 Himmelfahrt in Personal-N\u00f6ten&#8220; (25.08.2018 wn.de)<\/a><\/p>\n\n\n\n<p><a rel=\"noreferrer noopener\" href=\"https:\/\/www.wn.de\/Muenster\/Muenster\/3208161-Forderungen-zur-Kitaplatzvergabe-Beirat-sieht-Eltern-verunsichert\" target=\"_blank\">Forderungen zur Kitaplatzvergabe &#8211; Beirat sieht Eltern verunsichert (06.03.2018 wn.de)<\/a><\/p>\n\n\n\n<p><a href=\"https:\/\/www.wn.de\/Muenster\/Muenster\/3055327-Beiraete-waehlen-Delegierte-und-Nachruecker-fuer-Jugendamtselternbeirat-Sprachrohr-der-Kita-Eltern\" target=\"_blank\" rel=\"noreferrer noopener\">Beir\u00e4te w\u00e4hlen Delegierte und Nachr\u00fccker f\u00fcr Jugendamtselternbeirat &#8222;Sprachrohr der Kita-Eltern&#8220; (14.11.2017 wn.de)<\/a><\/p>\n\n\n\n<p><a href=\"https:\/\/www.wn.de\/Muenster\/2015\/06\/2029778-Interview-zum-Kita-Streik-Drei-Fragen-an-Oliver-Elferich\" target=\"_blank\" rel=\"noreferrer noopener\">Interview zum Kita-Streik &#8222;Drei Fragen an: Oliver Elferich&#8220; (27.06.2015 wn.de)<\/a><\/p>\n\n\n\n<p><a href=\"https:\/\/www.wn.de\/Muenster\/2015\/05\/1989847-Streik-im-Erziehungsdienst-Knirpse-machen-Krach-fuer-ihre-Kitas\" target=\"_blank\" rel=\"noreferrer noopener\">Streik im Erziehungsdienst &#8222;Knirpse machen Krach f\u00fcr ihre Kitas&#8220; (27.05.2015 wn.de)<\/a><\/p>\n\n\n\n<p><a href=\"https:\/\/www.wn.de\/Muenster\/2014\/10\/1759947-Kleines-Buch-fuer-neue-Kita-Eltern-Zum-Wohle-des-Kindes\" target=\"_blank\" rel=\"noreferrer noopener\">Kleines Buch f\u00fcr neue Kita-Eltern &#8222;Zum Wohle des Kindes&#8220; (17.10.2014 wn.de)<\/a><\/p>\n\n\n\n<p><a href=\"https:\/\/www.wn.de\/Muenster\/2014\/04\/1531595-Offene-Ganztagsschule-Politik-trifft-Realitaet\" target=\"_blank\" rel=\"noreferrer noopener\">Offene Ganztagsschule &#8222;Politik trifft Realit\u00e4t&#8220; (09.04.2014 wn.de)<\/a><\/p>\n\n\n\n<p><a rel=\"noreferrer noopener\" href=\"https:\/\/www.wn.de\/Muenster\/2014\/02\/1447856-Umfrage-unter-Eltern-Wie-gut-ist-der-Kita-Navigator\" target=\"_blank\">Umfrage unter Eltern &#8222;Wie gut ist der Kita-Navigator&#8220; (13.02.2014 wn.de)<\/a><\/p>\n\n\n\n<p><a href=\"https:\/\/www.wn.de\/Muenster\/2012\/11\/Wahl-des-Jugendamtselternbeirats-Eltern-erhoffen-sich-mehr-Geld-und-Einfluss\" target=\"_blank\" rel=\"noreferrer noopener\">Wahl des Jugendamtselternbeirats &#8222;Eltern erhoffen sich mehr Geld und Einfluss&#8220; (05.11.2012 wn.de)<\/a><\/p>\n\n\n\n<p><a href=\"https:\/\/www.wn.de\/Muenster\/2011\/11\/Kita-tut-den-Kindern-gut-Der-neue-Jugendamtselternbeirat-fordert-mehr-und-flexiblere-Betreuung\" target=\"_blank\" rel=\"noreferrer noopener\">Kita tut den Kindern gut &#8222;Der neue Jugendamtselternbeirat fordert mehr und flexiblere Betreuung&#8220; (11.11.2011 wn.de)<\/a><\/p>\n\n\n\n<p><a href=\"https:\/\/www.wn.de\/Muenster\/2011\/12\/Oft-keine-Entlastung-fuer-Familien-Beitragsfreies-Kita-Jahr-Neuer-Jugendamtselternbeirat-kritisiert-Gebuehrenpraxis-der-Stadt\" target=\"_blank\" rel=\"noreferrer noopener\">Oft keine Entlastung f\u00fcr Familien &#8222;Beitragsfreies Kita-Jahr: Neuer Jugendamtselternbeirat kritisiert Geb\u00fchrenpraxis der Stadt&#8220; (7.12.2011 wn.de)<\/a>  <\/p>\n\n\n\n<p><a rel=\"noreferrer noopener\" href=\"https:\/\/www.wn.de\/Muenster\/2011\/11\/Mehr-Mitspracherecht-fuer-Kita-Eltern-Grosse-Beteiligung-an-der-Wahl-des-Jugendamtselternbeirates\" target=\"_blank\">Mehr Mitspracherecht f\u00fcr Kita-Eltern &#8222;Gro\u00dfe Beteiligung an der Wahl des Jugendamtselternbeirats&#8220; (10.11.2011 wn.de)<\/a><\/p>\n","protected":false},"excerpt":{"rendered":"<p>Hier findet Ihr immer eine Auswahl der Pressestimmen zum JAEB. St\u00f6bert gerne in den Artikeln, dann gewinnt Ihr einen guten Eindruck \u00fcber den JAEB, unsere Arbeit (Interviews, Stellungnahmen, Aktionen) oder [&hellip;]<\/p>\n","protected":false},"author":10,"featured_media":0,"parent":1162,"menu_order":0,"comment_status":"closed","ping_status":"closed","template":"","meta":{"zakra_page_container_layout":"customizer","zakra_page_sidebar_layout":"customizer","zakra_remove_content_margin":false,"zakra_sidebar":"customizer","zakra_transparent_header":"customizer","zakra_logo":0,"zakra_main_header_style":"default","zakra_menu_item_color":"","zakra_menu_item_hover_color":"","zakra_menu_item_active_color":"","zakra_menu_active_style":"","zakra_page_header":true,"footnotes":""},"class_list":["post-1591","page","type-page","status-publish","hentry"],"post_mailing_queue_ids":[],"_links":{"self":[{"href":"https:\/\/www.muenster.org\/jaeb\/wp-json\/wp\/v2\/pages\/1591","targetHints":{"allow":["GET"]}}],"collection":[{"href":"https:\/\/www.muenster.org\/jaeb\/wp-json\/wp\/v2\/pages"}],"about":[{"href":"https:\/\/www.muenster.org\/jaeb\/wp-json\/wp\/v2\/types\/page"}],"author":[{"embeddable":true,"href":"https:\/\/www.muenster.org\/jaeb\/wp-json\/wp\/v2\/users\/10"}],"replies":[{"embeddable":true,"href":"https:\/\/www.muenster.org\/jaeb\/wp-json\/wp\/v2\/comments?post=1591"}],"version-history":[{"count":39,"href":"https:\/\/www.muenster.org\/jaeb\/wp-json\/wp\/v2\/pages\/1591\/revisions"}],"predecessor-version":[{"id":2342,"href":"https:\/\/www.muenster.org\/jaeb\/wp-json\/wp\/v2\/pages\/1591\/revisions\/2342"}],"up":[{"embeddable":true,"href":"https:\/\/www.muenster.org\/jaeb\/wp-json\/wp\/v2\/pages\/1162"}],"wp:attachment":[{"href":"https:\/\/www.muenster.org\/jaeb\/wp-json\/wp\/v2\/media?parent=1591"}],"curies":[{"name":"wp","href":"https:\/\/api.w.org\/{rel}","templated":true}]}}

<p>Hier findet Ihr immer eine Auswahl der Pressestimmen zum JAEB. Stöbert gerne in den Artikeln, dann gewinnt Ihr einen guten Eindruck über den JAEB, unsere Arbeit (Interviews, Stellungnahmen, Aktionen) oder viel diskutierte Themen aus dem Bereich der Kindertagesbetreuung. (Aktueller Hinweis: Die Artikel 1 und 3 sind derzeit als +Artikel nur für WN-Abonnenten aufrufbar. Wir arbeiten daran. Eine weitere, sehr verbreitete Bezahlschranke verhindert, dass man mehr als drei Artikel lesen kann. Probiert in diesem Fall einfach mal den Inkognito-Modus oder das Löschen des Browser-Verlaufs mit Neuladen der Seite.)</p>



<p><strong><a href="https://www.wn.de/muenster/kita-kinder-betreuung-zeiten-plaene-kritik-reaktionen-2821393?pid=true">Reaktionen auf Pläne zur Reduzierung der Kita-Betreuungszeit</a></strong></p>



<p><a href="https://www.wn.de/muenster/doch-keine-priorisierung-moglich-2515803?pid=true" target="_blank" rel="noreferrer noopener">Kita-Navigator (12.01.2022 wn.de)</a></p>



<p><a rel="noreferrer noopener" href="https://www.wn.de/muenster/ann-christin-spatzier-als-vorsitzende-im-amt-bestatigt-2500589?pid=true" target="_blank">Jugendamtselternbeirat &#8222;Ann-Christin Spatzier al</a><a href="https://www.wn.de/muenster/ann-christin-spatzier-als-vorsitzende-im-amt-bestatigt-2500589?pid=true" target="_blank" rel="noreferrer noopener">s</a><a rel="noreferrer noopener" href="https://www.wn.de/muenster/ann-christin-spatzier-als-vorsitzende-im-amt-bestatigt-2500589?pid=true" target="_blank"> Vorsitzende im Amt bestätigt&#8220; (02.12.2021 wn.de)</a></p>



<p><a href="https://www.wn.de/muenster/familien-atmen-jetzt-durch-1069205" target="_blank" rel="noreferrer noopener">Ann-Christin Spatzier im Interview &#8211; Jugendamtselternbeirat &#8222;Familien atmen jetzt durch&#8220; (13.06.2021 wn.de)</a></p>



<p><a href="https://www.wn.de/muenster/neuer-kita-navigator-startet-am-5-juli-1066224" target="_blank" rel="noreferrer noopener">Kinderbetreuung in Münster &#8222;Neuer Kita-Navigator startet am 5.Juli (11.06.2021 wn.de)</a></p>



<p><a href="https://www.wn.de/muenster/tag-eins-der-neuen-massnahmen-in-schulen-und-kitas-778364" target="_blank" rel="noreferrer noopener">Corona-Regeln &#8222;Tag eins der neuen Maßnahmen in Schulen und Kitas&#8220; (14.12.2020 wn.de)</a></p>



<p><a rel="noreferrer noopener" href="https://www.wn.de/Muenster/Muenster/4051573-Jugendamtselternbeirat-Meike-Thomalla-vertritt-Kita-Eltern" target="_blank">Jugendamtselternbeirat &#8222;Meike Thomalla vertritt Kita-Eltern&#8220; (02.12.2019 wn.de)</a></p>



<p><a href="https://www.wn.de/Muenster/Muenster/4007520-Schwierige-Stellen-Besetzung-Fachkraeftemangel-in-Kitas-Personaldecke-wird-duenner" target="_blank" rel="noreferrer noopener">Schwierige Stellenbesetzung &#8222;Fachkräftemangel in Kitas: Personaldecke wird dünner&#8220; (24.10.2019 wn.de)</a></p>



<p><a href="https://www.wn.de/Muenster/Muenster/3874569-Kita-Plaetze-Vergabeverfahren-ist-nicht-transparent" target="_blank" rel="noreferrer noopener">Kita-Plätze &#8222;Vergabeverfahren ist nicht transparent&#8220; (13.07.2019 wn.de)</a></p>



<p><a href="https://www.wn.de/Muenster/Muenster/3778155-Elternfest-des-Jugendamtselternbeirat-Eine-Feier-als-Dankeschoen" target="_blank" rel="noreferrer noopener">Elternfest des Jugendamtselternbeirat &#8222;Eine Feier als Dankeschön&#8220; (15.05.2019 wn.de)</a></p>



<p><a href="https://www.wn.de/Muenster/Muenster/3645164-Kritik-am-neuen-Bezahlsystem-Kita-Verpflegung-Bistum-sieht-keine-Versaeumnisse" target="_blank" rel="noreferrer noopener">Kritik am neuen Bezahlsystem &#8222;Kita-Verpflegung: Bistum sieht keine Versäumnisse&#8220; (05.02.2019 wn.de)</a></p>



<p><a href="https://www.wn.de/Muenster/Muenster/3631498-Vorsitzender-des-Jugendamtselternbeirats-Jens-Taken-im-Interview-Zustaende-in-Muensters-Kitas-Das-ist-wirklich-krass" target="_blank" rel="noreferrer noopener">Vorsitzender des Jugendamtselternbeirats Jens Taken im Interview &#8222;Zustände in Münsters Kitas &#8211; Das ist wirklich krass&#8220; (26.01.2019 wn.de)</a></p>



<p><a href="https://www.wn.de/Muenster/Muenster/3611637-Zweites-beitragsfreies-Kita-Jahr-in-NRW-Land-will-Eltern-entlasten-die-Reaktionen-in-Muenster-auf-den-Plan" target="_blank" rel="noreferrer noopener">Zweites beitragsfreies Kita-Jahr in NRW &#8222;Land will Eltern entlasten: die Reaktionen in Münster auf den Plan&#8220; (10.01.2019 wn.de)</a></p>



<p><a href="https://www.wn.de/Muenster/Muenster/3605482-Personalsituation-in-Kitas-Angespannte-Betreuungslage-im-Stadtgebiet" target="_blank" rel="noreferrer noopener">Personalsituation in Kitas &#8222;Angespannte Betreuungslage im Stadtgebiet&#8220; (05.01.2019 wn.de)</a></p>



<p><a href="https://www.wn.de/Muenster/Muenster/3560139-Wahl-des-Jugendamtselternbeirats-Mitreden-ueber-die-Kita" data-type="URL" data-id="https://www.wn.de/Muenster/Muenster/3560139-Wahl-des-Jugendamtselternbeirats-Mitreden-ueber-die-Kita" target="_blank" rel="noreferrer noopener">Wahl des Jugendamtselternbeirats &#8222;Mitreden über die Kita&#8220; (24.11.2018 wn.de)</a></p>



<p><a href="https://www.wn.de/Muenster/Muenster/3444011-Die-Haelfte-des-Personals-ist-weg-Kita-Mariae-Himmelfahrt-in-Personal-Noeten" target="_blank" rel="noreferrer noopener">Die Hälfte des Personals ist weg &#8222;Kita Mariä Himmelfahrt in Personal-Nöten&#8220; (25.08.2018 wn.de)</a></p>



<p><a rel="noreferrer noopener" href="https://www.wn.de/Muenster/Muenster/3208161-Forderungen-zur-Kitaplatzvergabe-Beirat-sieht-Eltern-verunsichert" target="_blank">Forderungen zur Kitaplatzvergabe &#8211; Beirat sieht Eltern verunsichert (06.03.2018 wn.de)</a></p>



<p><a href="https://www.wn.de/Muenster/Muenster/3055327-Beiraete-waehlen-Delegierte-und-Nachruecker-fuer-Jugendamtselternbeirat-Sprachrohr-der-Kita-Eltern" target="_blank" rel="noreferrer noopener">Beiräte wählen Delegierte und Nachrücker für Jugendamtselternbeirat &#8222;Sprachrohr der Kita-Eltern&#8220; (14.11.2017 wn.de)</a></p>



<p><a href="https://www.wn.de/Muenster/2015/06/2029778-Interview-zum-Kita-Streik-Drei-Fragen-an-Oliver-Elferich" target="_blank" rel="noreferrer noopener">Interview zum Kita-Streik &#8222;Drei Fragen an: Oliver Elferich&#8220; (27.06.2015 wn.de)</a></p>



<p><a href="https://www.wn.de/Muenster/2015/05/1989847-Streik-im-Erziehungsdienst-Knirpse-machen-Krach-fuer-ihre-Kitas" target="_blank" rel="noreferrer noopener">Streik im Erziehungsdienst &#8222;Knirpse machen Krach für ihre Kitas&#8220; (27.05.2015 wn.de)</a></p>



<p><a href="https://www.wn.de/Muenster/2014/10/1759947-Kleines-Buch-fuer-neue-Kita-Eltern-Zum-Wohle-des-Kindes" target="_blank" rel="noreferrer noopener">Kleines Buch für neue Kita-Eltern &#8222;Zum Wohle des Kindes&#8220; (17.10.2014 wn.de)</a></p>



<p><a href="https://www.wn.de/Muenster/2014/04/1531595-Offene-Ganztagsschule-Politik-trifft-Realitaet" target="_blank" rel="noreferrer noopener">Offene Ganztagsschule &#8222;Politik trifft Realität&#8220; (09.04.2014 wn.de)</a></p>



<p><a rel="noreferrer noopener" href="https://www.wn.de/Muenster/2014/02/1447856-Umfrage-unter-Eltern-Wie-gut-ist-der-Kita-Navigator" target="_blank">Umfrage unter Eltern &#8222;Wie gut ist der Kita-Navigator&#8220; (13.02.2014 wn.de)</a></p>



<p><a href="https://www.wn.de/Muenster/2012/11/Wahl-des-Jugendamtselternbeirats-Eltern-erhoffen-sich-mehr-Geld-und-Einfluss" target="_blank" rel="noreferrer noopener">Wahl des Jugendamtselternbeirats &#8222;Eltern erhoffen sich mehr Geld und Einfluss&#8220; (05.11.2012 wn.de)</a></p>



<p><a href="https://www.wn.de/Muenster/2011/11/Kita-tut-den-Kindern-gut-Der-neue-Jugendamtselternbeirat-fordert-mehr-und-flexiblere-Betreuung" target="_blank" rel="noreferrer noopener">Kita tut den Kindern gut &#8222;Der neue Jugendamtselternbeirat fordert mehr und flexiblere Betreuung&#8220; (11.11.2011 wn.de)</a></p>



<p><a href="https://www.wn.de/Muenster/2011/12/Oft-keine-Entlastung-fuer-Familien-Beitragsfreies-Kita-Jahr-Neuer-Jugendamtselternbeirat-kritisiert-Gebuehrenpraxis-der-Stadt" target="_blank" rel="noreferrer noopener">Oft keine Entlastung für Familien &#8222;Beitragsfreies Kita-Jahr: Neuer Jugendamtselternbeirat kritisiert Gebührenpraxis der Stadt&#8220; (7.12.2011 wn.de)</a>  </p>



<p><a rel="noreferrer noopener" href="https://www.wn.de/Muenster/2011/11/Mehr-Mitspracherecht-fuer-Kita-Eltern-Grosse-Beteiligung-an-der-Wahl-des-Jugendamtselternbeirates" target="_blank">Mehr Mitspracherecht für Kita-Eltern &#8222;Große Beteiligung an der Wahl des Jugendamtselternbeirats&#8220; (10.11.2011 wn.de)</a></p>

<p>Hier findet Ihr immer eine Auswahl der Pressestimmen zum JAEB. Stöbert gerne in den Artikeln, dann gewinnt Ihr einen guten Eindruck über den JAEB, unsere Arbeit (Interviews, Stellungnahmen, Aktionen) oder [&hellip;]</p>
