{"id":1562,"date":"2021-05-26T18:47:10","date_gmt":"2021-05-26T16:47:10","guid":{"rendered":"https:\/\/www.muenster.org\/jaeb\/?page_id=1562"},"modified":"2021-09-27T11:41:55","modified_gmt":"2021-09-27T09:41:55","slug":"landeselternbeirat","status":"publish","type":"page","link":"https:\/\/www.muenster.org\/jaeb\/ueber-uns\/gremien\/landeselternbeirat\/","title":{"rendered":"Landeselternbeirat"},"content":{"rendered":"\n<h2 class=\"has-vivid-cyan-blue-color has-text-color has-medium-font-size wp-block-heading\">Was ist der LEB?<\/h2>\n\n\n\n<blockquote class=\"wp-block-quote is-layout-flow wp-block-quote-is-layout-flow\"><p>Der Landeselternbeirat ist die im Kinderbildungsgesetz Nordrhein-Westfalen (KiBiz) verankerte gesetzliche Vertretung aller Eltern, deren Kinder eine Kita oder Kindertagespflegeeinrichtung&nbsp; in NRW besuchen.<\/p><cite><a rel=\"noreferrer noopener\" href=\"https:\/\/www.lebnrw.de\/\" target=\"_blank\">LEB &#8211; Landeselternbeirat der Kindertageseinrichtungen in Nordrhein-Westfalen e.V.<\/a><\/cite><\/blockquote>\n\n\n\n<p>Der LEB NRW ist genauso \u00fcberparteilich und unabh\u00e4ngig wie die JAEB auf Ortsebene. Seine Mitglieder arbeiten ehrenamtlich. Der LEB hat sich mittlerweile als eingetragener Verein mit Sitz in D\u00fcsseldorf organisiert und hat damit eine eigene Rechtspers\u00f6nlichkeit.<\/p>\n\n\n\n<h2 class=\"has-vivid-cyan-blue-color has-text-color has-medium-font-size wp-block-heading\">Wer geh\u00f6rt zum LEB?<\/h2>\n\n\n\n<p>Jeder JAEB in Nordrhein-Westfalen kann eine Delegierte\/einen Delegierten in den LEB entsenden. Die Vollversammlung dieser Delegierten w\u00e4hlt dann bis zum 30. November eines jeden Jahres 15 Mitglieder aus ihrer Mitte, die den aktiven LEB im engeren Sinne bilden und ihrerseits einen Vorstand w\u00e4hlen. <\/p>\n\n\n\n<h2 class=\"has-vivid-cyan-blue-color has-text-color has-medium-font-size wp-block-heading\">Was tut der LEB?<\/h2>\n\n\n\n<p>Der Landeselternbeirat ist praktisch die Elternlobby auf Landesebene, die Arbeit eher politisch gepr\u00e4gt. Er nimmt an den Sitzungen der Aussch\u00fcsse der beiden Landschaftsverb\u00e4nde teil (<a rel=\"noreferrer noopener\" href=\"https:\/\/www.lvr.de\/de\/nav_main\/jugend_2\/lpjugend.jsp\" target=\"_blank\">LVR<\/a> in K\u00f6ln &#8211; <a rel=\"noreferrer noopener\" href=\"https:\/\/jugend-und-schule.lwl.org\/de\/\" target=\"_blank\">LWL<\/a> in M\u00fcnster), wo jeweils ein Landesjugendamt mit \u00fcbergeordneten Aufgaben in der Landesjugendhilfe angesiedelt ist. Er pflegt guten Kontakt zum Ministerium und den Parteien sowie zahlreichen Landesspitzenverb\u00e4nden (kommunale, Wohlfahrt, Kirchen), die nat\u00fcrlich in D\u00fcsseldorf versuchen, auf die Landespolitik im Sinne ihrer Verbandsinteressen Einfluss zu nehmen. Der LEB bearbeitet aber auch konkrete Anfragen der Eltern, vernetzt die JAEB und gibt diesen Arbeitshilfen an die Hand. Absolut empfehlenswert ist hier das Handbuch f\u00fcr Elternbeir\u00e4te.<\/p>\n\n\n\n<div class=\"wp-block-buttons is-layout-flex wp-block-buttons-is-layout-flex\">\n<div class=\"wp-block-button\"><a class=\"wp-block-button__link has-white-color has-vivid-cyan-blue-background-color has-text-color has-background\" href=\"https:\/\/www.muenster.org\/jaeb\/leb_handbuch-fu%cc%88r-elternbeira%cc%88te-2021\/\" style=\"border-radius:50px\" target=\"_blank\" rel=\"noreferrer noopener\">Handbuch f\u00fcr Elternbeir\u00e4te als pdf<\/a><\/div>\n<\/div>\n\n\n\n<div style=\"height:10px\" aria-hidden=\"true\" class=\"wp-block-spacer\"><\/div>\n\n\n\n<p>Der Beirat trifft sich in der Regel in D\u00fcsseldorf am Sitz des Ministeriums, versammelt sich aber auch hin und wieder an anderen Orten, um den Delegierten &#8222;entgegenzukommen&#8220;. Zum Beispiel in M\u00fcnster im Landeshaus des LWL. F\u00fcr die Delegierten bedeutet das einen gewissen Aufwand, der aber auch entsch\u00e4digt wird.<\/p>\n\n\n\n<h2 class=\"has-vivid-cyan-blue-color has-text-color has-medium-font-size wp-block-heading\">Was tun wir im LEB?<\/h2>\n\n\n\n<p>Der JAEB M\u00fcnster ist seit der konstituierenden Sitzung im Jahr 2012, die er auch konstruktiv mitgestaltet hat, aktives Mitglied im LEB. Er folgt damit der langen Tradition des Stadtelternrats, der seinerzeit im Vorstand des Landeselternrats t\u00e4tig war. Die hiesigen JAEB Mitglieder haben immer gro\u00dfes Engagement gezeigt und sich in zahlreichen Arbeitsgruppen des LEB eingebracht.<\/p>\n","protected":false},"excerpt":{"rendered":"<p>Was ist der LEB? Der Landeselternbeirat ist die im Kinderbildungsgesetz Nordrhein-Westfalen (KiBiz) verankerte gesetzliche Vertretung aller Eltern, deren Kinder eine Kita oder Kindertagespflegeeinrichtung&nbsp; in NRW besuchen. LEB &#8211; Landeselternbeirat der [&hellip;]<\/p>\n","protected":false},"author":10,"featured_media":0,"parent":400,"menu_order":0,"comment_status":"closed","ping_status":"closed","template":"","meta":{"zakra_page_container_layout":"customizer","zakra_page_sidebar_layout":"customizer","zakra_remove_content_margin":false,"zakra_sidebar":"customizer","zakra_transparent_header":"customizer","zakra_logo":0,"zakra_main_header_style":"default","zakra_menu_item_color":"","zakra_menu_item_hover_color":"","zakra_menu_item_active_color":"","zakra_menu_active_style":"","zakra_page_header":true,"footnotes":""},"class_list":["post-1562","page","type-page","status-publish","hentry"],"post_mailing_queue_ids":[],"_links":{"self":[{"href":"https:\/\/www.muenster.org\/jaeb\/wp-json\/wp\/v2\/pages\/1562","targetHints":{"allow":["GET"]}}],"collection":[{"href":"https:\/\/www.muenster.org\/jaeb\/wp-json\/wp\/v2\/pages"}],"about":[{"href":"https:\/\/www.muenster.org\/jaeb\/wp-json\/wp\/v2\/types\/page"}],"author":[{"embeddable":true,"href":"https:\/\/www.muenster.org\/jaeb\/wp-json\/wp\/v2\/users\/10"}],"replies":[{"embeddable":true,"href":"https:\/\/www.muenster.org\/jaeb\/wp-json\/wp\/v2\/comments?post=1562"}],"version-history":[{"count":12,"href":"https:\/\/www.muenster.org\/jaeb\/wp-json\/wp\/v2\/pages\/1562\/revisions"}],"predecessor-version":[{"id":1971,"href":"https:\/\/www.muenster.org\/jaeb\/wp-json\/wp\/v2\/pages\/1562\/revisions\/1971"}],"up":[{"embeddable":true,"href":"https:\/\/www.muenster.org\/jaeb\/wp-json\/wp\/v2\/pages\/400"}],"wp:attachment":[{"href":"https:\/\/www.muenster.org\/jaeb\/wp-json\/wp\/v2\/media?parent=1562"}],"curies":[{"name":"wp","href":"https:\/\/api.w.org\/{rel}","templated":true}]}}

<h2 class="has-vivid-cyan-blue-color has-text-color has-medium-font-size wp-block-heading">Was ist der LEB?</h2>



<blockquote class="wp-block-quote is-layout-flow wp-block-quote-is-layout-flow"><p>Der Landeselternbeirat ist die im Kinderbildungsgesetz Nordrhein-Westfalen (KiBiz) verankerte gesetzliche Vertretung aller Eltern, deren Kinder eine Kita oder Kindertagespflegeeinrichtung&nbsp; in NRW besuchen.</p><cite><a rel="noreferrer noopener" href="https://www.lebnrw.de/" target="_blank">LEB &#8211; Landeselternbeirat der Kindertageseinrichtungen in Nordrhein-Westfalen e.V.</a></cite></blockquote>



<p>Der LEB NRW ist genauso überparteilich und unabhängig wie die JAEB auf Ortsebene. Seine Mitglieder arbeiten ehrenamtlich. Der LEB hat sich mittlerweile als eingetragener Verein mit Sitz in Düsseldorf organisiert und hat damit eine eigene Rechtspersönlichkeit.</p>



<h2 class="has-vivid-cyan-blue-color has-text-color has-medium-font-size wp-block-heading">Wer gehört zum LEB?</h2>



<p>Jeder JAEB in Nordrhein-Westfalen kann eine Delegierte/einen Delegierten in den LEB entsenden. Die Vollversammlung dieser Delegierten wählt dann bis zum 30. November eines jeden Jahres 15 Mitglieder aus ihrer Mitte, die den aktiven LEB im engeren Sinne bilden und ihrerseits einen Vorstand wählen. </p>



<h2 class="has-vivid-cyan-blue-color has-text-color has-medium-font-size wp-block-heading">Was tut der LEB?</h2>



<p>Der Landeselternbeirat ist praktisch die Elternlobby auf Landesebene, die Arbeit eher politisch geprägt. Er nimmt an den Sitzungen der Ausschüsse der beiden Landschaftsverbände teil (<a rel="noreferrer noopener" href="https://www.lvr.de/de/nav_main/jugend_2/lpjugend.jsp" target="_blank">LVR</a> in Köln &#8211; <a rel="noreferrer noopener" href="https://jugend-und-schule.lwl.org/de/" target="_blank">LWL</a> in Münster), wo jeweils ein Landesjugendamt mit übergeordneten Aufgaben in der Landesjugendhilfe angesiedelt ist. Er pflegt guten Kontakt zum Ministerium und den Parteien sowie zahlreichen Landesspitzenverbänden (kommunale, Wohlfahrt, Kirchen), die natürlich in Düsseldorf versuchen, auf die Landespolitik im Sinne ihrer Verbandsinteressen Einfluss zu nehmen. Der LEB bearbeitet aber auch konkrete Anfragen der Eltern, vernetzt die JAEB und gibt diesen Arbeitshilfen an die Hand. Absolut empfehlenswert ist hier das Handbuch für Elternbeiräte.</p>



<div class="wp-block-buttons is-layout-flex wp-block-buttons-is-layout-flex">
<div class="wp-block-button"><a class="wp-block-button__link has-white-color has-vivid-cyan-blue-background-color has-text-color has-background" href="https://www.muenster.org/jaeb/leb_handbuch-fu%cc%88r-elternbeira%cc%88te-2021/" style="border-radius:50px" target="_blank" rel="noreferrer noopener">Handbuch für Elternbeiräte als pdf</a></div>
</div>



<div style="height:10px" aria-hidden="true" class="wp-block-spacer"></div>



<p>Der Beirat trifft sich in der Regel in Düsseldorf am Sitz des Ministeriums, versammelt sich aber auch hin und wieder an anderen Orten, um den Delegierten &#8222;entgegenzukommen&#8220;. Zum Beispiel in Münster im Landeshaus des LWL. Für die Delegierten bedeutet das einen gewissen Aufwand, der aber auch entschädigt wird.</p>



<h2 class="has-vivid-cyan-blue-color has-text-color has-medium-font-size wp-block-heading">Was tun wir im LEB?</h2>



<p>Der JAEB Münster ist seit der konstituierenden Sitzung im Jahr 2012, die er auch konstruktiv mitgestaltet hat, aktives Mitglied im LEB. Er folgt damit der langen Tradition des Stadtelternrats, der seinerzeit im Vorstand des Landeselternrats tätig war. Die hiesigen JAEB Mitglieder haben immer großes Engagement gezeigt und sich in zahlreichen Arbeitsgruppen des LEB eingebracht.</p>
