{"id":1559,"date":"2021-05-26T18:44:29","date_gmt":"2021-05-26T16:44:29","guid":{"rendered":"https:\/\/www.muenster.org\/jaeb\/?page_id=1559"},"modified":"2021-05-30T17:26:13","modified_gmt":"2021-05-30T15:26:13","slug":"ag-art","status":"publish","type":"page","link":"https:\/\/www.muenster.org\/jaeb\/ueber-uns\/gremien\/ag-art\/","title":{"rendered":"AG ART"},"content":{"rendered":"\n<h2 class=\"has-vivid-cyan-blue-color has-text-color has-medium-font-size wp-block-heading\">Was ist die AG ART?<\/h2>\n\n\n\n<p>Bei der Stadt M\u00fcnster wurde im Rahmen der Ausbildungs- und Qualit\u00e4tsoffensive f\u00fcr Fachkr\u00e4fte in der Kindertagesbetreuung die Arbeitsgemeinschaft &#8222;Ausbildungsoffensive Runder Tisch&#8220; (kurz AG ART) gebildet, um dem zunehmenden Fachkr\u00e4ftemangel und den damit zwangsl\u00e4ufig verbundenen Einbu\u00dfen bei der Betreuungsqualit\u00e4t zu begegnen.<\/p>\n\n\n\n<h2 class=\"has-vivid-cyan-blue-color has-text-color has-medium-font-size wp-block-heading\">Wer geh\u00f6rt zur AG ART?<\/h2>\n\n\n\n<p>An einem sogenannten Runden Tisch treffen sich unter der Federf\u00fchrung des Jugendamtes der Stadt M\u00fcnster die Vertreterinnen und Vertreter der hiesigen Fachschulen f\u00fcr Erziehungsberufe (Hildegardisschule, Anne-Frank-Berufskolleg) mit Kita-Leitungen und dem Dachverband der Elterninitiativen. Auch der JAEB ist seit l\u00e4ngerem an diesem Runden Tisch auf Empfehlung des Jugendamtes beteiligt.<\/p>\n\n\n\n<h2 class=\"has-vivid-cyan-blue-color has-text-color has-medium-font-size wp-block-heading\">Was tut die AG ART?<\/h2>\n\n\n\n<p>Die Arbeitsgemeinschaft entwickelt in Diskussionen Konzepte und Strategien im Hinblick auf den Fachkr\u00e4ftemangel. In den Blick genommen werden z.B. die Erweiterung der Ausbildungskapazit\u00e4ten (Fachkr\u00e4ftemangel gibt es \u00fcbrigens auch bei den Lehrkr\u00e4ften) oder die St\u00e4rkung der Praxisintegrierten Ausbildung PIA als lokale Handlungsstrategie. Hier besteht auch eine enge Verzahnung mit der AG 78. Es werden Praxisnachmittage und Veranstaltungen zur Berufsorientierung organisiert, um Zielgruppen f\u00fcr den Beruf der Erzieherin\/des Erziehers zu gewinnen. Mitunter halten hochrangige Experten Fachvortr\u00e4ge.<\/p>\n\n\n\n<h2 class=\"has-vivid-cyan-blue-color has-text-color has-medium-font-size wp-block-heading\">Was tun wir in der AG ART?<\/h2>\n\n\n\n<p>Der JAEB bringt unter dem Aspekt der Erziehungspartnerschaft in der Kindertagesbetreuung den Blickwinkel der Eltern in die Diskussionen ein. Dazu gab es auch bereits die Planung einer Fachveranstaltung &#8222;Wir machen gemeinsame Sache&#8220;.<\/p>\n","protected":false},"excerpt":{"rendered":"<p>Bei der Stadt M\u00fcnster wurde im Rahmen der Ausbildungs- und Qualit\u00e4tsoffensive f\u00fcr Fachkr\u00e4fte in der Kindertagesbetreuung die Arbeitsgemeinschaft &#8222;Ausbildungsoffensive Runder Tisch&#8220; (kurz AG ART) gebildet, um dem zunehmenden Fachkr\u00e4ftemangel und [&hellip;]<\/p>\n","protected":false},"author":10,"featured_media":0,"parent":400,"menu_order":-3,"comment_status":"closed","ping_status":"closed","template":"","meta":{"zakra_page_container_layout":"customizer","zakra_page_sidebar_layout":"customizer","zakra_remove_content_margin":false,"zakra_sidebar":"customizer","zakra_transparent_header":"customizer","zakra_logo":0,"zakra_main_header_style":"default","zakra_menu_item_color":"","zakra_menu_item_hover_color":"","zakra_menu_item_active_color":"","zakra_menu_active_style":"","zakra_page_header":true,"footnotes":""},"class_list":["post-1559","page","type-page","status-publish","hentry"],"post_mailing_queue_ids":[],"_links":{"self":[{"href":"https:\/\/www.muenster.org\/jaeb\/wp-json\/wp\/v2\/pages\/1559","targetHints":{"allow":["GET"]}}],"collection":[{"href":"https:\/\/www.muenster.org\/jaeb\/wp-json\/wp\/v2\/pages"}],"about":[{"href":"https:\/\/www.muenster.org\/jaeb\/wp-json\/wp\/v2\/types\/page"}],"author":[{"embeddable":true,"href":"https:\/\/www.muenster.org\/jaeb\/wp-json\/wp\/v2\/users\/10"}],"replies":[{"embeddable":true,"href":"https:\/\/www.muenster.org\/jaeb\/wp-json\/wp\/v2\/comments?post=1559"}],"version-history":[{"count":7,"href":"https:\/\/www.muenster.org\/jaeb\/wp-json\/wp\/v2\/pages\/1559\/revisions"}],"predecessor-version":[{"id":1809,"href":"https:\/\/www.muenster.org\/jaeb\/wp-json\/wp\/v2\/pages\/1559\/revisions\/1809"}],"up":[{"embeddable":true,"href":"https:\/\/www.muenster.org\/jaeb\/wp-json\/wp\/v2\/pages\/400"}],"wp:attachment":[{"href":"https:\/\/www.muenster.org\/jaeb\/wp-json\/wp\/v2\/media?parent=1559"}],"curies":[{"name":"wp","href":"https:\/\/api.w.org\/{rel}","templated":true}]}}

<h2 class="has-vivid-cyan-blue-color has-text-color has-medium-font-size wp-block-heading">Was ist die AG ART?</h2>



<p>Bei der Stadt Münster wurde im Rahmen der Ausbildungs- und Qualitätsoffensive für Fachkräfte in der Kindertagesbetreuung die Arbeitsgemeinschaft &#8222;Ausbildungsoffensive Runder Tisch&#8220; (kurz AG ART) gebildet, um dem zunehmenden Fachkräftemangel und den damit zwangsläufig verbundenen Einbußen bei der Betreuungsqualität zu begegnen.</p>



<h2 class="has-vivid-cyan-blue-color has-text-color has-medium-font-size wp-block-heading">Wer gehört zur AG ART?</h2>



<p>An einem sogenannten Runden Tisch treffen sich unter der Federführung des Jugendamtes der Stadt Münster die Vertreterinnen und Vertreter der hiesigen Fachschulen für Erziehungsberufe (Hildegardisschule, Anne-Frank-Berufskolleg) mit Kita-Leitungen und dem Dachverband der Elterninitiativen. Auch der JAEB ist seit längerem an diesem Runden Tisch auf Empfehlung des Jugendamtes beteiligt.</p>



<h2 class="has-vivid-cyan-blue-color has-text-color has-medium-font-size wp-block-heading">Was tut die AG ART?</h2>



<p>Die Arbeitsgemeinschaft entwickelt in Diskussionen Konzepte und Strategien im Hinblick auf den Fachkräftemangel. In den Blick genommen werden z.B. die Erweiterung der Ausbildungskapazitäten (Fachkräftemangel gibt es übrigens auch bei den Lehrkräften) oder die Stärkung der Praxisintegrierten Ausbildung PIA als lokale Handlungsstrategie. Hier besteht auch eine enge Verzahnung mit der AG 78. Es werden Praxisnachmittage und Veranstaltungen zur Berufsorientierung organisiert, um Zielgruppen für den Beruf der Erzieherin/des Erziehers zu gewinnen. Mitunter halten hochrangige Experten Fachvorträge.</p>



<h2 class="has-vivid-cyan-blue-color has-text-color has-medium-font-size wp-block-heading">Was tun wir in der AG ART?</h2>



<p>Der JAEB bringt unter dem Aspekt der Erziehungspartnerschaft in der Kindertagesbetreuung den Blickwinkel der Eltern in die Diskussionen ein. Dazu gab es auch bereits die Planung einer Fachveranstaltung &#8222;Wir machen gemeinsame Sache&#8220;.</p>

<p>Bei der Stadt Münster wurde im Rahmen der Ausbildungs- und Qualitätsoffensive für Fachkräfte in der Kindertagesbetreuung die Arbeitsgemeinschaft &#8222;Ausbildungsoffensive Runder Tisch&#8220; (kurz AG ART) gebildet, um dem zunehmenden Fachkräftemangel und [&hellip;]</p>
