{"id":114,"date":"2021-03-04T20:36:08","date_gmt":"2021-03-04T19:36:08","guid":{"rendered":"https:\/\/www.muenster.org\/jaeb\/?page_id=114"},"modified":"2021-05-29T22:18:01","modified_gmt":"2021-05-29T20:18:01","slug":"kurzdarstellung","status":"publish","type":"page","link":"https:\/\/www.muenster.org\/jaeb\/ueber-uns\/kurzdarstellung\/","title":{"rendered":"Wer wir sind"},"content":{"rendered":"\n<p>Der Jugendamtselternbeirat (JAEB) M\u00fcnster ist die Interessenvertretung der m\u00fcnsterischen Eltern, deren Kind(er) in einer Kindertageseinrichtung \u2013 also in einer KiTa, Elterninitiative oder auch bei Tageseltern &#8211; betreut wird\/werden. Der JAEB wird einmal j\u00e4hrlich bis zum 10. November aus den Reihen der Elternbeir\u00e4te der genannten Einrichtungen gew\u00e4hlt. Voraussetzung ist eine Wahlbeteiligung von 15%. Seit 2011 sieht \u00a7 11 Kinderbildungsgesetz (KiBiz) eine solche Form der Elternvertretung auf kommunaler Ebene vor.<\/p>\n\n\n\n<div style=\"height:20px\" aria-hidden=\"true\" class=\"wp-block-spacer\"><\/div>\n\n\n\n<div class=\"wp-block-buttons is-content-justification-left is-layout-flex wp-block-buttons-is-layout-flex\">\n<div class=\"wp-block-button\"><a class=\"wp-block-button__link has-white-color has-vivid-cyan-blue-background-color has-text-color has-background\" href=\"https:\/\/www.muenster.org\/jaeb\/wp-content\/uploads\/2021\/05\/Neues-KiBiz-ab-01.08.2020.pdf\" style=\"border-radius:50px\" target=\"_blank\" rel=\"noreferrer noopener\">KiBiz aktuell als PDF<\/a><\/div>\n<\/div>\n\n\n\n<div style=\"height:30px\" aria-hidden=\"true\" class=\"wp-block-spacer\"><\/div>\n\n\n\n<p>Seit Bestehen des ersten JAEB ist dieser in wichtigen Gremien der Stadt vertreten. So entsendet er unter anderem eine Vertreterin\/einen Vertreter in den Ausschuss f\u00fcr Kinder, Jugendliche und Familien (AKJF), in die AG 78 sowie in die AG ART. Daneben sind wir Mitglied im Familienforum, regelm\u00e4\u00dfig als Gespr\u00e4chspartner zu fachspezifischen Veranstaltungen geladen und haben interne Arbeitsgruppen, die besondere Themen abdecken. Die genannten Gremien sind wichtige Einrichtungen f\u00fcr die Mitwirkung in den wesentlichen Belangen rund um die Kindertagesbetreuung in unserer Stadt.<\/p>\n\n\n\n<p>Seit Gr\u00fcndung des JAEB freuen wir uns \u00fcber gro\u00dfe Akzeptanz. Sowohl in den einzelnen Gremien als auch insgesamt auf politischer Ebene, bei Parteien und Tr\u00e4gern ist der JAEB mittlerweile gern gesehener und geachteter Gespr\u00e4chspartner. Dazu tr\u00e4gt die Stadt auch finanziell durch ein festes j\u00e4hrliches Budget bei. Unsere Brosch\u00fcre \u201eHurra, ich bin jetzt in der Kita\u201c w\u00e4re ohne die entsprechende Unterst\u00fctzung nicht m\u00f6glich gewesen und sollte immer in der Kita erh\u00e4ltlich sein.<\/p>\n\n\n\n<div style=\"height:15px\" aria-hidden=\"true\" class=\"wp-block-spacer\"><\/div>\n\n\n\n<div class=\"wp-block-image\"><figure class=\"aligncenter size-large is-resized\"><img loading=\"lazy\" decoding=\"async\" src=\"https:\/\/www.muenster.org\/jaeb\/wp-content\/uploads\/2014\/10\/cover.jpg\" alt=\"\" class=\"wp-image-296\" width=\"203\" height=\"190\" srcset=\"https:\/\/www.muenster.org\/jaeb\/wp-content\/uploads\/2014\/10\/cover.jpg 405w, https:\/\/www.muenster.org\/jaeb\/wp-content\/uploads\/2014\/10\/cover-300x281.jpg 300w\" sizes=\"auto, (max-width: 203px) 100vw, 203px\" \/><figcaption>Buch-Cover von &#8222;Hurra, ich bin jetzt in der Kita!&#8220;<\/figcaption><\/figure><\/div>\n\n\n\n<p>Wesentlich f\u00fcr das Gelingen ist nat\u00fcrlich die ehrenamtliche Mitarbeit der Eltern. Wir freuen uns \u00fcber jedes Elternbeiratsmitglied, das unsere Arbeit unterst\u00fctzen will. Aber auch diejenigen Elternbeir\u00e4te, die sich nicht gleich zur Wahl des neuen JAEB stellen m\u00f6chten, sind gerne zur j\u00e4hrlichen Vollversammlung eingeladen. Es lohnt sich. <\/p>\n\n\n\n<p>Auf Landesebene beteiligen wir uns an der Vollversammlung aller JAEB in NRW, die allj\u00e4hrlich den Landeselternbeirat LEB NRW w\u00e4hlt, der wiederum die Kita-Eltern gegen\u00fcber dem Landesministerium repr\u00e4sentiert und dort Mitwirkungsm\u00f6glichkeiten hat.<\/p>\n\n\n\n<div style=\"height:15px\" aria-hidden=\"true\" class=\"wp-block-spacer\"><\/div>\n\n\n\n<div class=\"wp-block-image\"><figure class=\"aligncenter size-large is-resized\"><a href=\"https:\/\/www.lebnrw.de\/\" target=\"_blank\" rel=\"noopener\"><img loading=\"lazy\" decoding=\"async\" src=\"https:\/\/www.muenster.org\/jaeb\/wp-content\/uploads\/2021\/03\/Logo-LEB-NRW.png\" alt=\"\" class=\"wp-image-1169\" width=\"180\" height=\"50\" srcset=\"https:\/\/www.muenster.org\/jaeb\/wp-content\/uploads\/2021\/03\/Logo-LEB-NRW.png 359w, https:\/\/www.muenster.org\/jaeb\/wp-content\/uploads\/2021\/03\/Logo-LEB-NRW-300x84.png 300w\" sizes=\"auto, (max-width: 180px) 100vw, 180px\" \/><\/a><figcaption>zum LEB<\/figcaption><\/figure><\/div>\n\n\n\n<p>Der JAEB steht unabh\u00e4ngig und parteilos allen Kita-Eltern aller Tr\u00e4ger in grunds\u00e4tzlichen Angelegenheiten mit Rat und Tat zur Seite. Unsere Hauptaufgabe ist das Sammeln von Informationen und die Vernetzung der Eltern. Also teilt uns Eure Erfahrungen mit! Wir entwickeln gemeinsam L\u00f6sungsvorschl\u00e4ge und Stellungnahmen. Und k\u00f6nnen wir einmal nicht direkt helfen, kennen wir sicher den richtigen Ansprechpartner f\u00fcr das Anliegen. <\/p>\n\n\n\n<div class=\"wp-block-image\"><figure class=\"aligncenter size-large\"><a href=\"https:\/\/www.muenster.org\/jaeb\/kontakt\/\"><img loading=\"lazy\" decoding=\"async\" width=\"112\" height=\"164\" src=\"https:\/\/www.muenster.org\/jaeb\/wp-content\/uploads\/2021\/02\/Icon-JAEB-transparent.png\" alt=\"\" class=\"wp-image-44\"\/><\/a><figcaption>zum Kontaktformular<\/figcaption><\/figure><\/div>\n","protected":false},"excerpt":{"rendered":"<p>Der Jugendamtselternbeirat (JAEB) M\u00fcnster ist die Interessenvertretung der m\u00fcnsterischen Eltern, deren Kind(er) in einer Kindertageseinrichtung \u2013 also in einer KiTa, Elterninitiative oder auch bei Tageseltern &#8211; betreut wird\/werden. Der JAEB [&hellip;]<\/p>\n","protected":false},"author":10,"featured_media":0,"parent":1078,"menu_order":1,"comment_status":"closed","ping_status":"closed","template":"","meta":{"zakra_page_container_layout":"customizer","zakra_page_sidebar_layout":"customizer","zakra_remove_content_margin":false,"zakra_sidebar":"customizer","zakra_transparent_header":"customizer","zakra_logo":0,"zakra_main_header_style":"default","zakra_menu_item_color":"","zakra_menu_item_hover_color":"","zakra_menu_item_active_color":"","zakra_menu_active_style":"","zakra_page_header":true,"footnotes":""},"class_list":["post-114","page","type-page","status-publish","hentry"],"post_mailing_queue_ids":[],"_links":{"self":[{"href":"https:\/\/www.muenster.org\/jaeb\/wp-json\/wp\/v2\/pages\/114","targetHints":{"allow":["GET"]}}],"collection":[{"href":"https:\/\/www.muenster.org\/jaeb\/wp-json\/wp\/v2\/pages"}],"about":[{"href":"https:\/\/www.muenster.org\/jaeb\/wp-json\/wp\/v2\/types\/page"}],"author":[{"embeddable":true,"href":"https:\/\/www.muenster.org\/jaeb\/wp-json\/wp\/v2\/users\/10"}],"replies":[{"embeddable":true,"href":"https:\/\/www.muenster.org\/jaeb\/wp-json\/wp\/v2\/comments?post=114"}],"version-history":[{"count":31,"href":"https:\/\/www.muenster.org\/jaeb\/wp-json\/wp\/v2\/pages\/114\/revisions"}],"predecessor-version":[{"id":1763,"href":"https:\/\/www.muenster.org\/jaeb\/wp-json\/wp\/v2\/pages\/114\/revisions\/1763"}],"up":[{"embeddable":true,"href":"https:\/\/www.muenster.org\/jaeb\/wp-json\/wp\/v2\/pages\/1078"}],"wp:attachment":[{"href":"https:\/\/www.muenster.org\/jaeb\/wp-json\/wp\/v2\/media?parent=114"}],"curies":[{"name":"wp","href":"https:\/\/api.w.org\/{rel}","templated":true}]}}