{"id":130,"date":"2022-03-01T00:15:44","date_gmt":"2022-02-28T23:15:44","guid":{"rendered":"https:\/\/www.muenster.org\/iuw-ms\/?page_id=130"},"modified":"2026-02-23T16:48:31","modified_gmt":"2026-02-23T15:48:31","slug":"alternativen","status":"publish","type":"page","link":"https:\/\/www.muenster.org\/iuw-ms\/alternativen\/","title":{"rendered":"Alternativen"},"content":{"rendered":"\n<p>Wir haben die Anwohnerinnen und Anwohner der beiden Stra\u00dfen nach alternativen Namen gefragt und dabei folgende Ideen gesammelt:<\/p>\n\n\n\n<h2>Vogelnamen<\/h2>\n\n\n\n<p>Mit Bezug auf die benachbarten Stra\u00dfen im \u201eVogelviertel\u201c und teilweise auch verbunden mit dem Wunsch, nicht erneut Personen mit einem Stra\u00dfennamen zu ehren, wurden sehr h\u00e4ufig Vogelnamen vorgeschlagen: <strong>Waldkauzweg<\/strong> (die meisten Nennungen), <strong>Adlerweg<\/strong>, <strong>Blaumeisenweg<\/strong>, <strong>Buntspechtweg<\/strong>, <strong>Dohlenweg<\/strong>, <strong>Lerchenweg<\/strong>, <strong>Rotkehlchenweg<\/strong>, <strong>Spatzenweg<\/strong>, <strong>Steinkauzweg<\/strong>.<\/p>\n\n\n\n<p>Eine \u00dcbersicht \u00fcber weitere als Namensgeber infrage kommende einheimische Vogelarten sowie bereits vorhandene nach V\u00f6geln benannte Stra\u00dfen finden Sie <a href=\"https:\/\/www.muenster.org\/iuw-ms\/wp-content\/uploads\/2026\/02\/Vogel_Strassennamen.pdf\" target=\"_blank\" rel=\"noreferrer noopener\">hier<\/a>.<\/p>\n\n\n\n<div class=\"is-layout-constrained wp-block-group\"><div class=\"wp-block-group__inner-container\">\n<h2>Hugo Hertz<\/h2>\n\n\n\n<p>Mit Bezug auf die Geschichte der beiden Stra\u00dfen wurde mehrfach <strong>Hugo-Hertz-Weg<\/strong> vorgeschlagen. Hugo Hertz geh\u00f6rten die Grundst\u00fccke, auf denen in den 1930er-Jahren die ersten H\u00e4user auf den sp\u00e4teren Woermannweg und L\u00fcderitzweg gebaut wurden. Als Jude sah er sich aufgrund der rassistischen Verfolgung und Entrechtung durch das NS-Regime gezwungen, die Grundst\u00fccke zu verkaufen, um so die Auswanderung seiner Familie zu finanzieren. W\u00e4hrend einigen Familienmitgliedern die Flucht gelang, nahm sich Hugo Hertz am 24. Juni 1937 das Leben, um einer Verhaftung durch die Gestapo zu entgehen.<\/p>\n<\/div><\/div>\n\n\n<div class=\"wp-block-image is-style-default\">\n<figure class=\"aligncenter size-large is-resized\"><img decoding=\"async\" loading=\"lazy\" src=\"https:\/\/www.muenster.org\/iuw-ms\/wp-content\/uploads\/2022\/11\/Alternativen-768x1024.jpg\" alt=\"\" class=\"wp-image-382\" width=\"328\" height=\"441\"\/><figcaption class=\"wp-element-caption\">Flipchart vom Infostand am L\u00fcderitzweg. Weitere  Vorschl\u00e4ge wurden per Postkarte oder E-Mail eingereicht; Foto: privat<\/figcaption><\/figure><\/div>\n\n\n<h2>Weitere Vorschl\u00e4ge mit <strong>Bezug zur Natur und Umgebung<\/strong><\/h2>\n\n\n\n<p>Blumentalweg, Eichengrund, Eichh\u00f6rnchenweg, Fichtenweg, Hasenweg, Wildkrautweg, Zu den Eichen<\/p>\n\n\n\n<h2>Weitere Vorschl\u00e4ge nach <strong>Personen<\/strong><\/h2>\n\n\n\n<p>Berlepschweg (Hans-Freiherr von Berlepsch \u2013 Nestor des Vogelschutzes in Deutschland, Errichtung der ersten Vogelschutzwarte in Deutschland), Darwinweg, H\u00e4hnleweg (Lina H\u00e4hnle \u2013 NABU-Gr\u00fcnderin, Natur- und Vogelsch\u00fctzerin), Hermann-Scheer-Weg, Josef-G\u00f6ppel-Weg, Rudolf-Teschner-Weg (langj\u00e4hriger Bezirksvorsteher in M\u00fcnster-S\u00fcdost), Tilmann-Metzger-Weg<\/p>\n\n\n\n<h2>Vorschl\u00e4ge mit Bezug zur kolonialen Vergangenheit<\/h2>\n\n\n\n<p>Anna-Mungunda-Weg (<a href=\"https:\/\/de.wikipedia.org\/wiki\/Anna_Mungunda\" target=\"_blank\" rel=\"noreferrer noopener\">Anna Mungunda<\/a> war eine Aktivistin in der namibischen Unabh\u00e4ngigkeitsbewegung gegen die Besetzung des Landes durch S\u00fcdafrika.)<\/p>\n\n\n\n<h2>Sonstige Vorschl\u00e4ge<\/h2>\n\n\n\n<p>W\u00f6rmannweg, Leugnerweg, Heuckmannweg, Wolkenweg, Sonnenweg<\/p>\n\n\n\n<p><\/p>\n\n\n\n<p>Haben Sie auch Ideen, wie der Woermannweg und der L\u00fcderitzweg k\u00fcnftig hei\u00dfen k\u00f6nnten? Senden Sie uns gern Ihre konstruktiven Vorschl\u00e4ge an:<br><a href=\"mailto:iuw-ms@muenster.org\">iuw-ms@muenster.org<\/a><\/p>\n","protected":false},"excerpt":{"rendered":"<p>Wir haben die Anwohnerinnen und Anwohner der beiden Stra\u00dfen nach alternativen Namen gefragt und dabei folgende Ideen gesammelt: Vogelnamen Mit Bezug auf die benachbarten Stra\u00dfen im \u201eVogelviertel\u201c und teilweise auch verbunden mit dem Wunsch, nicht erneut Personen mit einem Stra\u00dfennamen &hellip; <a href=\"https:\/\/www.muenster.org\/iuw-ms\/alternativen\/\">Weiterlesen <span class=\"meta-nav\">&rarr;<\/span><\/a><\/p>\n","protected":false},"author":2,"featured_media":0,"parent":0,"menu_order":6,"comment_status":"closed","ping_status":"closed","template":"","meta":[],"_links":{"self":[{"href":"https:\/\/www.muenster.org\/iuw-ms\/wp-json\/wp\/v2\/pages\/130"}],"collection":[{"href":"https:\/\/www.muenster.org\/iuw-ms\/wp-json\/wp\/v2\/pages"}],"about":[{"href":"https:\/\/www.muenster.org\/iuw-ms\/wp-json\/wp\/v2\/types\/page"}],"author":[{"embeddable":true,"href":"https:\/\/www.muenster.org\/iuw-ms\/wp-json\/wp\/v2\/users\/2"}],"replies":[{"embeddable":true,"href":"https:\/\/www.muenster.org\/iuw-ms\/wp-json\/wp\/v2\/comments?post=130"}],"version-history":[{"count":8,"href":"https:\/\/www.muenster.org\/iuw-ms\/wp-json\/wp\/v2\/pages\/130\/revisions"}],"predecessor-version":[{"id":564,"href":"https:\/\/www.muenster.org\/iuw-ms\/wp-json\/wp\/v2\/pages\/130\/revisions\/564"}],"wp:attachment":[{"href":"https:\/\/www.muenster.org\/iuw-ms\/wp-json\/wp\/v2\/media?parent=130"}],"curies":[{"name":"wp","href":"https:\/\/api.w.org\/{rel}","templated":true}]}}

<p>Wir haben die Anwohnerinnen und Anwohner der beiden Straßen nach alternativen Namen gefragt und dabei folgende Ideen gesammelt:</p>



<h2>Vogelnamen</h2>



<p>Mit Bezug auf die benachbarten Straßen im „Vogelviertel“ und teilweise auch verbunden mit dem Wunsch, nicht erneut Personen mit einem Straßennamen zu ehren, wurden sehr häufig Vogelnamen vorgeschlagen: <strong>Waldkauzweg</strong> (die meisten Nennungen), <strong>Adlerweg</strong>, <strong>Blaumeisenweg</strong>, <strong>Buntspechtweg</strong>, <strong>Dohlenweg</strong>, <strong>Lerchenweg</strong>, <strong>Rotkehlchenweg</strong>, <strong>Spatzenweg</strong>, <strong>Steinkauzweg</strong>.</p>



<p>Eine Übersicht über weitere als Namensgeber infrage kommende einheimische Vogelarten sowie bereits vorhandene nach Vögeln benannte Straßen finden Sie <a href="https://www.muenster.org/iuw-ms/wp-content/uploads/2026/02/Vogel_Strassennamen.pdf" target="_blank" rel="noreferrer noopener">hier</a>.</p>



<div class="is-layout-constrained wp-block-group"><div class="wp-block-group__inner-container">
<h2>Hugo Hertz</h2>



<p>Mit Bezug auf die Geschichte der beiden Straßen wurde mehrfach <strong>Hugo-Hertz-Weg</strong> vorgeschlagen. Hugo Hertz gehörten die Grundstücke, auf denen in den 1930er-Jahren die ersten Häuser auf den späteren Woermannweg und Lüderitzweg gebaut wurden. Als Jude sah er sich aufgrund der rassistischen Verfolgung und Entrechtung durch das NS-Regime gezwungen, die Grundstücke zu verkaufen, um so die Auswanderung seiner Familie zu finanzieren. Während einigen Familienmitgliedern die Flucht gelang, nahm sich Hugo Hertz am 24. Juni 1937 das Leben, um einer Verhaftung durch die Gestapo zu entgehen.</p>
</div></div>


<div class="wp-block-image is-style-default">
<figure class="aligncenter size-large is-resized"><img decoding="async" loading="lazy" src="https://www.muenster.org/iuw-ms/wp-content/uploads/2022/11/Alternativen-768x1024.jpg" alt="" class="wp-image-382" width="328" height="441"/><figcaption class="wp-element-caption">Flipchart vom Infostand am Lüderitzweg. Weitere  Vorschläge wurden per Postkarte oder E-Mail eingereicht; Foto: privat</figcaption></figure></div>


<h2>Weitere Vorschläge mit <strong>Bezug zur Natur und Umgebung</strong></h2>



<p>Blumentalweg, Eichengrund, Eichhörnchenweg, Fichtenweg, Hasenweg, Wildkrautweg, Zu den Eichen</p>



<h2>Weitere Vorschläge nach <strong>Personen</strong></h2>



<p>Berlepschweg (Hans-Freiherr von Berlepsch – Nestor des Vogelschutzes in Deutschland, Errichtung der ersten Vogelschutzwarte in Deutschland), Darwinweg, Hähnleweg (Lina Hähnle – NABU-Gründerin, Natur- und Vogelschützerin), Hermann-Scheer-Weg, Josef-Göppel-Weg, Rudolf-Teschner-Weg (langjähriger Bezirksvorsteher in Münster-Südost), Tilmann-Metzger-Weg</p>



<h2>Vorschläge mit Bezug zur kolonialen Vergangenheit</h2>



<p>Anna-Mungunda-Weg (<a href="https://de.wikipedia.org/wiki/Anna_Mungunda" target="_blank" rel="noreferrer noopener">Anna Mungunda</a> war eine Aktivistin in der namibischen Unabhängigkeitsbewegung gegen die Besetzung des Landes durch Südafrika.)</p>



<h2>Sonstige Vorschläge</h2>



<p>Wörmannweg, Leugnerweg, Heuckmannweg, Wolkenweg, Sonnenweg</p>



<p></p>



<p>Haben Sie auch Ideen, wie der Woermannweg und der Lüderitzweg künftig heißen könnten? Senden Sie uns gern Ihre konstruktiven Vorschläge an:<br><a href="mailto:iuw-ms@muenster.org">iuw-ms@muenster.org</a></p>

<p>Wir haben die Anwohnerinnen und Anwohner der beiden Straßen nach alternativen Namen gefragt und dabei folgende Ideen gesammelt: Vogelnamen Mit Bezug auf die benachbarten Straßen im „Vogelviertel“ und teilweise auch verbunden mit dem Wunsch, nicht erneut Personen mit einem Straßennamen &hellip; <a href="https://www.muenster.org/iuw-ms/alternativen/">Weiterlesen <span class="meta-nav">&rarr;</span></a></p>
