{"id":813,"date":"2021-03-18T13:09:49","date_gmt":"2021-03-18T12:09:49","guid":{"rendered":"http:\/\/www.muenster.org\/gvc-schule\/?page_id=813"},"modified":"2022-08-09T10:14:11","modified_gmt":"2022-08-09T08:14:11","slug":"hausaufgaben","status":"publish","type":"page","link":"https:\/\/www.muenster.org\/gvc-schule\/hausaufgaben\/","title":{"rendered":"Hausaufgaben"},"content":{"rendered":"\n<p>Die Hausaufgaben der Kinder werden in den Klassenr\u00e4umen der Sch\u00fclerinnen und Sch\u00fcler erledigt.<\/p>\n\n\n\n<p>Dabei helfen und unterst\u00fctzen feste Mitarbeiterinnen und Mitarbeiter aus dem OGS-Team, in deren Gruppen die Kinder auch eingeteilt sind.<\/p>\n\n\n\n<p>Zus\u00e4tzlich sind Lehrkr\u00e4fte und weiteres p\u00e4dagogisches Personal in die Hausaufgabenzeit eingebunden. Je nach Klassenstufe haben die Kinder hierf\u00fcr eine begrenzte Zeit zur Verf\u00fcgung.<\/p>\n\n\n\n<p>Freitags gibt es keine Hausaufgaben.<\/p>\n\n\n\n<p>Die \u00dcberpr\u00fcfung der Hausaufgaben auf Vollst\u00e4ndigkeit liegt in den H\u00e4nden der Eltern. Im Regelfall sind Aufgaben wie Lesen und Auswendiglernen zu Hause zu erledigen.<\/p>\n","protected":false},"excerpt":{"rendered":"<p>Die Hausaufgaben der Kinder werden in den Klassenr\u00e4umen der Sch\u00fclerinnen und Sch\u00fcler erledigt. Dabei helfen und unterst\u00fctzen feste Mitarbeiterinnen und Mitarbeiter aus dem OGS-Team, in deren Gruppen die Kinder auch eingeteilt sind. Zus\u00e4tzlich sind Lehrkr\u00e4fte und weiteres p\u00e4dagogisches Personal in die Hausaufgabenzeit eingebunden. Je nach Klassenstufe haben die Kinder hierf\u00fcr eine begrenzte Zeit zur Verf\u00fcgung. [&hellip;]<\/p>\n","protected":false},"author":1,"featured_media":0,"parent":0,"menu_order":0,"comment_status":"closed","ping_status":"closed","template":"","meta":{"_uag_custom_page_level_css":"","site-sidebar-layout":"default","site-content-layout":"default","ast-site-content-layout":"default","site-content-style":"default","site-sidebar-style":"default","ast-global-header-display":"","ast-banner-title-visibility":"","ast-main-header-display":"","ast-hfb-above-header-display":"","ast-hfb-below-header-display":"","ast-hfb-mobile-header-display":"","site-post-title":"","ast-breadcrumbs-content":"","ast-featured-img":"","footer-sml-layout":"","theme-transparent-header-meta":"default","adv-header-id-meta":"","stick-header-meta":"","header-above-stick-meta":"","header-main-stick-meta":"","header-below-stick-meta":"","astra-migrate-meta-layouts":"default","ast-page-background-enabled":"default","ast-page-background-meta":{"desktop":{"background-color":"","background-image":"","background-repeat":"repeat","background-position":"center center","background-size":"auto","background-attachment":"scroll","background-type":"","background-media":"","overlay-type":"","overlay-color":"","overlay-opacity":"","overlay-gradient":""},"tablet":{"background-color":"","background-image":"","background-repeat":"repeat","background-position":"center center","background-size":"auto","background-attachment":"scroll","background-type":"","background-media":"","overlay-type":"","overlay-color":"","overlay-opacity":"","overlay-gradient":""},"mobile":{"background-color":"","background-image":"","background-repeat":"repeat","background-position":"center center","background-size":"auto","background-attachment":"scroll","background-type":"","background-media":"","overlay-type":"","overlay-color":"","overlay-opacity":"","overlay-gradient":""}},"ast-content-background-meta":{"desktop":{"background-color":"var(--ast-global-color-5)","background-image":"","background-repeat":"repeat","background-position":"center center","background-size":"auto","background-attachment":"scroll","background-type":"","background-media":"","overlay-type":"","overlay-color":"","overlay-opacity":"","overlay-gradient":""},"tablet":{"background-color":"var(--ast-global-color-5)","background-image":"","background-repeat":"repeat","background-position":"center center","background-size":"auto","background-attachment":"scroll","background-type":"","background-media":"","overlay-type":"","overlay-color":"","overlay-opacity":"","overlay-gradient":""},"mobile":{"background-color":"var(--ast-global-color-5)","background-image":"","background-repeat":"repeat","background-position":"center center","background-size":"auto","background-attachment":"scroll","background-type":"","background-media":"","overlay-type":"","overlay-color":"","overlay-opacity":"","overlay-gradient":""}},"footnotes":""},"class_list":["post-813","page","type-page","status-publish","hentry"],"uagb_featured_image_src":{"full":false,"thumbnail":false,"medium":false,"medium_large":false,"large":false,"wpsm_team_pro_small":false,"wpsm_team_pro_small3":false,"wpsm_team_pro_small4":false,"wpsm_team_pro_small5":false,"wpsm_team_pro_small6":false,"1536x1536":false,"2048x2048":false},"uagb_author_info":{"display_name":"gvc","author_link":"https:\/\/www.muenster.org\/gvc-schule\/author\/gvc\/"},"uagb_comment_info":0,"uagb_excerpt":"Die Hausaufgaben der Kinder werden in den Klassenr\u00e4umen der Sch\u00fclerinnen und Sch\u00fcler erledigt. Dabei helfen und unterst\u00fctzen feste Mitarbeiterinnen und Mitarbeiter aus dem OGS-Team, in deren Gruppen die Kinder auch eingeteilt sind. Zus\u00e4tzlich sind Lehrkr\u00e4fte und weiteres p\u00e4dagogisches Personal in die Hausaufgabenzeit eingebunden. Je nach Klassenstufe haben die Kinder hierf\u00fcr eine begrenzte Zeit zur Verf\u00fcgung.&hellip;","_links":{"self":[{"href":"https:\/\/www.muenster.org\/gvc-schule\/wp-json\/wp\/v2\/pages\/813","targetHints":{"allow":["GET"]}}],"collection":[{"href":"https:\/\/www.muenster.org\/gvc-schule\/wp-json\/wp\/v2\/pages"}],"about":[{"href":"https:\/\/www.muenster.org\/gvc-schule\/wp-json\/wp\/v2\/types\/page"}],"author":[{"embeddable":true,"href":"https:\/\/www.muenster.org\/gvc-schule\/wp-json\/wp\/v2\/users\/1"}],"replies":[{"embeddable":true,"href":"https:\/\/www.muenster.org\/gvc-schule\/wp-json\/wp\/v2\/comments?post=813"}],"version-history":[{"count":3,"href":"https:\/\/www.muenster.org\/gvc-schule\/wp-json\/wp\/v2\/pages\/813\/revisions"}],"predecessor-version":[{"id":1236,"href":"https:\/\/www.muenster.org\/gvc-schule\/wp-json\/wp\/v2\/pages\/813\/revisions\/1236"}],"wp:attachment":[{"href":"https:\/\/www.muenster.org\/gvc-schule\/wp-json\/wp\/v2\/media?parent=813"}],"curies":[{"name":"wp","href":"https:\/\/api.w.org\/{rel}","templated":true}]}}