{"id":786,"date":"2021-03-18T12:44:12","date_gmt":"2021-03-18T11:44:12","guid":{"rendered":"http:\/\/www.muenster.org\/gvc-schule\/?page_id=786"},"modified":"2025-10-06T17:38:53","modified_gmt":"2025-10-06T15:38:53","slug":"allgemeines-zur-ogs","status":"publish","type":"page","link":"https:\/\/www.muenster.org\/gvc-schule\/allgemeines-zur-ogs\/","title":{"rendered":"OGS (Offene Ganztagsbetreuung)"},"content":{"rendered":"\n<p>Bezugspers<strong>O<\/strong>nen &#8211; Fester Ta<strong>G<\/strong>esablauf&nbsp;&#8211; <strong>S<\/strong>oziales Miteinander<\/p>\n\n\n\n<p><\/p>\n\n\n\n<p>Mit der Einf\u00fchrung der Offenen Ganztagsschule in den Grundschulen entstand zum Schuljahr 2008\/09 unsere erste OGS-Gruppe mit 25 Kindern. <br>Schon im Jahr darauf er\u00f6ffneten wir unsere zweite Gruppe.<br>Durch die kontinuierlich wachsende Nachfrage nach einem qualifizierten Betreuungsangebot haben wir uns inzwischen auf neun OGS-Gruppen vergr\u00f6\u00dfert. Unser Team arbeitet schon seit einigen Jahren stabil und aktiv zusammen. <br>Somit erweitert die OGS, mit ihrem fachlich qualifiziertem Personal, die Bildungs- und Erziehungsarbeit bis in den Nachmittag hinein und erm\u00f6glicht so ein verl\u00e4ssliches, kontinuierliches Betreuungsangebot f\u00fcr berufst\u00e4tige Eltern.<\/p>\n\n\n\n<p><\/p>\n\n\n\n<p><strong>\u00d6ffnungszeiten<\/strong>:<br>Montag bis Donnerstag: 11.30 Uhr bis 16.00 Uhr<br>Freitag: 11.30 Uhr bis 15.00 Uhr<\/p>\n\n\n\n<p><\/p>\n\n\n\n<p><\/p>\n\n\n\n<p>Die Kinder k\u00f6nnen zur vollen Stunde (15.00 Uhr oder 16.00 Uhr) abgeholt werden.<br>Ausnahmen bez\u00fcglich der Abholzeiten (z.B. Arztbesuche) m\u00fcssen fr\u00fchzeitig mit der Gruppenleitung abgesprochen werden.<\/p>\n\n\n\n<p><strong>Kosten: <\/strong><br>Die Kosten f\u00fcr die BiMi und OGS sind nach dem Familieneinkommen gestaffelt.<br><a href=\"https:\/\/www.google.com\/url?sa=t&amp;rct=j&amp;q=&amp;esrc=s&amp;source=web&amp;cd=&amp;cad=rja&amp;uact=8&amp;ved=2ahUKEwjZ-4SR757vAhVFxYUKHb-LB0UQFjAAegQIARAD&amp;url=https%3A%2F%2Fwww.stadt-muenster.de%2Fjugendamt%2Fkinder-und-jugendarbeit%2Foffener-ganztag.html&amp;usg=AOvVaw2DdcCPrzB-7Os166yiMvLx\">www.stadt-muenster.de \u203a jugendamt \u203a offener-ganztag<\/a><br><br>Hinzu kommen f\u00fcr die OGS Kinder die Kosten f\u00fcr das t\u00e4gliche Mittagessen.<\/p>\n\n\n\n<p><\/p>\n\n\n\n<p>Die angemeldeten OGS-Kinder werden in neun festen Gruppen betreut. Jede Gruppe wird durch eine p\u00e4dagogische Fachkraft geleitet.<br> Ihnen zur Seite stehen Unterst\u00fctzungskr\u00e4fte und Teilzeitkr\u00e4fte. Das Team der OGS wird erg\u00e4nzt durch eine Heilp\u00e4dagogin der F\u00f6rderinsel, K\u00fcchenkr\u00e4fte und zus\u00e4tzlichen Honorarkr\u00e4ften, die im Rahmen der AG-Angebote eingestellt werden.<\/p>\n\n\n\n<p><strong>Bewegliche Ferientage:<br><\/strong>Die Betreuung ist f\u00fcr die OGS-Kinder von 7.30 Uhr bis 16.00 Uhr (freitags bis 15.00 Uhr) nach vorheriger Bedarfsabfrage gew\u00e4hrleistet.<\/p>\n\n\n\n<p><\/p>\n\n\n\n<p><\/p>\n","protected":false},"excerpt":{"rendered":"<p>BezugspersOnen &#8211; Fester TaGesablauf&nbsp;&#8211; Soziales Miteinander Mit der Einf\u00fchrung der Offenen Ganztagsschule in den Grundschulen entstand zum Schuljahr 2008\/09 unsere erste OGS-Gruppe mit 25 Kindern. Schon im Jahr darauf er\u00f6ffneten wir unsere zweite Gruppe.Durch die kontinuierlich wachsende Nachfrage nach einem qualifizierten Betreuungsangebot haben wir uns inzwischen auf neun OGS-Gruppen vergr\u00f6\u00dfert. Unser Team arbeitet schon seit [&hellip;]<\/p>\n","protected":false},"author":1,"featured_media":0,"parent":0,"menu_order":0,"comment_status":"closed","ping_status":"closed","template":"","meta":{"_uag_custom_page_level_css":"","site-sidebar-layout":"default","site-content-layout":"default","ast-site-content-layout":"default","site-content-style":"default","site-sidebar-style":"default","ast-global-header-display":"","ast-banner-title-visibility":"","ast-main-header-display":"","ast-hfb-above-header-display":"","ast-hfb-below-header-display":"","ast-hfb-mobile-header-display":"","site-post-title":"","ast-breadcrumbs-content":"","ast-featured-img":"","footer-sml-layout":"","theme-transparent-header-meta":"default","adv-header-id-meta":"","stick-header-meta":"","header-above-stick-meta":"","header-main-stick-meta":"","header-below-stick-meta":"","astra-migrate-meta-layouts":"set","ast-page-background-enabled":"default","ast-page-background-meta":{"desktop":{"background-color":"","background-image":"","background-repeat":"repeat","background-position":"center center","background-size":"auto","background-attachment":"scroll","background-type":"","background-media":"","overlay-type":"","overlay-color":"","overlay-opacity":"","overlay-gradient":""},"tablet":{"background-color":"","background-image":"","background-repeat":"repeat","background-position":"center center","background-size":"auto","background-attachment":"scroll","background-type":"","background-media":"","overlay-type":"","overlay-color":"","overlay-opacity":"","overlay-gradient":""},"mobile":{"background-color":"","background-image":"","background-repeat":"repeat","background-position":"center center","background-size":"auto","background-attachment":"scroll","background-type":"","background-media":"","overlay-type":"","overlay-color":"","overlay-opacity":"","overlay-gradient":""}},"ast-content-background-meta":{"desktop":{"background-color":"var(--ast-global-color-5)","background-image":"","background-repeat":"repeat","background-position":"center center","background-size":"auto","background-attachment":"scroll","background-type":"","background-media":"","overlay-type":"","overlay-color":"","overlay-opacity":"","overlay-gradient":""},"tablet":{"background-color":"var(--ast-global-color-5)","background-image":"","background-repeat":"repeat","background-position":"center center","background-size":"auto","background-attachment":"scroll","background-type":"","background-media":"","overlay-type":"","overlay-color":"","overlay-opacity":"","overlay-gradient":""},"mobile":{"background-color":"var(--ast-global-color-5)","background-image":"","background-repeat":"repeat","background-position":"center center","background-size":"auto","background-attachment":"scroll","background-type":"","background-media":"","overlay-type":"","overlay-color":"","overlay-opacity":"","overlay-gradient":""}},"footnotes":""},"class_list":["post-786","page","type-page","status-publish","hentry"],"uagb_featured_image_src":{"full":false,"thumbnail":false,"medium":false,"medium_large":false,"large":false,"wpsm_team_pro_small":false,"wpsm_team_pro_small3":false,"wpsm_team_pro_small4":false,"wpsm_team_pro_small5":false,"wpsm_team_pro_small6":false,"1536x1536":false,"2048x2048":false},"uagb_author_info":{"display_name":"gvc","author_link":"https:\/\/www.muenster.org\/gvc-schule\/author\/gvc\/"},"uagb_comment_info":0,"uagb_excerpt":"BezugspersOnen &#8211; Fester TaGesablauf&nbsp;&#8211; Soziales Miteinander Mit der Einf\u00fchrung der Offenen Ganztagsschule in den Grundschulen entstand zum Schuljahr 2008\/09 unsere erste OGS-Gruppe mit 25 Kindern. Schon im Jahr darauf er\u00f6ffneten wir unsere zweite Gruppe.Durch die kontinuierlich wachsende Nachfrage nach einem qualifizierten Betreuungsangebot haben wir uns inzwischen auf neun OGS-Gruppen vergr\u00f6\u00dfert. Unser Team arbeitet schon seit&hellip;","_links":{"self":[{"href":"https:\/\/www.muenster.org\/gvc-schule\/wp-json\/wp\/v2\/pages\/786","targetHints":{"allow":["GET"]}}],"collection":[{"href":"https:\/\/www.muenster.org\/gvc-schule\/wp-json\/wp\/v2\/pages"}],"about":[{"href":"https:\/\/www.muenster.org\/gvc-schule\/wp-json\/wp\/v2\/types\/page"}],"author":[{"embeddable":true,"href":"https:\/\/www.muenster.org\/gvc-schule\/wp-json\/wp\/v2\/users\/1"}],"replies":[{"embeddable":true,"href":"https:\/\/www.muenster.org\/gvc-schule\/wp-json\/wp\/v2\/comments?post=786"}],"version-history":[{"count":12,"href":"https:\/\/www.muenster.org\/gvc-schule\/wp-json\/wp\/v2\/pages\/786\/revisions"}],"predecessor-version":[{"id":3225,"href":"https:\/\/www.muenster.org\/gvc-schule\/wp-json\/wp\/v2\/pages\/786\/revisions\/3225"}],"wp:attachment":[{"href":"https:\/\/www.muenster.org\/gvc-schule\/wp-json\/wp\/v2\/media?parent=786"}],"curies":[{"name":"wp","href":"https:\/\/api.w.org\/{rel}","templated":true}]}}

<p>Bezugspers<strong>O</strong>nen &#8211; Fester Ta<strong>G</strong>esablauf&nbsp;&#8211; <strong>S</strong>oziales Miteinander</p>



<p></p>



<p>Mit der Einführung der Offenen Ganztagsschule in den Grundschulen entstand zum Schuljahr 2008/09 unsere erste OGS-Gruppe mit 25 Kindern. <br>Schon im Jahr darauf eröffneten wir unsere zweite Gruppe.<br>Durch die kontinuierlich wachsende Nachfrage nach einem qualifizierten Betreuungsangebot haben wir uns inzwischen auf neun OGS-Gruppen vergrößert. Unser Team arbeitet schon seit einigen Jahren stabil und aktiv zusammen. <br>Somit erweitert die OGS, mit ihrem fachlich qualifiziertem Personal, die Bildungs- und Erziehungsarbeit bis in den Nachmittag hinein und ermöglicht so ein verlässliches, kontinuierliches Betreuungsangebot für berufstätige Eltern.</p>



<p></p>



<p><strong>Öffnungszeiten</strong>:<br>Montag bis Donnerstag: 11.30 Uhr bis 16.00 Uhr<br>Freitag: 11.30 Uhr bis 15.00 Uhr</p>



<p></p>



<p></p>



<p>Die Kinder können zur vollen Stunde (15.00 Uhr oder 16.00 Uhr) abgeholt werden.<br>Ausnahmen bezüglich der Abholzeiten (z.B. Arztbesuche) müssen frühzeitig mit der Gruppenleitung abgesprochen werden.</p>



<p><strong>Kosten: </strong><br>Die Kosten für die BiMi und OGS sind nach dem Familieneinkommen gestaffelt.<br><a href="https://www.google.com/url?sa=t&amp;rct=j&amp;q=&amp;esrc=s&amp;source=web&amp;cd=&amp;cad=rja&amp;uact=8&amp;ved=2ahUKEwjZ-4SR757vAhVFxYUKHb-LB0UQFjAAegQIARAD&amp;url=https%3A%2F%2Fwww.stadt-muenster.de%2Fjugendamt%2Fkinder-und-jugendarbeit%2Foffener-ganztag.html&amp;usg=AOvVaw2DdcCPrzB-7Os166yiMvLx">www.stadt-muenster.de › jugendamt › offener-ganztag</a><br><br>Hinzu kommen für die OGS Kinder die Kosten für das tägliche Mittagessen.</p>



<p></p>



<p>Die angemeldeten OGS-Kinder werden in neun festen Gruppen betreut. Jede Gruppe wird durch eine pädagogische Fachkraft geleitet.<br> Ihnen zur Seite stehen Unterstützungskräfte und Teilzeitkräfte. Das Team der OGS wird ergänzt durch eine Heilpädagogin der Förderinsel, Küchenkräfte und zusätzlichen Honorarkräften, die im Rahmen der AG-Angebote eingestellt werden.</p>



<p><strong>Bewegliche Ferientage:<br></strong>Die Betreuung ist für die OGS-Kinder von 7.30 Uhr bis 16.00 Uhr (freitags bis 15.00 Uhr) nach vorheriger Bedarfsabfrage gewährleistet.</p>



<p></p>



<p></p>

<p>BezugspersOnen &#8211; Fester TaGesablauf&nbsp;&#8211; Soziales Miteinander Mit der Einführung der Offenen Ganztagsschule in den Grundschulen entstand zum Schuljahr 2008/09 unsere erste OGS-Gruppe mit 25 Kindern. Schon im Jahr darauf eröffneten wir unsere zweite Gruppe.Durch die kontinuierlich wachsende Nachfrage nach einem qualifizierten Betreuungsangebot haben wir uns inzwischen auf neun OGS-Gruppen vergrößert. Unser Team arbeitet schon seit [&hellip;]</p>

BezugspersOnen &#8211; Fester TaGesablauf&nbsp;&#8211; Soziales Miteinander Mit der Einführung der Offenen Ganztagsschule in den Grundschulen entstand zum Schuljahr 2008/09 unsere erste OGS-Gruppe mit 25 Kindern. Schon im Jahr darauf eröffneten wir unsere zweite Gruppe.Durch die kontinuierlich wachsende Nachfrage nach einem qualifizierten Betreuungsangebot haben wir uns inzwischen auf neun OGS-Gruppen vergrößert. Unser Team arbeitet schon seit&hellip;
