{"id":2670,"date":"2023-12-13T20:41:39","date_gmt":"2023-12-13T19:41:39","guid":{"rendered":"https:\/\/www.muenster.org\/gvc-schule\/?page_id=2670"},"modified":"2024-09-12T19:29:44","modified_gmt":"2024-09-12T17:29:44","slug":"downloads","status":"publish","type":"page","link":"https:\/\/www.muenster.org\/gvc-schule\/downloads\/","title":{"rendered":"Downloads"},"content":{"rendered":"\n<p>An dieser Stelle k\u00f6nnen Erziehungsberechtigte derzeit relevante Dokumente zum Herunterladen finden. PDF-Dokumente werden als Voransicht eingeblendet und k\u00f6nnen \u00fcber den darunterliegenden Button heruntergeladen werden.<\/p>\n\n\n\n<hr class=\"wp-block-separator has-alpha-channel-opacity\"\/>\n\n\n\n<h2 class=\"wp-block-heading\">Antrag auf Beurlaubung in der Schulzeit<\/h2>\n\n\n\n<div data-wp-interactive=\"core\/file\" class=\"wp-block-file\"><object data-wp-bind--hidden=\"!state.hasPdfPreview\" hidden class=\"wp-block-file__embed\" data=\"https:\/\/www.muenster.org\/gvc-schule\/wp-content\/uploads\/2024\/09\/Formular-Beurlaubung_09_24.pdf\" type=\"application\/pdf\" style=\"width:100%;height:600px\" aria-label=\"Einbettung von Formular Beurlaubung_09_24.\"><\/object><a id=\"wp-block-file--media-eaaf14a3-3a9a-4146-b4f6-264533c63bda\" href=\"https:\/\/www.muenster.org\/gvc-schule\/wp-content\/uploads\/2024\/09\/Formular-Beurlaubung_09_24.pdf\">Formular Beurlaubung_09_24<\/a><a href=\"https:\/\/www.muenster.org\/gvc-schule\/wp-content\/uploads\/2024\/09\/Formular-Beurlaubung_09_24.pdf\" class=\"wp-block-file__button wp-element-button\" download aria-describedby=\"wp-block-file--media-eaaf14a3-3a9a-4146-b4f6-264533c63bda\">Herunterladen<\/a><\/div>\n\n\n\n<hr class=\"wp-block-separator has-alpha-channel-opacity\"\/>\n\n\n\n<div class=\"wp-block-uagb-advanced-heading uagb-block-e21ef931\"><h2 class=\"uagb-heading-text\">Regelm\u00e4\u00dfige Ausnahme zu den Abholzeiten<\/h2><\/div>\n\n\n\n<div data-wp-interactive=\"core\/file\" class=\"wp-block-file\"><object data-wp-bind--hidden=\"!state.hasPdfPreview\" hidden class=\"wp-block-file__embed\" data=\"https:\/\/www.muenster.org\/gvc-schule\/wp-content\/uploads\/2024\/08\/Ausnahmen-Abholzeiten-regelmaessig.pdf\" type=\"application\/pdf\" style=\"width:100%;height:600px\" aria-label=\"Einbettung von Ausnahmen Abholzeiten regelm\u00e4\u00dfig.\"><\/object><a id=\"wp-block-file--media-19be829e-33a2-4fc2-9d44-fd841406e634\" href=\"https:\/\/www.muenster.org\/gvc-schule\/wp-content\/uploads\/2024\/08\/Ausnahmen-Abholzeiten-regelmaessig.pdf\">Ausnahmen Abholzeiten regelm\u00e4\u00dfig<\/a><a href=\"https:\/\/www.muenster.org\/gvc-schule\/wp-content\/uploads\/2024\/08\/Ausnahmen-Abholzeiten-regelmaessig.pdf\" class=\"wp-block-file__button wp-element-button\" download aria-describedby=\"wp-block-file--media-19be829e-33a2-4fc2-9d44-fd841406e634\">Herunterladen<\/a><\/div>\n\n\n\n<div class=\"wp-block-uagb-advanced-heading uagb-block-f220288a\"><h2 class=\"uagb-heading-text\">Einmalige Ausnahme zu den Abholzeiten<\/h2><\/div>\n\n\n\n<div data-wp-interactive=\"core\/file\" class=\"wp-block-file\"><object data-wp-bind--hidden=\"!state.hasPdfPreview\" hidden class=\"wp-block-file__embed\" data=\"https:\/\/www.muenster.org\/gvc-schule\/wp-content\/uploads\/2024\/08\/Ausnahmen-Abholzeiten-einmalig.pdf\" type=\"application\/pdf\" style=\"width:100%;height:600px\" aria-label=\"Einbettung von Ausnahmen Abholzeiten einmalig.\"><\/object><a id=\"wp-block-file--media-06385a3c-62ea-46fd-8e29-d91a4c136293\" href=\"https:\/\/www.muenster.org\/gvc-schule\/wp-content\/uploads\/2024\/08\/Ausnahmen-Abholzeiten-einmalig.pdf\">Ausnahmen Abholzeiten einmalig<\/a><a href=\"https:\/\/www.muenster.org\/gvc-schule\/wp-content\/uploads\/2024\/08\/Ausnahmen-Abholzeiten-einmalig.pdf\" class=\"wp-block-file__button wp-element-button\" download aria-describedby=\"wp-block-file--media-06385a3c-62ea-46fd-8e29-d91a4c136293\">Herunterladen<\/a><\/div>\n","protected":false},"excerpt":{"rendered":"<p>An dieser Stelle k\u00f6nnen Erziehungsberechtigte derzeit relevante Dokumente zum Herunterladen finden. PDF-Dokumente werden als Voransicht eingeblendet und k\u00f6nnen \u00fcber den darunterliegenden Button heruntergeladen werden. Antrag auf Beurlaubung in der Schulzeit Regelm\u00e4\u00dfige Ausnahme zu den Abholzeiten Einmalige Ausnahme zu den Abholzeiten<\/p>\n","protected":false},"author":13,"featured_media":0,"parent":0,"menu_order":0,"comment_status":"closed","ping_status":"closed","template":"","meta":{"_uag_custom_page_level_css":"","site-sidebar-layout":"default","site-content-layout":"","ast-site-content-layout":"default","site-content-style":"default","site-sidebar-style":"default","ast-global-header-display":"","ast-banner-title-visibility":"","ast-main-header-display":"","ast-hfb-above-header-display":"","ast-hfb-below-header-display":"","ast-hfb-mobile-header-display":"","site-post-title":"","ast-breadcrumbs-content":"","ast-featured-img":"","footer-sml-layout":"","theme-transparent-header-meta":"","adv-header-id-meta":"","stick-header-meta":"","header-above-stick-meta":"","header-main-stick-meta":"","header-below-stick-meta":"","astra-migrate-meta-layouts":"set","ast-page-background-enabled":"default","ast-page-background-meta":{"desktop":{"background-color":"","background-image":"","background-repeat":"repeat","background-position":"center center","background-size":"auto","background-attachment":"scroll","background-type":"","background-media":"","overlay-type":"","overlay-color":"","overlay-opacity":"","overlay-gradient":""},"tablet":{"background-color":"","background-image":"","background-repeat":"repeat","background-position":"center center","background-size":"auto","background-attachment":"scroll","background-type":"","background-media":"","overlay-type":"","overlay-color":"","overlay-opacity":"","overlay-gradient":""},"mobile":{"background-color":"","background-image":"","background-repeat":"repeat","background-position":"center center","background-size":"auto","background-attachment":"scroll","background-type":"","background-media":"","overlay-type":"","overlay-color":"","overlay-opacity":"","overlay-gradient":""}},"ast-content-background-meta":{"desktop":{"background-color":"var(--ast-global-color-5)","background-image":"","background-repeat":"repeat","background-position":"center center","background-size":"auto","background-attachment":"scroll","background-type":"","background-media":"","overlay-type":"","overlay-color":"","overlay-opacity":"","overlay-gradient":""},"tablet":{"background-color":"var(--ast-global-color-5)","background-image":"","background-repeat":"repeat","background-position":"center center","background-size":"auto","background-attachment":"scroll","background-type":"","background-media":"","overlay-type":"","overlay-color":"","overlay-opacity":"","overlay-gradient":""},"mobile":{"background-color":"var(--ast-global-color-5)","background-image":"","background-repeat":"repeat","background-position":"center center","background-size":"auto","background-attachment":"scroll","background-type":"","background-media":"","overlay-type":"","overlay-color":"","overlay-opacity":"","overlay-gradient":""}},"footnotes":""},"class_list":["post-2670","page","type-page","status-publish","hentry"],"uagb_featured_image_src":{"full":false,"thumbnail":false,"medium":false,"medium_large":false,"large":false,"wpsm_team_pro_small":false,"wpsm_team_pro_small3":false,"wpsm_team_pro_small4":false,"wpsm_team_pro_small5":false,"wpsm_team_pro_small6":false,"1536x1536":false,"2048x2048":false},"uagb_author_info":{"display_name":"Martin Sanetra","author_link":"https:\/\/www.muenster.org\/gvc-schule\/author\/msanetra\/"},"uagb_comment_info":0,"uagb_excerpt":"An dieser Stelle k\u00f6nnen Erziehungsberechtigte derzeit relevante Dokumente zum Herunterladen finden. PDF-Dokumente werden als Voransicht eingeblendet und k\u00f6nnen \u00fcber den darunterliegenden Button heruntergeladen werden. Antrag auf Beurlaubung in der Schulzeit Regelm\u00e4\u00dfige Ausnahme zu den Abholzeiten Einmalige Ausnahme zu den Abholzeiten","_links":{"self":[{"href":"https:\/\/www.muenster.org\/gvc-schule\/wp-json\/wp\/v2\/pages\/2670","targetHints":{"allow":["GET"]}}],"collection":[{"href":"https:\/\/www.muenster.org\/gvc-schule\/wp-json\/wp\/v2\/pages"}],"about":[{"href":"https:\/\/www.muenster.org\/gvc-schule\/wp-json\/wp\/v2\/types\/page"}],"author":[{"embeddable":true,"href":"https:\/\/www.muenster.org\/gvc-schule\/wp-json\/wp\/v2\/users\/13"}],"replies":[{"embeddable":true,"href":"https:\/\/www.muenster.org\/gvc-schule\/wp-json\/wp\/v2\/comments?post=2670"}],"version-history":[{"count":10,"href":"https:\/\/www.muenster.org\/gvc-schule\/wp-json\/wp\/v2\/pages\/2670\/revisions"}],"predecessor-version":[{"id":2932,"href":"https:\/\/www.muenster.org\/gvc-schule\/wp-json\/wp\/v2\/pages\/2670\/revisions\/2932"}],"wp:attachment":[{"href":"https:\/\/www.muenster.org\/gvc-schule\/wp-json\/wp\/v2\/media?parent=2670"}],"curies":[{"name":"wp","href":"https:\/\/api.w.org\/{rel}","templated":true}]}}