{"id":1892,"date":"2023-02-24T19:08:42","date_gmt":"2023-02-24T18:08:42","guid":{"rendered":"https:\/\/www.muenster.org\/gvc-schule\/?page_id=1892"},"modified":"2024-02-25T19:16:11","modified_gmt":"2024-02-25T18:16:11","slug":"leitbild-2","status":"publish","type":"page","link":"https:\/\/www.muenster.org\/gvc-schule\/leitbild-2\/","title":{"rendered":"Leitbild"},"content":{"rendered":"\n<blockquote class=\"wp-block-quote is-layout-flow wp-block-quote-is-layout-flow\">\n<div class=\"inherit-container-width wp-block-group has-large-font-size is-layout-constrained wp-container-core-group-is-layout-ea351d65 wp-block-group-is-layout-constrained\" style=\"padding-top:0;padding-right:0;padding-bottom:0;padding-left:0\"><div class=\"wp-block-group__inner-container\">\n<p class=\"has-large-font-size\" style=\"padding-top:0;padding-right:0;padding-bottom:0;padding-left:var(--wp--preset--spacing--80)\"><strong>G<\/strong>anzheitliche Erziehung<\/p>\n\n\n\n<p class=\"has-large-font-size\" style=\"padding-top:0;padding-right:0;padding-bottom:0;padding-left:var(--wp--preset--spacing--80)\"><strong>V<\/strong>erantwortung und Selbstst\u00e4ndigkeit<\/p>\n\n\n\n<p class=\"has-large-font-size\" style=\"padding-top:0;padding-right:0;padding-bottom:0;padding-left:var(--wp--preset--spacing--80)\"><strong>C<\/strong>hristliche Werte<\/p>\n<\/div><\/div>\n<\/blockquote>\n\n\n\n<p><\/p>\n\n\n\n<p class=\"has-medium-font-size\"><strong>G<\/strong>anzheitliche Erziehung<\/p>\n\n\n\n<div class=\"inherit-container-width wp-block-group is-layout-constrained wp-container-core-group-is-layout-4108c0f7 wp-block-group-is-layout-constrained\" style=\"border-style:none;border-width:0px;padding-top:var(--wp--preset--spacing--40);padding-right:var(--wp--preset--spacing--40);padding-bottom:var(--wp--preset--spacing--40);padding-left:var(--wp--preset--spacing--40)\"><div class=\"wp-block-group__inner-container\">\n<p>Wir unterrichten, erziehen, beraten und unterst\u00fctzen.<\/p>\n\n\n\n<p>Wir bieten eine erweiterte Betreuung mit BiMi (Bis-Mittag-Betreuung) und OGS (Offene Ganztagsschule).<\/p>\n\n\n\n<p>Wir f\u00f6rdern die Chancengleichheit der Geschlechter und beseitigen die geschlechtertypischen Nachteile f\u00fcr M\u00e4dchen und Jungen.<\/p>\n<\/div><\/div>\n\n\n\n<p class=\"has-medium-font-size\"><strong>V<\/strong>erantwortung und Selbstst\u00e4ndigkeit<\/p>\n\n\n\n<div class=\"inherit-container-width wp-block-group is-layout-constrained wp-block-group-is-layout-constrained\"><div class=\"wp-block-group__inner-container\">\n<p style=\"margin-top:0;margin-right:0;margin-bottom:0;margin-left:0;padding-top:var(--wp--preset--spacing--40);padding-right:var(--wp--preset--spacing--40);padding-bottom:var(--wp--preset--spacing--40);padding-left:var(--wp--preset--spacing--40);line-height:0\">Wir unterst\u00fctzen selbstst\u00e4ndiges und eigenverantwortliches Lernen und f\u00f6rdern Selbstst\u00e4ndigkeit, Selbstbewusstsein und Selbstreflexion.<\/p>\n\n\n\n<p style=\"margin-top:0;margin-right:0;margin-bottom:0;margin-left:0;padding-top:var(--wp--preset--spacing--40);padding-right:var(--wp--preset--spacing--40);padding-bottom:var(--wp--preset--spacing--40);padding-left:var(--wp--preset--spacing--40);line-height:0\">Wir achten auf eine Erziehung zur Erhaltung der Gesundheit von Mensch und Umwelt.<\/p>\n<\/div><\/div>\n\n\n\n<p class=\"has-medium-font-size\"><strong>C<\/strong>hristliche Wertevermittlung<\/p>\n\n\n\n<div class=\"inherit-container-width wp-block-group is-layout-constrained wp-block-group-is-layout-constrained\"><div class=\"wp-block-group__inner-container\">\n<p style=\"margin-top:0;margin-right:0;margin-bottom:0;margin-left:0;padding-top:0.5rem;padding-right:0.5rem;padding-bottom:0.5rem;padding-left:0.5rem;line-height:0.6;text-decoration:none\">Wir leben und vermitteln christliche Werte.<\/p>\n\n\n\n<p style=\"margin-top:0;margin-right:0;margin-bottom:0;margin-left:0;padding-top:0.5rem;padding-right:0.5rem;padding-bottom:0.5rem;padding-left:0.5rem;line-height:0.6;text-decoration:none\">Wir legen Wert auf einen respektvollen und toleranten Umgang miteinander.<\/p>\n<\/div><\/div>\n\n\n\n<p><\/p>\n\n\n\n<p><strong>Leitgedanken<\/strong><\/p>\n\n\n\n<p>Als Offene Ganztagsschule im Gemeinsamen Lernen sind wir ein \u201eHaus des Lernens\u201c und ein \u201eHaus des Lebens\u201c gleicherma\u00dfen. Sch\u00fclerinnen und Sch\u00fcler, Lehrerinnen und Lehrer, Erzieherinnen und Erzieher sowie Eltern wirken gemeinsam an der Gestaltung des Schullebens mit.<\/p>\n\n\n\n<p>Wir gestalten ein Klima des gegenseitigen Respekts und des achtsamen Umgangs miteinander.<\/p>\n\n\n\n<p>Wir f\u00f6rdern und fordern jedes Kind so, dass es so viel lernt, wie es lernen kann.<\/p>\n\n\n\n<p>Jede und jeder kann sich in der Gemeinschaft zu seinem pers\u00f6nlichen Wohl entwickeln und entfalten.<\/p>\n\n\n\n<p>Wir erhalten Lernfreude und Neugierde und entwickeln sie weiter. Wir machen Kinder f\u00fcr das Leben stark, geben ihnen Raum, um sich auf der Basis demokratischer Grundwerte in der Zukunft zu emanzipierten und m\u00fcndigen Menschen in unserer Gesellschaft zu entfalten.<\/p>\n\n\n\n<p>Wir f\u00f6rdern durch interkulturelles Lernen die soziale und emotionale Entwicklung der Kinder, schaffen ein Klima des Respekts gegen\u00fcber anderen Menschen, helfen, Vorurteile und Angst gegen\u00fcber Fremdem abzubauen und liefern einen aktiven Beitrag zur politischen Bildung.<\/p>\n\n\n\n<p>Wir f\u00f6rdern an der Gottfried-von-Cappenberg-Schule die Achtung vor der Natur und die Freude an der Sch\u00f6pfung. Das Kennenlernen der Natur, das Wissen um \u00f6kologische Zusammenh\u00e4nge und deren Auswirkungen auf unsere Gesundheit und unser Leben sensibilisiert f\u00fcr einen verantwortungsbewussten Umgang mit unserer Umwelt.<\/p>\n\n\n\n<div class=\"wp-block-buttons is-layout-flex wp-block-buttons-is-layout-flex\">\n<div class=\"wp-block-button\"><a class=\"wp-block-button__link wp-element-button\" href=\"https:\/\/www.muenster.org\/gvc-schule\/konkretisierung-des-leitbildes\/\" style=\"border-radius:24px;padding-top:var(--wp--preset--spacing--30);padding-right:var(--wp--preset--spacing--30);padding-bottom:var(--wp--preset--spacing--30);padding-left:var(--wp--preset--spacing--30)\" rel=\"https:\/\/www.muenster.org\/gvc-schule\/konkretisierung-des-leitbildes\/\">weiterlesen: Konkretisierung des Leitbildes <\/a><\/div>\n<\/div>\n","protected":false},"excerpt":{"rendered":"<p>Ganzheitliche Erziehung Wir unterrichten, erziehen, beraten und unterst\u00fctzen. Wir bieten eine erweiterte Betreuung mit BiMi (Bis-Mittag-Betreuung) und OGS (Offene Ganztagsschule). Wir f\u00f6rdern die Chancengleichheit der Geschlechter und beseitigen die geschlechtertypischen Nachteile f\u00fcr M\u00e4dchen und Jungen. Verantwortung und Selbstst\u00e4ndigkeit Wir unterst\u00fctzen selbstst\u00e4ndiges und eigenverantwortliches Lernen und f\u00f6rdern Selbstst\u00e4ndigkeit, Selbstbewusstsein und Selbstreflexion. Wir achten auf eine Erziehung [&hellip;]<\/p>\n","protected":false},"author":1,"featured_media":0,"parent":0,"menu_order":0,"comment_status":"closed","ping_status":"closed","template":"","meta":{"_uag_custom_page_level_css":"","site-sidebar-layout":"default","site-content-layout":"","ast-site-content-layout":"default","site-content-style":"default","site-sidebar-style":"default","ast-global-header-display":"","ast-banner-title-visibility":"","ast-main-header-display":"","ast-hfb-above-header-display":"","ast-hfb-below-header-display":"","ast-hfb-mobile-header-display":"","site-post-title":"","ast-breadcrumbs-content":"","ast-featured-img":"","footer-sml-layout":"","theme-transparent-header-meta":"","adv-header-id-meta":"","stick-header-meta":"","header-above-stick-meta":"","header-main-stick-meta":"","header-below-stick-meta":"","astra-migrate-meta-layouts":"set","ast-page-background-enabled":"default","ast-page-background-meta":{"desktop":{"background-color":"","background-image":"","background-repeat":"repeat","background-position":"center center","background-size":"auto","background-attachment":"scroll","background-type":"","background-media":"","overlay-type":"","overlay-color":"","overlay-opacity":"","overlay-gradient":""},"tablet":{"background-color":"","background-image":"","background-repeat":"repeat","background-position":"center center","background-size":"auto","background-attachment":"scroll","background-type":"","background-media":"","overlay-type":"","overlay-color":"","overlay-opacity":"","overlay-gradient":""},"mobile":{"background-color":"","background-image":"","background-repeat":"repeat","background-position":"center center","background-size":"auto","background-attachment":"scroll","background-type":"","background-media":"","overlay-type":"","overlay-color":"","overlay-opacity":"","overlay-gradient":""}},"ast-content-background-meta":{"desktop":{"background-color":"var(--ast-global-color-5)","background-image":"","background-repeat":"repeat","background-position":"center center","background-size":"auto","background-attachment":"scroll","background-type":"","background-media":"","overlay-type":"","overlay-color":"","overlay-opacity":"","overlay-gradient":""},"tablet":{"background-color":"var(--ast-global-color-5)","background-image":"","background-repeat":"repeat","background-position":"center center","background-size":"auto","background-attachment":"scroll","background-type":"","background-media":"","overlay-type":"","overlay-color":"","overlay-opacity":"","overlay-gradient":""},"mobile":{"background-color":"var(--ast-global-color-5)","background-image":"","background-repeat":"repeat","background-position":"center center","background-size":"auto","background-attachment":"scroll","background-type":"","background-media":"","overlay-type":"","overlay-color":"","overlay-opacity":"","overlay-gradient":""}},"footnotes":""},"class_list":["post-1892","page","type-page","status-publish","hentry"],"uagb_featured_image_src":{"full":false,"thumbnail":false,"medium":false,"medium_large":false,"large":false,"wpsm_team_pro_small":false,"wpsm_team_pro_small3":false,"wpsm_team_pro_small4":false,"wpsm_team_pro_small5":false,"wpsm_team_pro_small6":false,"1536x1536":false,"2048x2048":false},"uagb_author_info":{"display_name":"gvc","author_link":"https:\/\/www.muenster.org\/gvc-schule\/author\/gvc\/"},"uagb_comment_info":0,"uagb_excerpt":"Ganzheitliche Erziehung Wir unterrichten, erziehen, beraten und unterst\u00fctzen. Wir bieten eine erweiterte Betreuung mit BiMi (Bis-Mittag-Betreuung) und OGS (Offene Ganztagsschule). Wir f\u00f6rdern die Chancengleichheit der Geschlechter und beseitigen die geschlechtertypischen Nachteile f\u00fcr M\u00e4dchen und Jungen. Verantwortung und Selbstst\u00e4ndigkeit Wir unterst\u00fctzen selbstst\u00e4ndiges und eigenverantwortliches Lernen und f\u00f6rdern Selbstst\u00e4ndigkeit, Selbstbewusstsein und Selbstreflexion. Wir achten auf eine Erziehung&hellip;","_links":{"self":[{"href":"https:\/\/www.muenster.org\/gvc-schule\/wp-json\/wp\/v2\/pages\/1892","targetHints":{"allow":["GET"]}}],"collection":[{"href":"https:\/\/www.muenster.org\/gvc-schule\/wp-json\/wp\/v2\/pages"}],"about":[{"href":"https:\/\/www.muenster.org\/gvc-schule\/wp-json\/wp\/v2\/types\/page"}],"author":[{"embeddable":true,"href":"https:\/\/www.muenster.org\/gvc-schule\/wp-json\/wp\/v2\/users\/1"}],"replies":[{"embeddable":true,"href":"https:\/\/www.muenster.org\/gvc-schule\/wp-json\/wp\/v2\/comments?post=1892"}],"version-history":[{"count":10,"href":"https:\/\/www.muenster.org\/gvc-schule\/wp-json\/wp\/v2\/pages\/1892\/revisions"}],"predecessor-version":[{"id":2722,"href":"https:\/\/www.muenster.org\/gvc-schule\/wp-json\/wp\/v2\/pages\/1892\/revisions\/2722"}],"wp:attachment":[{"href":"https:\/\/www.muenster.org\/gvc-schule\/wp-json\/wp\/v2\/media?parent=1892"}],"curies":[{"name":"wp","href":"https:\/\/api.w.org\/{rel}","templated":true}]}}