{"id":7717,"date":"2020-08-09T18:02:00","date_gmt":"2020-08-09T16:02:00","guid":{"rendered":"http:\/\/www.muenster.org\/fw-pensionaere\/?page_id=7717"},"modified":"2025-08-14T18:28:41","modified_gmt":"2025-08-14T16:28:41","slug":"neueste-nachrichten","status":"publish","type":"page","link":"https:\/\/www.muenster.org\/fw-pensionaere\/?page_id=7717","title":{"rendered":"Auch in diesem Jahr war uns der Wettergott positiv gestimmt und das Sommerfest ein voller Erfolg."},"content":{"rendered":"\n<p>Der Kollege &#8222;Tollie&#8220; hie\u00df uns alle &#8222;Herzlich Willkommen&#8220; und w\u00fcnschte uns ein sch\u00f6nes Sommerfest.<\/p>\n\n\n\n<figure class=\"wp-block-image size-large is-resized\"><img loading=\"lazy\" decoding=\"async\" width=\"450\" height=\"600\" src=\"https:\/\/www.muenster.org\/fw-pensionaere\/wp-content\/uploads\/2025\/08\/IMG_4536-450x600.jpeg\" alt=\"\" class=\"wp-image-9823\" style=\"width:512px;height:auto\" srcset=\"https:\/\/www.muenster.org\/fw-pensionaere\/wp-content\/uploads\/2025\/08\/IMG_4536-450x600.jpeg 450w, https:\/\/www.muenster.org\/fw-pensionaere\/wp-content\/uploads\/2025\/08\/IMG_4536-225x300.jpeg 225w, https:\/\/www.muenster.org\/fw-pensionaere\/wp-content\/uploads\/2025\/08\/IMG_4536-768x1024.jpeg 768w, https:\/\/www.muenster.org\/fw-pensionaere\/wp-content\/uploads\/2025\/08\/IMG_4536-1152x1536.jpeg 1152w, https:\/\/www.muenster.org\/fw-pensionaere\/wp-content\/uploads\/2025\/08\/IMG_4536-1536x2048.jpeg 1536w, https:\/\/www.muenster.org\/fw-pensionaere\/wp-content\/uploads\/2025\/08\/IMG_4536-scaled.jpeg 1920w\" sizes=\"auto, (max-width: 450px) 100vw, 450px\" \/><\/figure>\n\n\n\n<p>Und dann ein ganz gro\u00dfes &#8222;Dankesch\u00f6n&#8220; an Marvin, der uns wieder die Location &#8211; Jovel-Club- zur Verf\u00fcgung gestellt hat. Ein weiteres Dankesch\u00f6n an die Thekencrew -Lothar und Wolfgang- und an den Cover Eugen, die uns alle &#8222;Drei &#8220; alle W\u00fcnsche von den Augen abgelesen haben.<\/p>\n\n\n\n<figure class=\"wp-block-image size-large is-resized\"><img loading=\"lazy\" decoding=\"async\" width=\"450\" height=\"600\" src=\"https:\/\/www.muenster.org\/fw-pensionaere\/wp-content\/uploads\/2025\/08\/IMG_4546-450x600.jpeg\" alt=\"\" class=\"wp-image-9819\" style=\"width:513px;height:auto\" srcset=\"https:\/\/www.muenster.org\/fw-pensionaere\/wp-content\/uploads\/2025\/08\/IMG_4546-450x600.jpeg 450w, https:\/\/www.muenster.org\/fw-pensionaere\/wp-content\/uploads\/2025\/08\/IMG_4546-225x300.jpeg 225w, https:\/\/www.muenster.org\/fw-pensionaere\/wp-content\/uploads\/2025\/08\/IMG_4546-768x1024.jpeg 768w, https:\/\/www.muenster.org\/fw-pensionaere\/wp-content\/uploads\/2025\/08\/IMG_4546-1152x1536.jpeg 1152w, https:\/\/www.muenster.org\/fw-pensionaere\/wp-content\/uploads\/2025\/08\/IMG_4546-1536x2048.jpeg 1536w, https:\/\/www.muenster.org\/fw-pensionaere\/wp-content\/uploads\/2025\/08\/IMG_4546-scaled.jpeg 1920w\" sizes=\"auto, (max-width: 450px) 100vw, 450px\" \/><\/figure>\n\n\n\n<p>Es wurde gegrillt und alles schmeckte super gut.<\/p>\n\n\n\n<figure class=\"wp-block-image size-large is-resized\"><img loading=\"lazy\" decoding=\"async\" width=\"450\" height=\"600\" src=\"https:\/\/www.muenster.org\/fw-pensionaere\/wp-content\/uploads\/2025\/08\/IMG_4538-450x600.jpeg\" alt=\"\" class=\"wp-image-9820\" style=\"width:513px;height:auto\" srcset=\"https:\/\/www.muenster.org\/fw-pensionaere\/wp-content\/uploads\/2025\/08\/IMG_4538-450x600.jpeg 450w, https:\/\/www.muenster.org\/fw-pensionaere\/wp-content\/uploads\/2025\/08\/IMG_4538-225x300.jpeg 225w, https:\/\/www.muenster.org\/fw-pensionaere\/wp-content\/uploads\/2025\/08\/IMG_4538-768x1024.jpeg 768w, https:\/\/www.muenster.org\/fw-pensionaere\/wp-content\/uploads\/2025\/08\/IMG_4538-1152x1536.jpeg 1152w, https:\/\/www.muenster.org\/fw-pensionaere\/wp-content\/uploads\/2025\/08\/IMG_4538-1536x2048.jpeg 1536w, https:\/\/www.muenster.org\/fw-pensionaere\/wp-content\/uploads\/2025\/08\/IMG_4538-scaled.jpeg 1920w\" sizes=\"auto, (max-width: 450px) 100vw, 450px\" \/><\/figure>\n\n\n\n<p>Im Anschluss bei Kaffee und Kuchen und weiteren Kalt-Getr\u00e4nken wurde viel in gem\u00fctlichen Runden \u00fcber fr\u00fchere Zeiten und aktuelles Zeitgeschehen geprochen.<\/p>\n\n\n\n<figure class=\"wp-block-image size-large is-resized\"><img loading=\"lazy\" decoding=\"async\" width=\"450\" height=\"600\" src=\"https:\/\/www.muenster.org\/fw-pensionaere\/wp-content\/uploads\/2025\/08\/IMG_4528-450x600.jpeg\" alt=\"\" class=\"wp-image-9821\" style=\"width:512px;height:auto\" srcset=\"https:\/\/www.muenster.org\/fw-pensionaere\/wp-content\/uploads\/2025\/08\/IMG_4528-450x600.jpeg 450w, https:\/\/www.muenster.org\/fw-pensionaere\/wp-content\/uploads\/2025\/08\/IMG_4528-225x300.jpeg 225w, https:\/\/www.muenster.org\/fw-pensionaere\/wp-content\/uploads\/2025\/08\/IMG_4528-768x1024.jpeg 768w, https:\/\/www.muenster.org\/fw-pensionaere\/wp-content\/uploads\/2025\/08\/IMG_4528-1152x1536.jpeg 1152w, https:\/\/www.muenster.org\/fw-pensionaere\/wp-content\/uploads\/2025\/08\/IMG_4528-1536x2048.jpeg 1536w, https:\/\/www.muenster.org\/fw-pensionaere\/wp-content\/uploads\/2025\/08\/IMG_4528-scaled.jpeg 1920w\" sizes=\"auto, (max-width: 450px) 100vw, 450px\" \/><\/figure>\n\n\n\n<figure class=\"wp-block-image size-large is-resized\"><img loading=\"lazy\" decoding=\"async\" width=\"450\" height=\"600\" src=\"https:\/\/www.muenster.org\/fw-pensionaere\/wp-content\/uploads\/2025\/08\/IMG_4523-450x600.jpeg\" alt=\"\" class=\"wp-image-9822\" style=\"width:512px;height:auto\" srcset=\"https:\/\/www.muenster.org\/fw-pensionaere\/wp-content\/uploads\/2025\/08\/IMG_4523-450x600.jpeg 450w, https:\/\/www.muenster.org\/fw-pensionaere\/wp-content\/uploads\/2025\/08\/IMG_4523-225x300.jpeg 225w, https:\/\/www.muenster.org\/fw-pensionaere\/wp-content\/uploads\/2025\/08\/IMG_4523-768x1024.jpeg 768w, https:\/\/www.muenster.org\/fw-pensionaere\/wp-content\/uploads\/2025\/08\/IMG_4523-1152x1536.jpeg 1152w, https:\/\/www.muenster.org\/fw-pensionaere\/wp-content\/uploads\/2025\/08\/IMG_4523-1536x2048.jpeg 1536w, https:\/\/www.muenster.org\/fw-pensionaere\/wp-content\/uploads\/2025\/08\/IMG_4523-scaled.jpeg 1920w\" sizes=\"auto, (max-width: 450px) 100vw, 450px\" \/><\/figure>\n\n\n\n<figure class=\"wp-block-image size-large is-resized\"><img loading=\"lazy\" decoding=\"async\" width=\"450\" height=\"600\" src=\"https:\/\/www.muenster.org\/fw-pensionaere\/wp-content\/uploads\/2025\/08\/IMG_4548-1-450x600.jpeg\" alt=\"\" class=\"wp-image-9824\" style=\"width:512px;height:auto\" srcset=\"https:\/\/www.muenster.org\/fw-pensionaere\/wp-content\/uploads\/2025\/08\/IMG_4548-1-450x600.jpeg 450w, https:\/\/www.muenster.org\/fw-pensionaere\/wp-content\/uploads\/2025\/08\/IMG_4548-1-225x300.jpeg 225w, https:\/\/www.muenster.org\/fw-pensionaere\/wp-content\/uploads\/2025\/08\/IMG_4548-1-768x1024.jpeg 768w, https:\/\/www.muenster.org\/fw-pensionaere\/wp-content\/uploads\/2025\/08\/IMG_4548-1-1152x1536.jpeg 1152w, https:\/\/www.muenster.org\/fw-pensionaere\/wp-content\/uploads\/2025\/08\/IMG_4548-1-1536x2048.jpeg 1536w, https:\/\/www.muenster.org\/fw-pensionaere\/wp-content\/uploads\/2025\/08\/IMG_4548-1-scaled.jpeg 1920w\" sizes=\"auto, (max-width: 450px) 100vw, 450px\" \/><\/figure>\n\n\n\n<p>Ich denke, es hat allen gut gefallen und wir freuen uns auf das n\u00e4chste Sommerfest 2026 !!!<\/p>\n\n\n\n<p class=\"has-large-font-size\"><mark style=\"background-color:rgba(0, 0, 0, 0)\" class=\"has-inline-color has-vivid-purple-color\"><\/mark><mark style=\"background-color:rgba(0, 0, 0, 0)\" class=\"has-inline-color has-vivid-purple-color\"><\/mark><mark style=\"background-color:rgba(0, 0, 0, 0)\" class=\"has-inline-color has-vivid-purple-color\"><\/mark><mark style=\"background-color:rgba(0, 0, 0, 0)\" class=\"has-inline-color has-vivid-purple-color\"><\/mark><mark style=\"background-color:rgba(0, 0, 0, 0)\" class=\"has-inline-color has-vivid-purple-color\"><\/mark><mark style=\"background-color:rgba(0, 0, 0, 0)\" class=\"has-inline-color has-vivid-purple-color\"><\/mark><\/p>\n\n\n\n<p><\/p>\n\n\n\n<p><\/p>\n\n\n\n<p><\/p>\n\n\n\n<p><\/p>\n\n\n\n<p><\/p>\n\n\n\n<p><\/p>\n\n\n\n<p><\/p>\n\n\n\n<p><\/p>\n\n\n\n<p><\/p>\n\n\n\n<p><\/p>\n\n\n\n<p><\/p>\n\n\n\n<p><\/p>\n\n\n\n<p><\/p>\n\n\n\n<p><\/p>\n\n\n\n<p><\/p>\n\n\n\n<p><\/p>\n\n\n\n<p><\/p>\n\n\n\n<p><\/p>\n\n\n\n<p><\/p>\n\n\n\n<p><\/p>\n\n\n\n<p><\/p>\n\n\n\n<p><\/p>\n\n\n\n<p><\/p>\n\n\n\n<p class=\"has-large-font-size\"><mark style=\"background-color:rgba(0, 0, 0, 0)\" class=\"has-inline-color has-vivid-purple-color\"><\/mark><\/p>\n\n\n\n<p class=\"has-large-font-size\"><mark style=\"background-color:rgba(0, 0, 0, 0)\" class=\"has-inline-color has-vivid-purple-color\"><\/mark><\/p>\n\n\n\n<p class=\"has-cyan-bluish-gray-color has-text-color has-small-font-size\"><mark style=\"background-color:rgba(0, 0, 0, 0)\" class=\"has-inline-color has-vivid-purple-color\"><\/mark><mark style=\"background-color:rgba(0, 0, 0, 0)\" class=\"has-inline-color has-vivid-green-cyan-color\"><\/mark><\/p>\n\n\n\n<p class=\"has-large-font-size\"><\/p>\n\n\n\n<p><\/p>\n\n\n\n<p><\/p>\n\n\n\n<p><\/p>\n\n\n\n<p><\/p>\n\n\n\n<p class=\"has-large-font-size\"><\/p>\n\n\n\n<p><\/p>\n\n\n\n<p><\/p>\n\n\n\n<p><\/p>\n\n\n\n<p><\/p>\n\n\n\n<p><\/p>\n\n\n\n<p><\/p>\n\n\n\n<p><\/p>\n\n\n\n<p><\/p>\n\n\n\n<p><\/p>\n\n\n\n<p><\/p>\n\n\n\n<p><\/p>\n\n\n\n<p><\/p>\n\n\n\n<p><\/p>\n\n\n\n<p><\/p>\n\n\n\n<p><\/p>\n\n\n\n<p><\/p>\n\n\n\n<p><\/p>\n\n\n\n<p><\/p>\n\n\n\n<p><\/p>\n\n\n\n<p><\/p>\n\n\n\n<p><\/p>\n\n\n\n<p><\/p>\n\n\n\n<p><\/p>\n\n\n\n<p><\/p>\n\n\n\n<p><\/p>\n\n\n\n<p><\/p>\n\n\n\n<p><\/p>\n\n\n\n<p><\/p>\n\n\n\n<p><\/p>\n\n\n\n<p><\/p>\n\n\n\n<p><\/p>\n\n\n\n<p><\/p>\n\n\n\n<p><\/p>\n\n\n\n<p><\/p>\n\n\n\n<p><\/p>\n\n\n\n<p><\/p>\n\n\n\n<p><\/p>\n\n\n\n<p><\/p>\n\n\n\n<p><\/p>\n\n\n\n<p><\/p>\n\n\n\n<p><\/p>\n\n\n\n<p><\/p>\n\n\n\n<p><\/p>\n\n\n\n<p><\/p>\n\n\n\n<p><\/p>\n\n\n\n<p><\/p>\n\n\n\n<p><\/p>\n\n\n\n<p><\/p>\n\n\n\n<p><\/p>\n\n\n\n<p><\/p>\n\n\n\n<p><\/p>\n\n\n\n<p><\/p>\n\n\n\n<p><\/p>\n\n\n\n<p><\/p>\n\n\n\n<p><\/p>\n\n\n\n<p><\/p>\n\n\n\n<p><span class=\"has-inline-color has-vivid-red-color\"><\/span><\/p>\n","protected":false},"excerpt":{"rendered":"<p>Der Kollege &#8222;Tollie&#8220; hie\u00df uns alle &#8222;Herzlich Willkommen&#8220; und w\u00fcnschte uns ein sch\u00f6nes Sommerfest. Und dann ein ganz gro\u00dfes &#8222;Dankesch\u00f6n&#8220; an Marvin, der uns wieder die Location &#8211; Jovel-Club- zur Verf\u00fcgung gestellt hat. Ein weiteres Dankesch\u00f6n an die Thekencrew -Lothar und Wolfgang- und an den Cover Eugen, die uns alle &#8222;Drei &#8220; alle W\u00fcnsche von [&hellip;]<\/p>\n","protected":false},"author":5,"featured_media":0,"parent":0,"menu_order":0,"comment_status":"closed","ping_status":"closed","template":"","meta":{"ngg_post_thumbnail":0,"footnotes":""},"class_list":["post-7717","page","type-page","status-publish","hentry"],"_links":{"self":[{"href":"https:\/\/www.muenster.org\/fw-pensionaere\/index.php?rest_route=\/wp\/v2\/pages\/7717","targetHints":{"allow":["GET"]}}],"collection":[{"href":"https:\/\/www.muenster.org\/fw-pensionaere\/index.php?rest_route=\/wp\/v2\/pages"}],"about":[{"href":"https:\/\/www.muenster.org\/fw-pensionaere\/index.php?rest_route=\/wp\/v2\/types\/page"}],"author":[{"embeddable":true,"href":"https:\/\/www.muenster.org\/fw-pensionaere\/index.php?rest_route=\/wp\/v2\/users\/5"}],"replies":[{"embeddable":true,"href":"https:\/\/www.muenster.org\/fw-pensionaere\/index.php?rest_route=%2Fwp%2Fv2%2Fcomments&post=7717"}],"version-history":[{"count":413,"href":"https:\/\/www.muenster.org\/fw-pensionaere\/index.php?rest_route=\/wp\/v2\/pages\/7717\/revisions"}],"predecessor-version":[{"id":9834,"href":"https:\/\/www.muenster.org\/fw-pensionaere\/index.php?rest_route=\/wp\/v2\/pages\/7717\/revisions\/9834"}],"wp:attachment":[{"href":"https:\/\/www.muenster.org\/fw-pensionaere\/index.php?rest_route=%2Fwp%2Fv2%2Fmedia&parent=7717"}],"curies":[{"name":"wp","href":"https:\/\/api.w.org\/{rel}","templated":true}]}}