{"id":1147,"date":"2011-02-11T23:15:43","date_gmt":"2011-02-11T22:15:43","guid":{"rendered":"http:\/\/www.muenster.org\/fw-pensionaere\/?page_id=1147"},"modified":"2020-01-16T23:09:43","modified_gmt":"2020-01-16T22:09:43","slug":"feuer-und-flamme-2011","status":"publish","type":"page","link":"https:\/\/www.muenster.org\/fw-pensionaere\/?page_id=1147","title":{"rendered":"2011 02.07 Prinz Robert"},"content":{"rendered":"<p>Bei\u00a0 unsereren\u00a0 Treffen am\u00a0 7.02. 2011\u00a0 besuchte uns \u00a0Prinz Robert I.\u00a0 \u00a0Er ist wohl\u00a0 der erste aktive Berufsfeuerwehrmann der die Prinzen(haken) leiter in unserer Stadt erklommen hat. Begleitet wurde\u00a0 \u00a0Robert der I. von Wolfgang Hugenberg\u00a0 und\u00a0 Horst Brink<\/p>\n<p><a href=\"http:\/\/www.muenster.org\/fw-pensionaere\/wp-content\/uploads\/2011\/02\/Robert-2.jpg\"><img loading=\"lazy\" decoding=\"async\" class=\"size-medium wp-image-1150 alignright\" title=\"_Robert 2\" src=\"http:\/\/www.muenster.org\/fw-pensionaere\/wp-content\/uploads\/2011\/02\/Robert-2-300x168.jpg\" alt=\"\" width=\"290\" height=\"168\" \/><\/a><\/p>\n<p>.<\/p>\n<p>Horst Brink, ist uns allen noch als Prinz Horst III\u00a0 der Session 1974 in Erinnerung. Er hat uns 1974 in unseren eigenen Katakomben am Yorkring w\u00e4hrend einer rauschenden Ballnacht<\/p>\n<p style=\"text-align: center;\"><a href=\"http:\/\/www.muenster.org\/fw-pensionaere\/wp-content\/uploads\/2011\/02\/helau-2.jpg\"><img loading=\"lazy\" decoding=\"async\" class=\"size-medium wp-image-1151 aligncenter\" title=\"helau 2\" src=\"http:\/\/www.muenster.org\/fw-pensionaere\/wp-content\/uploads\/2011\/02\/helau-2-221x300.jpg\" alt=\"\" width=\"217\" height=\"123\" \/><\/a><\/p>\n<p style=\"text-align: left;\">mit seinem Hofstaat\u00a0 besucht.<\/p>\n<p style=\"text-align: left;\"><a href=\"http:\/\/www.muenster.org\/fw-pensionaere\/wp-content\/uploads\/2011\/02\/helau-1.jpg\"><img loading=\"lazy\" decoding=\"async\" class=\"size-medium wp-image-1152 alignright\" title=\"helau 1\" src=\"http:\/\/www.muenster.org\/fw-pensionaere\/wp-content\/uploads\/2011\/02\/helau-1-300x207.jpg\" alt=\"\" width=\"230\" height=\"202\" \/><\/a><\/p>\n<p>War ja auch nicht schlecht, oder?<\/p>\n<p>Unser Prinz Robert I. ist mit den meisten von unserer\u00a0 Truppe schon durch Feuer, Flamme und \u00d6lwanne \u00a0gegangen. Mit einigen\u00a0 auch schon\u00a0 durch ein kleines Fegefeuer.\u00a0 <a href=\"http:\/\/www.muenster.org\/fw-pensionaere\/wp-content\/uploads\/2011\/02\/Robert-3.jpg\"><img loading=\"lazy\" decoding=\"async\" class=\"alignleft size-medium wp-image-1153\" title=\"_Robert 3\" src=\"http:\/\/www.muenster.org\/fw-pensionaere\/wp-content\/uploads\/2011\/02\/Robert-3-300x168.jpg\" alt=\"\" width=\"248\" height=\"182\" \/><\/a>So dass wir ihm nicht nur die Stangen, f\u00fcr das Feuer und Flamme Transparent, \u00a0in der Session 2011 halten werden, sondern auch unsere dicken Daumen dr\u00fccken, dass alles gut wird und geht.<\/p>\n<p><a href=\"http:\/\/www.muenster.org\/fw-pensionaere\/wp-content\/uploads\/2011\/02\/Robert-41.jpg\"><img loading=\"lazy\" decoding=\"async\" class=\"size-medium wp-image-1157 alignright\" title=\"_Robert 4\" src=\"http:\/\/www.muenster.org\/fw-pensionaere\/wp-content\/uploads\/2011\/02\/Robert-41-300x168.jpg\" alt=\"\" width=\"200\" height=\"139\" \/><\/a><\/p>\n<p style=\"text-align: right;\">Einige Orden f\u00fcr betagte und verdiente\u00a0 Mitglieder der Pension\u00e4rsvereinigung\u00a0 hatte der StallmeisterdesPrinzen auch<\/p>\n<p style=\"text-align: center;\">in seinen<\/p>\n<p style=\"text-align: center;\"><a href=\"http:\/\/www.muenster.org\/fw-pensionaere\/wp-content\/uploads\/2011\/02\/car-41.jpg\"><img loading=\"lazy\" decoding=\"async\" class=\"aligncenter size-medium wp-image-1156\" title=\"car 4\" src=\"http:\/\/www.muenster.org\/fw-pensionaere\/wp-content\/uploads\/2011\/02\/car-41-300x225.jpg\" alt=\"\" width=\"253\" height=\"187\" \/><\/a> Bagagewagen mitgebracht.<\/p>\n<p>Sichtlich erleichtert von der schweren (Ordens) B\u00fcrde ging danach\u00a0 das Dreigestirn zum gem\u00fctlichen Teil der Veranstaltung \u00fcber.\u00a0 AL 37, ein \u00a0vom K\u00f6lsche\u00a0 Karneval\u00a0 infizierter Westfale\u00a0 und der PR Vorsitzende, der dem ZiBoMo verbunden ist, kamen aufgrund der sich immer mehr steigernden Lautst\u00e4rke im Zollernsaal nicht mehr zu Wort.<a href=\"http:\/\/www.muenster.org\/fw-pensionaere\/?attachment_id=1214\" rel=\"attachment wp-att-1214\"><img loading=\"lazy\" decoding=\"async\" class=\"alignleft size-medium wp-image-1214\" title=\"Robert1 Prinz f\u00fcr Feuer und Flamme 028\" src=\"http:\/\/www.muenster.org\/fw-pensionaere\/wp-content\/uploads\/2011\/02\/Robert1-Prinz-f\u00fcr-Feuer-und-Flamme-028-300x168.jpg\" alt=\"\" width=\"238\" height=\"133\" srcset=\"https:\/\/www.muenster.org\/fw-pensionaere\/wp-content\/uploads\/2011\/02\/Robert1-Prinz-f\u00fcr-Feuer-und-Flamme-028-300x168.jpg 300w, https:\/\/www.muenster.org\/fw-pensionaere\/wp-content\/uploads\/2011\/02\/Robert1-Prinz-f\u00fcr-Feuer-und-Flamme-028-800x449.jpg 800w\" sizes=\"auto, (max-width: 238px) 100vw, 238px\" \/><\/a><\/p>\n<p>Die leicht aufkommende Kritik, dass Robert nicht das Amazonentanzkoprs mitgebracht hatte (die Tische waren schon alle leerger\u00e4umt ), verstummte aufgrund der Lautst\u00e4rke auch schnell im Saal. Unser Prinz begr\u00fcndete allerdings in einem vier Augengespr\u00e4ch das nicht erscheinen der Tanztruppe mit dem Hinweis, dass\u00a0 Ihm nur unser gesundheitliches Wohlergehen wichtig sei und deswegen\u00a0 die langbeinigen Damen zu Hause bleiben mussten!!!<\/p>\n<p style=\"text-align: center;\">Ist das nicht ein Hammer?<\/p>\n<p style=\"text-align: center;\">[jwplayer mediaid=&#8220;1215&#8243;]<\/p>\n<p style=\"text-align: left;\"><span style=\"color: #ff6600;\">Film: <span style=\"color: #ffffff;\">Bruno<\/span><\/span><\/p>\n<p style=\"text-align: left;\"><span style=\"color: #ff6600;\">Design:<span style=\"color: #ffffff;\"> Bruno<\/span><\/span><\/p>\n<p style=\"text-align: left;\"><span style=\"color: #ff6600;\"><span style=\"color: #ffffff;\"><a href=\"http:\/\/www.muenster.org\/fw-pensionaere\/?attachment_id=1311\" rel=\"attachment wp-att-1311\"><img loading=\"lazy\" decoding=\"async\" class=\"alignleft size-medium wp-image-1311\" title=\"Montagstreff am 14.02.2011\" src=\"http:\/\/www.muenster.org\/fw-pensionaere\/wp-content\/uploads\/2011\/02\/Montagstreff-am-14.02.2011-300x200.jpg\" alt=\"\" width=\"300\" height=\"200\" srcset=\"https:\/\/www.muenster.org\/fw-pensionaere\/wp-content\/uploads\/2011\/02\/Montagstreff-am-14.02.2011-300x200.jpg 300w, https:\/\/www.muenster.org\/fw-pensionaere\/wp-content\/uploads\/2011\/02\/Montagstreff-am-14.02.2011-800x535.jpg 800w\" sizes=\"auto, (max-width: 300px) 100vw, 300px\" \/><\/a><\/span><\/span><\/p>\n<p style=\"text-align: center;\">\n","protected":false},"excerpt":{"rendered":"<p>Bei\u00a0 unsereren\u00a0 Treffen am\u00a0 7.02. 2011\u00a0 besuchte uns \u00a0Prinz Robert I.\u00a0 \u00a0Er ist wohl\u00a0 der erste aktive Berufsfeuerwehrmann der die Prinzen(haken) leiter in unserer Stadt erklommen hat. Begleitet wurde\u00a0 \u00a0Robert der I. von Wolfgang Hugenberg\u00a0 und\u00a0 Horst Brink . Horst Brink, ist uns allen noch als Prinz Horst III\u00a0 der Session 1974 in Erinnerung. Er [&hellip;]<\/p>\n","protected":false},"author":5,"featured_media":0,"parent":145,"menu_order":617,"comment_status":"closed","ping_status":"closed","template":"","meta":{"ngg_post_thumbnail":0,"footnotes":""},"class_list":["post-1147","page","type-page","status-publish","hentry"],"_links":{"self":[{"href":"https:\/\/www.muenster.org\/fw-pensionaere\/index.php?rest_route=\/wp\/v2\/pages\/1147","targetHints":{"allow":["GET"]}}],"collection":[{"href":"https:\/\/www.muenster.org\/fw-pensionaere\/index.php?rest_route=\/wp\/v2\/pages"}],"about":[{"href":"https:\/\/www.muenster.org\/fw-pensionaere\/index.php?rest_route=\/wp\/v2\/types\/page"}],"author":[{"embeddable":true,"href":"https:\/\/www.muenster.org\/fw-pensionaere\/index.php?rest_route=\/wp\/v2\/users\/5"}],"replies":[{"embeddable":true,"href":"https:\/\/www.muenster.org\/fw-pensionaere\/index.php?rest_route=%2Fwp%2Fv2%2Fcomments&post=1147"}],"version-history":[{"count":69,"href":"https:\/\/www.muenster.org\/fw-pensionaere\/index.php?rest_route=\/wp\/v2\/pages\/1147\/revisions"}],"predecessor-version":[{"id":9219,"href":"https:\/\/www.muenster.org\/fw-pensionaere\/index.php?rest_route=\/wp\/v2\/pages\/1147\/revisions\/9219"}],"up":[{"embeddable":true,"href":"https:\/\/www.muenster.org\/fw-pensionaere\/index.php?rest_route=\/wp\/v2\/pages\/145"}],"wp:attachment":[{"href":"https:\/\/www.muenster.org\/fw-pensionaere\/index.php?rest_route=%2Fwp%2Fv2%2Fmedia&parent=1147"}],"curies":[{"name":"wp","href":"https:\/\/api.w.org\/{rel}","templated":true}]}}