{"id":1866,"date":"2026-01-25T13:41:08","date_gmt":"2026-01-25T12:41:08","guid":{"rendered":"https:\/\/www.muenster.org\/dfgms\/?post_type=tribe_events&#038;p=1866"},"modified":"2026-01-25T13:41:08","modified_gmt":"2026-01-25T12:41:08","slug":"visite-de-nos-amis-de-lafa-orleans-a-muenster","status":"publish","type":"tribe_events","link":"https:\/\/www.muenster.org\/dfgms\/event\/visite-de-nos-amis-de-lafa-orleans-a-muenster\/","title":{"rendered":"Visite de nos amis de l&#8217;AFA Orl\u00e9ans \u00e0 M\u00fcnster"},"content":{"rendered":"<p><strong>Visite de nos amis de l&#8217;AFA Orl\u00e9ans<\/strong> \u00e0 M\u00fcnster \/ <strong>Besuch unserer Freunde von der AFA Orl\u00e9ans<\/strong> in M\u00fcnster.<\/p>\n<p>Si vous avez de la place et envie de loger nos amis, veuillez nous informer par e-mail. Vous contribuerez aussi au programm de ces jours, si vous voulez.<\/p>\n<p>\ud83d\udce7\u00a0<strong>E-Mail:<\/strong>\u00a0<a class=\"\" href=\"mailto:dfg@muenster.de\" target=\"_blank\" rel=\"noreferrer noopener\">dfg@muenster.de<\/a><\/p>\n","protected":false},"excerpt":{"rendered":"<p>Visite de nos amis de l&#8217;AFA Orl\u00e9ans \u00e0 M\u00fcnster \/ Besuch unserer Freunde von der AFA Orl\u00e9ans in M\u00fcnster. Si vous avez de la place et envie de loger nos amis, veuillez nous informer par e-mail. Vous contribuerez aussi au programm de ces jours, si vous voulez. \ud83d\udce7\u00a0E-Mail:\u00a0dfg@muenster.de<\/p>\n","protected":false},"author":51,"featured_media":0,"template":"","meta":{"_tribe_events_status":"","_tribe_events_status_reason":"","footnotes":""},"tags":[],"tribe_events_cat":[46],"class_list":["post-1866","tribe_events","type-tribe_events","status-publish","hentry","tribe_events_cat-partnerschaft","cat_partnerschaft"],"yoast_head":"<!-- This site is optimized with the Yoast SEO plugin v26.0 - https:\/\/yoast.com\/wordpress\/plugins\/seo\/ -->\n<title>Visite de nos amis de l&#039;AFA Orl\u00e9ans \u00e0 M\u00fcnster - Deutsch-Franz\u00f6sische Gesellschaft M\u00fcnster e.V.<\/title>\n<meta name=\"robots\" content=\"index, follow, max-snippet:-1, max-image-preview:large, max-video-preview:-1\" \/>\n<link rel=\"canonical\" href=\"https:\/\/www.muenster.org\/dfgms\/event\/visite-de-nos-amis-de-lafa-orleans-a-muenster\/\" \/>\n<meta property=\"og:locale\" content=\"de_DE\" \/>\n<meta property=\"og:type\" content=\"article\" \/>\n<meta property=\"og:title\" content=\"Visite de nos amis de l&#039;AFA Orl\u00e9ans \u00e0 M\u00fcnster - Deutsch-Franz\u00f6sische Gesellschaft M\u00fcnster e.V.\" \/>\n<meta property=\"og:description\" content=\"Visite de nos amis de l&#8217;AFA Orl\u00e9ans \u00e0 M\u00fcnster \/ Besuch unserer Freunde von der AFA Orl\u00e9ans in M\u00fcnster. Si vous avez de la place et envie de loger nos amis, veuillez nous informer par e-mail. Vous contribuerez aussi au programm de ces jours, si vous voulez. \ud83d\udce7\u00a0E-Mail:\u00a0dfg@muenster.de\" \/>\n<meta property=\"og:url\" content=\"https:\/\/www.muenster.org\/dfgms\/event\/visite-de-nos-amis-de-lafa-orleans-a-muenster\/\" \/>\n<meta property=\"og:site_name\" content=\"Deutsch-Franz\u00f6sische Gesellschaft M\u00fcnster e.V.\" \/>\n<meta name=\"twitter:card\" content=\"summary_large_image\" \/>\n<meta name=\"twitter:label1\" content=\"Gesch\u00e4tzte Lesezeit\" \/>\n\t<meta name=\"twitter:data1\" content=\"1\u00a0Minute\" \/>\n<script type=\"application\/ld+json\" class=\"yoast-schema-graph\">{\"@context\":\"https:\/\/schema.org\",\"@graph\":[{\"@type\":\"WebPage\",\"@id\":\"https:\/\/www.muenster.org\/dfgms\/event\/visite-de-nos-amis-de-lafa-orleans-a-muenster\/\",\"url\":\"https:\/\/www.muenster.org\/dfgms\/event\/visite-de-nos-amis-de-lafa-orleans-a-muenster\/\",\"name\":\"Visite de nos amis de l'AFA Orl\u00e9ans \u00e0 M\u00fcnster - Deutsch-Franz\u00f6sische Gesellschaft M\u00fcnster e.V.\",\"isPartOf\":{\"@id\":\"https:\/\/www.muenster.org\/dfgms\/#website\"},\"datePublished\":\"2026-01-25T12:41:08+00:00\",\"breadcrumb\":{\"@id\":\"https:\/\/www.muenster.org\/dfgms\/event\/visite-de-nos-amis-de-lafa-orleans-a-muenster\/#breadcrumb\"},\"inLanguage\":\"de\",\"potentialAction\":[{\"@type\":\"ReadAction\",\"target\":[\"https:\/\/www.muenster.org\/dfgms\/event\/visite-de-nos-amis-de-lafa-orleans-a-muenster\/\"]}]},{\"@type\":\"BreadcrumbList\",\"@id\":\"https:\/\/www.muenster.org\/dfgms\/event\/visite-de-nos-amis-de-lafa-orleans-a-muenster\/#breadcrumb\",\"itemListElement\":[{\"@type\":\"ListItem\",\"position\":1,\"name\":\"Startseite\"},{\"@type\":\"ListItem\",\"position\":2,\"name\":\"Veranstaltungen\",\"item\":\"https:\/\/www.muenster.org\/dfgms\/events\/\"},{\"@type\":\"ListItem\",\"position\":3,\"name\":\"Visite de nos amis de l&#8217;AFA Orl\u00e9ans \u00e0 M\u00fcnster\"}]},{\"@type\":\"WebSite\",\"@id\":\"https:\/\/www.muenster.org\/dfgms\/#website\",\"url\":\"https:\/\/www.muenster.org\/dfgms\/\",\"name\":\"Deutsch-Franz\u00f6sische Gesellschaft M\u00fcnster e.V.\",\"description\":\"\",\"publisher\":{\"@id\":\"https:\/\/www.muenster.org\/dfgms\/#organization\"},\"potentialAction\":[{\"@type\":\"SearchAction\",\"target\":{\"@type\":\"EntryPoint\",\"urlTemplate\":\"https:\/\/www.muenster.org\/dfgms\/?s={search_term_string}\"},\"query-input\":{\"@type\":\"PropertyValueSpecification\",\"valueRequired\":true,\"valueName\":\"search_term_string\"}}],\"inLanguage\":\"de\"},{\"@type\":\"Organization\",\"@id\":\"https:\/\/www.muenster.org\/dfgms\/#organization\",\"name\":\"Deutsch-Franz\u00f6sische Gesellschaft M\u00fcnster e.V.\",\"url\":\"https:\/\/www.muenster.org\/dfgms\/\",\"logo\":{\"@type\":\"ImageObject\",\"inLanguage\":\"de\",\"@id\":\"https:\/\/www.muenster.org\/dfgms\/#\/schema\/logo\/image\/\",\"url\":\"https:\/\/www.muenster.org\/dfgms\/wp-content\/uploads\/2025\/10\/NewLogoYellow-140x140-1-e1764328303462.jpg\",\"contentUrl\":\"https:\/\/www.muenster.org\/dfgms\/wp-content\/uploads\/2025\/10\/NewLogoYellow-140x140-1-e1764328303462.jpg\",\"width\":110,\"height\":108,\"caption\":\"Deutsch-Franz\u00f6sische Gesellschaft M\u00fcnster e.V.\"},\"image\":{\"@id\":\"https:\/\/www.muenster.org\/dfgms\/#\/schema\/logo\/image\/\"}}]}<\/script>\n<!-- \/ Yoast SEO plugin. -->","yoast_head_json":{"title":"Visite de nos amis de l'AFA Orl\u00e9ans \u00e0 M\u00fcnster - Deutsch-Franz\u00f6sische Gesellschaft M\u00fcnster e.V.","robots":{"index":"index","follow":"follow","max-snippet":"max-snippet:-1","max-image-preview":"max-image-preview:large","max-video-preview":"max-video-preview:-1"},"canonical":"https:\/\/www.muenster.org\/dfgms\/event\/visite-de-nos-amis-de-lafa-orleans-a-muenster\/","og_locale":"de_DE","og_type":"article","og_title":"Visite de nos amis de l'AFA Orl\u00e9ans \u00e0 M\u00fcnster - Deutsch-Franz\u00f6sische Gesellschaft M\u00fcnster e.V.","og_description":"Visite de nos amis de l&#8217;AFA Orl\u00e9ans \u00e0 M\u00fcnster \/ Besuch unserer Freunde von der AFA Orl\u00e9ans in M\u00fcnster. Si vous avez de la place et envie de loger nos amis, veuillez nous informer par e-mail. Vous contribuerez aussi au programm de ces jours, si vous voulez. \ud83d\udce7\u00a0E-Mail:\u00a0dfg@muenster.de","og_url":"https:\/\/www.muenster.org\/dfgms\/event\/visite-de-nos-amis-de-lafa-orleans-a-muenster\/","og_site_name":"Deutsch-Franz\u00f6sische Gesellschaft M\u00fcnster e.V.","twitter_card":"summary_large_image","twitter_misc":{"Gesch\u00e4tzte Lesezeit":"1\u00a0Minute"},"schema":{"@context":"https:\/\/schema.org","@graph":[{"@type":"WebPage","@id":"https:\/\/www.muenster.org\/dfgms\/event\/visite-de-nos-amis-de-lafa-orleans-a-muenster\/","url":"https:\/\/www.muenster.org\/dfgms\/event\/visite-de-nos-amis-de-lafa-orleans-a-muenster\/","name":"Visite de nos amis de l'AFA Orl\u00e9ans \u00e0 M\u00fcnster - Deutsch-Franz\u00f6sische Gesellschaft M\u00fcnster e.V.","isPartOf":{"@id":"https:\/\/www.muenster.org\/dfgms\/#website"},"datePublished":"2026-01-25T12:41:08+00:00","breadcrumb":{"@id":"https:\/\/www.muenster.org\/dfgms\/event\/visite-de-nos-amis-de-lafa-orleans-a-muenster\/#breadcrumb"},"inLanguage":"de","potentialAction":[{"@type":"ReadAction","target":["https:\/\/www.muenster.org\/dfgms\/event\/visite-de-nos-amis-de-lafa-orleans-a-muenster\/"]}]},{"@type":"BreadcrumbList","@id":"https:\/\/www.muenster.org\/dfgms\/event\/visite-de-nos-amis-de-lafa-orleans-a-muenster\/#breadcrumb","itemListElement":[{"@type":"ListItem","position":1,"name":"Startseite"},{"@type":"ListItem","position":2,"name":"Veranstaltungen","item":"https:\/\/www.muenster.org\/dfgms\/events\/"},{"@type":"ListItem","position":3,"name":"Visite de nos amis de l&#8217;AFA Orl\u00e9ans \u00e0 M\u00fcnster"}]},{"@type":"WebSite","@id":"https:\/\/www.muenster.org\/dfgms\/#website","url":"https:\/\/www.muenster.org\/dfgms\/","name":"Deutsch-Franz\u00f6sische Gesellschaft M\u00fcnster e.V.","description":"","publisher":{"@id":"https:\/\/www.muenster.org\/dfgms\/#organization"},"potentialAction":[{"@type":"SearchAction","target":{"@type":"EntryPoint","urlTemplate":"https:\/\/www.muenster.org\/dfgms\/?s={search_term_string}"},"query-input":{"@type":"PropertyValueSpecification","valueRequired":true,"valueName":"search_term_string"}}],"inLanguage":"de"},{"@type":"Organization","@id":"https:\/\/www.muenster.org\/dfgms\/#organization","name":"Deutsch-Franz\u00f6sische Gesellschaft M\u00fcnster e.V.","url":"https:\/\/www.muenster.org\/dfgms\/","logo":{"@type":"ImageObject","inLanguage":"de","@id":"https:\/\/www.muenster.org\/dfgms\/#\/schema\/logo\/image\/","url":"https:\/\/www.muenster.org\/dfgms\/wp-content\/uploads\/2025\/10\/NewLogoYellow-140x140-1-e1764328303462.jpg","contentUrl":"https:\/\/www.muenster.org\/dfgms\/wp-content\/uploads\/2025\/10\/NewLogoYellow-140x140-1-e1764328303462.jpg","width":110,"height":108,"caption":"Deutsch-Franz\u00f6sische Gesellschaft M\u00fcnster e.V."},"image":{"@id":"https:\/\/www.muenster.org\/dfgms\/#\/schema\/logo\/image\/"}}]}},"_links":{"self":[{"href":"https:\/\/www.muenster.org\/dfgms\/wp-json\/wp\/v2\/tribe_events\/1866","targetHints":{"allow":["GET"]}}],"collection":[{"href":"https:\/\/www.muenster.org\/dfgms\/wp-json\/wp\/v2\/tribe_events"}],"about":[{"href":"https:\/\/www.muenster.org\/dfgms\/wp-json\/wp\/v2\/types\/tribe_events"}],"author":[{"embeddable":true,"href":"https:\/\/www.muenster.org\/dfgms\/wp-json\/wp\/v2\/users\/51"}],"version-history":[{"count":1,"href":"https:\/\/www.muenster.org\/dfgms\/wp-json\/wp\/v2\/tribe_events\/1866\/revisions"}],"predecessor-version":[{"id":1867,"href":"https:\/\/www.muenster.org\/dfgms\/wp-json\/wp\/v2\/tribe_events\/1866\/revisions\/1867"}],"wp:attachment":[{"href":"https:\/\/www.muenster.org\/dfgms\/wp-json\/wp\/v2\/media?parent=1866"}],"wp:term":[{"taxonomy":"post_tag","embeddable":true,"href":"https:\/\/www.muenster.org\/dfgms\/wp-json\/wp\/v2\/tags?post=1866"},{"taxonomy":"tribe_events_cat","embeddable":true,"href":"https:\/\/www.muenster.org\/dfgms\/wp-json\/wp\/v2\/tribe_events_cat?post=1866"}],"curies":[{"name":"wp","href":"https:\/\/api.w.org\/{rel}","templated":true}]}}

Visite de nos amis de l&#8217;AFA Orléans à Münster

<p><strong>Visite de nos amis de l&#8217;AFA Orléans</strong> à Münster / <strong>Besuch unserer Freunde von der AFA Orléans</strong> in Münster.</p>
<p>Si vous avez de la place et envie de loger nos amis, veuillez nous informer par e-mail. Vous contribuerez aussi au programm de ces jours, si vous voulez.</p>
<p>📧 <strong>E-Mail:</strong> <a class="" href="mailto:dfg@muenster.de" target="_blank" rel="noreferrer noopener">dfg@muenster.de</a></p>

<p>Visite de nos amis de l&#8217;AFA Orléans à Münster / Besuch unserer Freunde von der AFA Orléans in Münster. Si vous avez de la place et envie de loger nos amis, veuillez nous informer par e-mail. Vous contribuerez aussi au programm de ces jours, si vous voulez. 📧 E-Mail: dfg@muenster.de</p>

<!-- This site is optimized with the Yoast SEO plugin v26.0 - https://yoast.com/wordpress/plugins/seo/ -->
<title>Visite de nos amis de l&#039;AFA Orléans à Münster - Deutsch-Französische Gesellschaft Münster e.V.</title>
<meta name="robots" content="index, follow, max-snippet:-1, max-image-preview:large, max-video-preview:-1" />
<link rel="canonical" href="https://www.muenster.org/dfgms/event/visite-de-nos-amis-de-lafa-orleans-a-muenster/" />
<meta property="og:locale" content="de_DE" />
<meta property="og:type" content="article" />
<meta property="og:title" content="Visite de nos amis de l&#039;AFA Orléans à Münster - Deutsch-Französische Gesellschaft Münster e.V." />
<meta property="og:description" content="Visite de nos amis de l&#8217;AFA Orléans à Münster / Besuch unserer Freunde von der AFA Orléans in Münster. Si vous avez de la place et envie de loger nos amis, veuillez nous informer par e-mail. Vous contribuerez aussi au programm de ces jours, si vous voulez. 📧 E-Mail: dfg@muenster.de" />
<meta property="og:url" content="https://www.muenster.org/dfgms/event/visite-de-nos-amis-de-lafa-orleans-a-muenster/" />
<meta property="og:site_name" content="Deutsch-Französische Gesellschaft Münster e.V." />
<meta name="twitter:card" content="summary_large_image" />
<meta name="twitter:label1" content="Geschätzte Lesezeit" />
	<meta name="twitter:data1" content="1 Minute" />
<script type="application/ld+json" class="yoast-schema-graph">{"@context":"https://schema.org","@graph":[{"@type":"WebPage","@id":"https://www.muenster.org/dfgms/event/visite-de-nos-amis-de-lafa-orleans-a-muenster/","url":"https://www.muenster.org/dfgms/event/visite-de-nos-amis-de-lafa-orleans-a-muenster/","name":"Visite de nos amis de l'AFA Orléans à Münster - Deutsch-Französische Gesellschaft Münster e.V.","isPartOf":{"@id":"https://www.muenster.org/dfgms/#website"},"datePublished":"2026-01-25T12:41:08+00:00","breadcrumb":{"@id":"https://www.muenster.org/dfgms/event/visite-de-nos-amis-de-lafa-orleans-a-muenster/#breadcrumb"},"inLanguage":"de","potentialAction":[{"@type":"ReadAction","target":["https://www.muenster.org/dfgms/event/visite-de-nos-amis-de-lafa-orleans-a-muenster/"]}]},{"@type":"BreadcrumbList","@id":"https://www.muenster.org/dfgms/event/visite-de-nos-amis-de-lafa-orleans-a-muenster/#breadcrumb","itemListElement":[{"@type":"ListItem","position":1,"name":"Startseite"},{"@type":"ListItem","position":2,"name":"Veranstaltungen","item":"https://www.muenster.org/dfgms/events/"},{"@type":"ListItem","position":3,"name":"Visite de nos amis de l&#8217;AFA Orléans à Münster"}]},{"@type":"WebSite","@id":"https://www.muenster.org/dfgms/#website","url":"https://www.muenster.org/dfgms/","name":"Deutsch-Französische Gesellschaft Münster e.V.","description":"","publisher":{"@id":"https://www.muenster.org/dfgms/#organization"},"potentialAction":[{"@type":"SearchAction","target":{"@type":"EntryPoint","urlTemplate":"https://www.muenster.org/dfgms/?s={search_term_string}"},"query-input":{"@type":"PropertyValueSpecification","valueRequired":true,"valueName":"search_term_string"}}],"inLanguage":"de"},{"@type":"Organization","@id":"https://www.muenster.org/dfgms/#organization","name":"Deutsch-Französische Gesellschaft Münster e.V.","url":"https://www.muenster.org/dfgms/","logo":{"@type":"ImageObject","inLanguage":"de","@id":"https://www.muenster.org/dfgms/#/schema/logo/image/","url":"https://www.muenster.org/dfgms/wp-content/uploads/2025/10/NewLogoYellow-140x140-1-e1764328303462.jpg","contentUrl":"https://www.muenster.org/dfgms/wp-content/uploads/2025/10/NewLogoYellow-140x140-1-e1764328303462.jpg","width":110,"height":108,"caption":"Deutsch-Französische Gesellschaft Münster e.V."},"image":{"@id":"https://www.muenster.org/dfgms/#/schema/logo/image/"}}]}</script>
<!-- / Yoast SEO plugin. -->

Visite de nos amis de l'AFA Orléans à Münster - Deutsch-Französische Gesellschaft Münster e.V.

Visite de nos amis de l&#8217;AFA Orléans à Münster / Besuch unserer Freunde von der AFA Orléans in Münster. Si vous avez de la place et envie de loger nos amis, veuillez nous informer par e-mail. Vous contribuerez aussi au programm de ces jours, si vous voulez. 📧 E-Mail: dfg@muenster.de

Deutsch-Französische Gesellschaft Münster e.V.
