{"id":1645,"date":"2025-12-16T09:24:19","date_gmt":"2025-12-16T08:24:19","guid":{"rendered":"https:\/\/www.muenster.org\/dfgms\/?post_type=tribe_events&#038;p=1645"},"modified":"2025-12-16T09:27:32","modified_gmt":"2025-12-16T08:27:32","slug":"galette-des-rois","status":"publish","type":"tribe_events","link":"https:\/\/www.muenster.org\/dfgms\/event\/galette-des-rois\/","title":{"rendered":"Galette des Rois"},"content":{"rendered":"<p>Galette des Rois \u00e0 l\u2019Altes Backhaus. Nous couronnerons un roi et une reine&#8230;<\/p>\n","protected":false},"excerpt":{"rendered":"<p>Galette des Rois \u00e0 l\u2019Altes Backhaus. Nous couronnerons un roi et une reine&#8230;<\/p>\n","protected":false},"author":51,"featured_media":814,"template":"","meta":{"_tribe_events_status":"","_tribe_events_status_reason":"","footnotes":""},"tags":[],"tribe_events_cat":[44],"class_list":["post-1645","tribe_events","type-tribe_events","status-publish","has-post-thumbnail","hentry","tribe_events_cat-galette-des-rois","cat_galette-des-rois"],"yoast_head":"<!-- This site is optimized with the Yoast SEO plugin v26.0 - https:\/\/yoast.com\/wordpress\/plugins\/seo\/ -->\n<title>Galette des Rois - Deutsch-Franz\u00f6sische Gesellschaft M\u00fcnster e.V.<\/title>\n<meta name=\"description\" content=\"Galette des Rois \u00e0 l\u2019Altes Backhaus. Nous couronnerons un roi et une reine...\" \/>\n<meta name=\"robots\" content=\"index, follow, max-snippet:-1, max-image-preview:large, max-video-preview:-1\" \/>\n<link rel=\"canonical\" href=\"https:\/\/www.muenster.org\/dfgms\/event\/galette-des-rois\/\" \/>\n<meta property=\"og:locale\" content=\"de_DE\" \/>\n<meta property=\"og:type\" content=\"article\" \/>\n<meta property=\"og:title\" content=\"Galette des Rois - Deutsch-Franz\u00f6sische Gesellschaft M\u00fcnster e.V.\" \/>\n<meta property=\"og:description\" content=\"Galette des Rois \u00e0 l\u2019Altes Backhaus. Nous couronnerons un roi et une reine...\" \/>\n<meta property=\"og:url\" content=\"https:\/\/www.muenster.org\/dfgms\/event\/galette-des-rois\/\" \/>\n<meta property=\"og:site_name\" content=\"Deutsch-Franz\u00f6sische Gesellschaft M\u00fcnster e.V.\" \/>\n<meta property=\"article:modified_time\" content=\"2025-12-16T08:27:32+00:00\" \/>\n<meta property=\"og:image\" content=\"\/\/www.muenster.org\/dfgms\/wp-content\/uploads\/2022\/01\/La-galette-des-rois-facon-Mercotte-810x538-1.jpg\" \/>\n\t<meta property=\"og:image:width\" content=\"810\" \/>\n\t<meta property=\"og:image:height\" content=\"538\" \/>\n\t<meta property=\"og:image:type\" content=\"image\/jpeg\" \/>\n<meta name=\"twitter:card\" content=\"summary_large_image\" \/>\n<meta name=\"twitter:label1\" content=\"Gesch\u00e4tzte Lesezeit\" \/>\n\t<meta name=\"twitter:data1\" content=\"1\u00a0Minute\" \/>\n<script type=\"application\/ld+json\" class=\"yoast-schema-graph\">{\"@context\":\"https:\/\/schema.org\",\"@graph\":[{\"@type\":\"WebPage\",\"@id\":\"https:\/\/www.muenster.org\/dfgms\/event\/galette-des-rois\/\",\"url\":\"https:\/\/www.muenster.org\/dfgms\/event\/galette-des-rois\/\",\"name\":\"Galette des Rois - Deutsch-Franz\u00f6sische Gesellschaft M\u00fcnster e.V.\",\"isPartOf\":{\"@id\":\"https:\/\/www.muenster.org\/dfgms\/#website\"},\"primaryImageOfPage\":{\"@id\":\"https:\/\/www.muenster.org\/dfgms\/event\/galette-des-rois\/#primaryimage\"},\"image\":{\"@id\":\"https:\/\/www.muenster.org\/dfgms\/event\/galette-des-rois\/#primaryimage\"},\"thumbnailUrl\":\"https:\/\/www.muenster.org\/dfgms\/wp-content\/uploads\/2022\/01\/La-galette-des-rois-facon-Mercotte-810x538-1-e1765873743273.jpg\",\"datePublished\":\"2025-12-16T08:24:19+00:00\",\"dateModified\":\"2025-12-16T08:27:32+00:00\",\"description\":\"Galette des Rois \u00e0 l\u2019Altes Backhaus. Nous couronnerons un roi et une reine...\",\"breadcrumb\":{\"@id\":\"https:\/\/www.muenster.org\/dfgms\/event\/galette-des-rois\/#breadcrumb\"},\"inLanguage\":\"de\",\"potentialAction\":[{\"@type\":\"ReadAction\",\"target\":[\"https:\/\/www.muenster.org\/dfgms\/event\/galette-des-rois\/\"]}]},{\"@type\":\"ImageObject\",\"inLanguage\":\"de\",\"@id\":\"https:\/\/www.muenster.org\/dfgms\/event\/galette-des-rois\/#primaryimage\",\"url\":\"https:\/\/www.muenster.org\/dfgms\/wp-content\/uploads\/2022\/01\/La-galette-des-rois-facon-Mercotte-810x538-1-e1765873743273.jpg\",\"contentUrl\":\"https:\/\/www.muenster.org\/dfgms\/wp-content\/uploads\/2022\/01\/La-galette-des-rois-facon-Mercotte-810x538-1-e1765873743273.jpg\",\"width\":400,\"height\":266},{\"@type\":\"BreadcrumbList\",\"@id\":\"https:\/\/www.muenster.org\/dfgms\/event\/galette-des-rois\/#breadcrumb\",\"itemListElement\":[{\"@type\":\"ListItem\",\"position\":1,\"name\":\"Startseite\"},{\"@type\":\"ListItem\",\"position\":2,\"name\":\"Veranstaltungen\",\"item\":\"https:\/\/www.muenster.org\/dfgms\/events\/\"},{\"@type\":\"ListItem\",\"position\":3,\"name\":\"Galette des Rois\"}]},{\"@type\":\"WebSite\",\"@id\":\"https:\/\/www.muenster.org\/dfgms\/#website\",\"url\":\"https:\/\/www.muenster.org\/dfgms\/\",\"name\":\"Deutsch-Franz\u00f6sische Gesellschaft M\u00fcnster e.V.\",\"description\":\"\",\"publisher\":{\"@id\":\"https:\/\/www.muenster.org\/dfgms\/#organization\"},\"potentialAction\":[{\"@type\":\"SearchAction\",\"target\":{\"@type\":\"EntryPoint\",\"urlTemplate\":\"https:\/\/www.muenster.org\/dfgms\/?s={search_term_string}\"},\"query-input\":{\"@type\":\"PropertyValueSpecification\",\"valueRequired\":true,\"valueName\":\"search_term_string\"}}],\"inLanguage\":\"de\"},{\"@type\":\"Organization\",\"@id\":\"https:\/\/www.muenster.org\/dfgms\/#organization\",\"name\":\"Deutsch-Franz\u00f6sische Gesellschaft M\u00fcnster e.V.\",\"url\":\"https:\/\/www.muenster.org\/dfgms\/\",\"logo\":{\"@type\":\"ImageObject\",\"inLanguage\":\"de\",\"@id\":\"https:\/\/www.muenster.org\/dfgms\/#\/schema\/logo\/image\/\",\"url\":\"https:\/\/www.muenster.org\/dfgms\/wp-content\/uploads\/2025\/10\/NewLogoYellow-140x140-1-e1764328303462.jpg\",\"contentUrl\":\"https:\/\/www.muenster.org\/dfgms\/wp-content\/uploads\/2025\/10\/NewLogoYellow-140x140-1-e1764328303462.jpg\",\"width\":110,\"height\":108,\"caption\":\"Deutsch-Franz\u00f6sische Gesellschaft M\u00fcnster e.V.\"},\"image\":{\"@id\":\"https:\/\/www.muenster.org\/dfgms\/#\/schema\/logo\/image\/\"}}]}<\/script>\n<!-- \/ Yoast SEO plugin. -->","yoast_head_json":{"title":"Galette des Rois - Deutsch-Franz\u00f6sische Gesellschaft M\u00fcnster e.V.","description":"Galette des Rois \u00e0 l\u2019Altes Backhaus. Nous couronnerons un roi et une reine...","robots":{"index":"index","follow":"follow","max-snippet":"max-snippet:-1","max-image-preview":"max-image-preview:large","max-video-preview":"max-video-preview:-1"},"canonical":"https:\/\/www.muenster.org\/dfgms\/event\/galette-des-rois\/","og_locale":"de_DE","og_type":"article","og_title":"Galette des Rois - Deutsch-Franz\u00f6sische Gesellschaft M\u00fcnster e.V.","og_description":"Galette des Rois \u00e0 l\u2019Altes Backhaus. Nous couronnerons un roi et une reine...","og_url":"https:\/\/www.muenster.org\/dfgms\/event\/galette-des-rois\/","og_site_name":"Deutsch-Franz\u00f6sische Gesellschaft M\u00fcnster e.V.","article_modified_time":"2025-12-16T08:27:32+00:00","og_image":[{"width":810,"height":538,"url":"\/\/www.muenster.org\/dfgms\/wp-content\/uploads\/2022\/01\/La-galette-des-rois-facon-Mercotte-810x538-1.jpg","type":"image\/jpeg"}],"twitter_card":"summary_large_image","twitter_misc":{"Gesch\u00e4tzte Lesezeit":"1\u00a0Minute"},"schema":{"@context":"https:\/\/schema.org","@graph":[{"@type":"WebPage","@id":"https:\/\/www.muenster.org\/dfgms\/event\/galette-des-rois\/","url":"https:\/\/www.muenster.org\/dfgms\/event\/galette-des-rois\/","name":"Galette des Rois - Deutsch-Franz\u00f6sische Gesellschaft M\u00fcnster e.V.","isPartOf":{"@id":"https:\/\/www.muenster.org\/dfgms\/#website"},"primaryImageOfPage":{"@id":"https:\/\/www.muenster.org\/dfgms\/event\/galette-des-rois\/#primaryimage"},"image":{"@id":"https:\/\/www.muenster.org\/dfgms\/event\/galette-des-rois\/#primaryimage"},"thumbnailUrl":"https:\/\/www.muenster.org\/dfgms\/wp-content\/uploads\/2022\/01\/La-galette-des-rois-facon-Mercotte-810x538-1-e1765873743273.jpg","datePublished":"2025-12-16T08:24:19+00:00","dateModified":"2025-12-16T08:27:32+00:00","description":"Galette des Rois \u00e0 l\u2019Altes Backhaus. Nous couronnerons un roi et une reine...","breadcrumb":{"@id":"https:\/\/www.muenster.org\/dfgms\/event\/galette-des-rois\/#breadcrumb"},"inLanguage":"de","potentialAction":[{"@type":"ReadAction","target":["https:\/\/www.muenster.org\/dfgms\/event\/galette-des-rois\/"]}]},{"@type":"ImageObject","inLanguage":"de","@id":"https:\/\/www.muenster.org\/dfgms\/event\/galette-des-rois\/#primaryimage","url":"https:\/\/www.muenster.org\/dfgms\/wp-content\/uploads\/2022\/01\/La-galette-des-rois-facon-Mercotte-810x538-1-e1765873743273.jpg","contentUrl":"https:\/\/www.muenster.org\/dfgms\/wp-content\/uploads\/2022\/01\/La-galette-des-rois-facon-Mercotte-810x538-1-e1765873743273.jpg","width":400,"height":266},{"@type":"BreadcrumbList","@id":"https:\/\/www.muenster.org\/dfgms\/event\/galette-des-rois\/#breadcrumb","itemListElement":[{"@type":"ListItem","position":1,"name":"Startseite"},{"@type":"ListItem","position":2,"name":"Veranstaltungen","item":"https:\/\/www.muenster.org\/dfgms\/events\/"},{"@type":"ListItem","position":3,"name":"Galette des Rois"}]},{"@type":"WebSite","@id":"https:\/\/www.muenster.org\/dfgms\/#website","url":"https:\/\/www.muenster.org\/dfgms\/","name":"Deutsch-Franz\u00f6sische Gesellschaft M\u00fcnster e.V.","description":"","publisher":{"@id":"https:\/\/www.muenster.org\/dfgms\/#organization"},"potentialAction":[{"@type":"SearchAction","target":{"@type":"EntryPoint","urlTemplate":"https:\/\/www.muenster.org\/dfgms\/?s={search_term_string}"},"query-input":{"@type":"PropertyValueSpecification","valueRequired":true,"valueName":"search_term_string"}}],"inLanguage":"de"},{"@type":"Organization","@id":"https:\/\/www.muenster.org\/dfgms\/#organization","name":"Deutsch-Franz\u00f6sische Gesellschaft M\u00fcnster e.V.","url":"https:\/\/www.muenster.org\/dfgms\/","logo":{"@type":"ImageObject","inLanguage":"de","@id":"https:\/\/www.muenster.org\/dfgms\/#\/schema\/logo\/image\/","url":"https:\/\/www.muenster.org\/dfgms\/wp-content\/uploads\/2025\/10\/NewLogoYellow-140x140-1-e1764328303462.jpg","contentUrl":"https:\/\/www.muenster.org\/dfgms\/wp-content\/uploads\/2025\/10\/NewLogoYellow-140x140-1-e1764328303462.jpg","width":110,"height":108,"caption":"Deutsch-Franz\u00f6sische Gesellschaft M\u00fcnster e.V."},"image":{"@id":"https:\/\/www.muenster.org\/dfgms\/#\/schema\/logo\/image\/"}}]}},"_links":{"self":[{"href":"https:\/\/www.muenster.org\/dfgms\/wp-json\/wp\/v2\/tribe_events\/1645","targetHints":{"allow":["GET"]}}],"collection":[{"href":"https:\/\/www.muenster.org\/dfgms\/wp-json\/wp\/v2\/tribe_events"}],"about":[{"href":"https:\/\/www.muenster.org\/dfgms\/wp-json\/wp\/v2\/types\/tribe_events"}],"author":[{"embeddable":true,"href":"https:\/\/www.muenster.org\/dfgms\/wp-json\/wp\/v2\/users\/51"}],"version-history":[{"count":2,"href":"https:\/\/www.muenster.org\/dfgms\/wp-json\/wp\/v2\/tribe_events\/1645\/revisions"}],"predecessor-version":[{"id":1649,"href":"https:\/\/www.muenster.org\/dfgms\/wp-json\/wp\/v2\/tribe_events\/1645\/revisions\/1649"}],"wp:featuredmedia":[{"embeddable":true,"href":"https:\/\/www.muenster.org\/dfgms\/wp-json\/wp\/v2\/media\/814"}],"wp:attachment":[{"href":"https:\/\/www.muenster.org\/dfgms\/wp-json\/wp\/v2\/media?parent=1645"}],"wp:term":[{"taxonomy":"post_tag","embeddable":true,"href":"https:\/\/www.muenster.org\/dfgms\/wp-json\/wp\/v2\/tags?post=1645"},{"taxonomy":"tribe_events_cat","embeddable":true,"href":"https:\/\/www.muenster.org\/dfgms\/wp-json\/wp\/v2\/tribe_events_cat?post=1645"}],"curies":[{"name":"wp","href":"https:\/\/api.w.org\/{rel}","templated":true}]}}

<p>Galette des Rois à l’Altes Backhaus. Nous couronnerons un roi et une reine&#8230;</p>

<!-- This site is optimized with the Yoast SEO plugin v26.0 - https://yoast.com/wordpress/plugins/seo/ -->
<title>Galette des Rois - Deutsch-Französische Gesellschaft Münster e.V.</title>
<meta name="description" content="Galette des Rois à l’Altes Backhaus. Nous couronnerons un roi et une reine..." />
<meta name="robots" content="index, follow, max-snippet:-1, max-image-preview:large, max-video-preview:-1" />
<link rel="canonical" href="https://www.muenster.org/dfgms/event/galette-des-rois/" />
<meta property="og:locale" content="de_DE" />
<meta property="og:type" content="article" />
<meta property="og:title" content="Galette des Rois - Deutsch-Französische Gesellschaft Münster e.V." />
<meta property="og:description" content="Galette des Rois à l’Altes Backhaus. Nous couronnerons un roi et une reine..." />
<meta property="og:url" content="https://www.muenster.org/dfgms/event/galette-des-rois/" />
<meta property="og:site_name" content="Deutsch-Französische Gesellschaft Münster e.V." />
<meta property="article:modified_time" content="2025-12-16T08:27:32+00:00" />
<meta property="og:image" content="//www.muenster.org/dfgms/wp-content/uploads/2022/01/La-galette-des-rois-facon-Mercotte-810x538-1.jpg" />
	<meta property="og:image:width" content="810" />
	<meta property="og:image:height" content="538" />
	<meta property="og:image:type" content="image/jpeg" />
<meta name="twitter:card" content="summary_large_image" />
<meta name="twitter:label1" content="Geschätzte Lesezeit" />
	<meta name="twitter:data1" content="1 Minute" />
<script type="application/ld+json" class="yoast-schema-graph">{"@context":"https://schema.org","@graph":[{"@type":"WebPage","@id":"https://www.muenster.org/dfgms/event/galette-des-rois/","url":"https://www.muenster.org/dfgms/event/galette-des-rois/","name":"Galette des Rois - Deutsch-Französische Gesellschaft Münster e.V.","isPartOf":{"@id":"https://www.muenster.org/dfgms/#website"},"primaryImageOfPage":{"@id":"https://www.muenster.org/dfgms/event/galette-des-rois/#primaryimage"},"image":{"@id":"https://www.muenster.org/dfgms/event/galette-des-rois/#primaryimage"},"thumbnailUrl":"https://www.muenster.org/dfgms/wp-content/uploads/2022/01/La-galette-des-rois-facon-Mercotte-810x538-1-e1765873743273.jpg","datePublished":"2025-12-16T08:24:19+00:00","dateModified":"2025-12-16T08:27:32+00:00","description":"Galette des Rois à l’Altes Backhaus. Nous couronnerons un roi et une reine...","breadcrumb":{"@id":"https://www.muenster.org/dfgms/event/galette-des-rois/#breadcrumb"},"inLanguage":"de","potentialAction":[{"@type":"ReadAction","target":["https://www.muenster.org/dfgms/event/galette-des-rois/"]}]},{"@type":"ImageObject","inLanguage":"de","@id":"https://www.muenster.org/dfgms/event/galette-des-rois/#primaryimage","url":"https://www.muenster.org/dfgms/wp-content/uploads/2022/01/La-galette-des-rois-facon-Mercotte-810x538-1-e1765873743273.jpg","contentUrl":"https://www.muenster.org/dfgms/wp-content/uploads/2022/01/La-galette-des-rois-facon-Mercotte-810x538-1-e1765873743273.jpg","width":400,"height":266},{"@type":"BreadcrumbList","@id":"https://www.muenster.org/dfgms/event/galette-des-rois/#breadcrumb","itemListElement":[{"@type":"ListItem","position":1,"name":"Startseite"},{"@type":"ListItem","position":2,"name":"Veranstaltungen","item":"https://www.muenster.org/dfgms/events/"},{"@type":"ListItem","position":3,"name":"Galette des Rois"}]},{"@type":"WebSite","@id":"https://www.muenster.org/dfgms/#website","url":"https://www.muenster.org/dfgms/","name":"Deutsch-Französische Gesellschaft Münster e.V.","description":"","publisher":{"@id":"https://www.muenster.org/dfgms/#organization"},"potentialAction":[{"@type":"SearchAction","target":{"@type":"EntryPoint","urlTemplate":"https://www.muenster.org/dfgms/?s={search_term_string}"},"query-input":{"@type":"PropertyValueSpecification","valueRequired":true,"valueName":"search_term_string"}}],"inLanguage":"de"},{"@type":"Organization","@id":"https://www.muenster.org/dfgms/#organization","name":"Deutsch-Französische Gesellschaft Münster e.V.","url":"https://www.muenster.org/dfgms/","logo":{"@type":"ImageObject","inLanguage":"de","@id":"https://www.muenster.org/dfgms/#/schema/logo/image/","url":"https://www.muenster.org/dfgms/wp-content/uploads/2025/10/NewLogoYellow-140x140-1-e1764328303462.jpg","contentUrl":"https://www.muenster.org/dfgms/wp-content/uploads/2025/10/NewLogoYellow-140x140-1-e1764328303462.jpg","width":110,"height":108,"caption":"Deutsch-Französische Gesellschaft Münster e.V."},"image":{"@id":"https://www.muenster.org/dfgms/#/schema/logo/image/"}}]}</script>
<!-- / Yoast SEO plugin. -->

Galette des Rois - Deutsch-Französische Gesellschaft Münster e.V.

Galette des Rois à l’Altes Backhaus. Nous couronnerons un roi et une reine...

Deutsch-Französische Gesellschaft Münster e.V.
