{"id":1160,"date":"2025-08-25T23:09:28","date_gmt":"2025-08-25T21:09:28","guid":{"rendered":"https:\/\/www.muenster.org\/dfgms\/?post_type=tribe_events&#038;p=1160"},"modified":"2025-08-25T23:16:35","modified_gmt":"2025-08-25T21:16:35","slug":"table-ronde-8","status":"publish","type":"tribe_events","link":"https:\/\/www.muenster.org\/dfgms\/event\/table-ronde-8\/","title":{"rendered":"Belleville. Belle et rebelle"},"content":{"rendered":"<p><strong>So 14. 9. beim KINOFEST 2025 (5 \u20ac) im Schlo\u00dftheater: Der Dokumentarfilm \u00fcber das Pariser Caf\u00e9 \u201eLe Vieux Belleville\u201c, wo Anarchisten und K\u00fcnstler zusammenkommen, in Kooperation mit der Deutsch-Franz\u00f6sischen Gesellschaft M\u00fcnster e.V. &#8211; zu Besuch: Regisseurin und Produzentin Daniela Abke sowie Caf\u00e9-Besitzer Joseph Pantaleo, Chansonnier Riton La Manivelle und Akkordeonist Michel Refutin &#8211; nach dem Film Gespr\u00e4ch und Live-Chansons auf dem Vorplatz!<\/strong><\/p>\n<div class=\"movie-schedule--description-text\">Paris, Belleville: ein letztes Caf\u00e9 Musette. Charmant, bezaubernd, eigenwillig, wie die sechs Charaktere, deren Wege sich hier kreuzen. Reale Poesie und popul\u00e4res Chanson. Unbeugsam, unb\u00e4ndig, zeitlos. Franz\u00f6sische Geschichte, die trotzt und fortbesteht. Anhand einer Stra\u00dfenecke portraitiert der Film ein Quartier, das dem Fremden ein Zuhause geworden ist. Gepr\u00e4gt von den Migrationen der letzten Jahrhunderte, von Handwerk und Revolte, singt uns Belleville seine Lieder von Liebe und Kampf. Fotografie in schwarz\/weiss. Bilder wie ein Chanson.<\/div>\n","protected":false},"excerpt":{"rendered":"<p>So 14. 9. beim KINOFEST 2025 (5 \u20ac) im Schlo\u00dftheater: Der Dokumentarfilm \u00fcber das Pariser Caf\u00e9 \u201eLe Vieux Belleville\u201c, wo Anarchisten und K\u00fcnstler zusammenkommen, in Kooperation mit der Deutsch-Franz\u00f6sischen Gesellschaft M\u00fcnster e.V. &#8211; zu Besuch: Regisseurin und Produzentin Daniela Abke sowie Caf\u00e9-Besitzer Joseph Pantaleo, Chansonnier Riton La Manivelle und Akkordeonist Michel Refutin &#8211; nach dem Film Gespr\u00e4ch und Live-Chansons auf<\/p>\n","protected":false},"author":4,"featured_media":1166,"template":"","meta":{"_tribe_events_status":"","_tribe_events_status_reason":"","footnotes":""},"tags":[],"tribe_events_cat":[34],"class_list":["post-1160","tribe_events","type-tribe_events","status-publish","has-post-thumbnail","hentry","tribe_events_cat-film","cat_film"],"yoast_head":"<!-- This site is optimized with the Yoast SEO plugin v26.0 - https:\/\/yoast.com\/wordpress\/plugins\/seo\/ -->\n<title>Belleville. Belle et rebelle - Deutsch-Franz\u00f6sische Gesellschaft M\u00fcnster e.V.<\/title>\n<meta name=\"robots\" content=\"index, follow, max-snippet:-1, max-image-preview:large, max-video-preview:-1\" \/>\n<link rel=\"canonical\" href=\"https:\/\/www.muenster.org\/dfgms\/event\/table-ronde-8\/\" \/>\n<meta property=\"og:locale\" content=\"de_DE\" \/>\n<meta property=\"og:type\" content=\"article\" \/>\n<meta property=\"og:title\" content=\"Belleville. Belle et rebelle - Deutsch-Franz\u00f6sische Gesellschaft M\u00fcnster e.V.\" \/>\n<meta property=\"og:description\" content=\"So 14. 9. beim KINOFEST 2025 (5 \u20ac) im Schlo\u00dftheater: Der Dokumentarfilm \u00fcber das Pariser Caf\u00e9 \u201eLe Vieux Belleville\u201c, wo Anarchisten und K\u00fcnstler zusammenkommen, in Kooperation mit der Deutsch-Franz\u00f6sischen Gesellschaft M\u00fcnster e.V. &#8211; zu Besuch: Regisseurin und Produzentin Daniela Abke sowie Caf\u00e9-Besitzer Joseph Pantaleo, Chansonnier Riton La Manivelle und Akkordeonist Michel Refutin &#8211; nach dem Film Gespr\u00e4ch und Live-Chansons auf\" \/>\n<meta property=\"og:url\" content=\"https:\/\/www.muenster.org\/dfgms\/event\/table-ronde-8\/\" \/>\n<meta property=\"og:site_name\" content=\"Deutsch-Franz\u00f6sische Gesellschaft M\u00fcnster e.V.\" \/>\n<meta property=\"article:modified_time\" content=\"2025-08-25T21:16:35+00:00\" \/>\n<meta property=\"og:image\" content=\"\/\/www.muenster.org\/dfgms\/wp-content\/uploads\/2025\/01\/belleville-daniela-abke-poster-web.jpg\" \/>\n\t<meta property=\"og:image:width\" content=\"1170\" \/>\n\t<meta property=\"og:image:height\" content=\"1658\" \/>\n\t<meta property=\"og:image:type\" content=\"image\/jpeg\" \/>\n<meta name=\"twitter:card\" content=\"summary_large_image\" \/>\n<meta name=\"twitter:label1\" content=\"Gesch\u00e4tzte Lesezeit\" \/>\n\t<meta name=\"twitter:data1\" content=\"1\u00a0Minute\" \/>\n<script type=\"application\/ld+json\" class=\"yoast-schema-graph\">{\"@context\":\"https:\/\/schema.org\",\"@graph\":[{\"@type\":\"WebPage\",\"@id\":\"https:\/\/www.muenster.org\/dfgms\/event\/table-ronde-8\/\",\"url\":\"https:\/\/www.muenster.org\/dfgms\/event\/table-ronde-8\/\",\"name\":\"Belleville. Belle et rebelle - Deutsch-Franz\u00f6sische Gesellschaft M\u00fcnster e.V.\",\"isPartOf\":{\"@id\":\"https:\/\/www.muenster.org\/dfgms\/#website\"},\"primaryImageOfPage\":{\"@id\":\"https:\/\/www.muenster.org\/dfgms\/event\/table-ronde-8\/#primaryimage\"},\"image\":{\"@id\":\"https:\/\/www.muenster.org\/dfgms\/event\/table-ronde-8\/#primaryimage\"},\"thumbnailUrl\":\"https:\/\/www.muenster.org\/dfgms\/wp-content\/uploads\/2025\/01\/belleville-daniela-abke-poster-web.jpg\",\"datePublished\":\"2025-08-25T21:09:28+00:00\",\"dateModified\":\"2025-08-25T21:16:35+00:00\",\"breadcrumb\":{\"@id\":\"https:\/\/www.muenster.org\/dfgms\/event\/table-ronde-8\/#breadcrumb\"},\"inLanguage\":\"de\",\"potentialAction\":[{\"@type\":\"ReadAction\",\"target\":[\"https:\/\/www.muenster.org\/dfgms\/event\/table-ronde-8\/\"]}]},{\"@type\":\"ImageObject\",\"inLanguage\":\"de\",\"@id\":\"https:\/\/www.muenster.org\/dfgms\/event\/table-ronde-8\/#primaryimage\",\"url\":\"https:\/\/www.muenster.org\/dfgms\/wp-content\/uploads\/2025\/01\/belleville-daniela-abke-poster-web.jpg\",\"contentUrl\":\"https:\/\/www.muenster.org\/dfgms\/wp-content\/uploads\/2025\/01\/belleville-daniela-abke-poster-web.jpg\",\"width\":1170,\"height\":1658},{\"@type\":\"BreadcrumbList\",\"@id\":\"https:\/\/www.muenster.org\/dfgms\/event\/table-ronde-8\/#breadcrumb\",\"itemListElement\":[{\"@type\":\"ListItem\",\"position\":1,\"name\":\"Startseite\"},{\"@type\":\"ListItem\",\"position\":2,\"name\":\"Veranstaltungen\",\"item\":\"https:\/\/www.muenster.org\/dfgms\/events\/\"},{\"@type\":\"ListItem\",\"position\":3,\"name\":\"Belleville. Belle et rebelle\"}]},{\"@type\":\"WebSite\",\"@id\":\"https:\/\/www.muenster.org\/dfgms\/#website\",\"url\":\"https:\/\/www.muenster.org\/dfgms\/\",\"name\":\"Deutsch-Franz\u00f6sische Gesellschaft M\u00fcnster e.V.\",\"description\":\"\",\"publisher\":{\"@id\":\"https:\/\/www.muenster.org\/dfgms\/#organization\"},\"potentialAction\":[{\"@type\":\"SearchAction\",\"target\":{\"@type\":\"EntryPoint\",\"urlTemplate\":\"https:\/\/www.muenster.org\/dfgms\/?s={search_term_string}\"},\"query-input\":{\"@type\":\"PropertyValueSpecification\",\"valueRequired\":true,\"valueName\":\"search_term_string\"}}],\"inLanguage\":\"de\"},{\"@type\":\"Organization\",\"@id\":\"https:\/\/www.muenster.org\/dfgms\/#organization\",\"name\":\"Deutsch-Franz\u00f6sische Gesellschaft M\u00fcnster e.V.\",\"url\":\"https:\/\/www.muenster.org\/dfgms\/\",\"logo\":{\"@type\":\"ImageObject\",\"inLanguage\":\"de\",\"@id\":\"https:\/\/www.muenster.org\/dfgms\/#\/schema\/logo\/image\/\",\"url\":\"https:\/\/www.muenster.org\/dfgms\/wp-content\/uploads\/2025\/10\/NewLogoYellow-140x140-1-e1764328303462.jpg\",\"contentUrl\":\"https:\/\/www.muenster.org\/dfgms\/wp-content\/uploads\/2025\/10\/NewLogoYellow-140x140-1-e1764328303462.jpg\",\"width\":110,\"height\":108,\"caption\":\"Deutsch-Franz\u00f6sische Gesellschaft M\u00fcnster e.V.\"},\"image\":{\"@id\":\"https:\/\/www.muenster.org\/dfgms\/#\/schema\/logo\/image\/\"}}]}<\/script>\n<!-- \/ Yoast SEO plugin. -->","yoast_head_json":{"title":"Belleville. Belle et rebelle - Deutsch-Franz\u00f6sische Gesellschaft M\u00fcnster e.V.","robots":{"index":"index","follow":"follow","max-snippet":"max-snippet:-1","max-image-preview":"max-image-preview:large","max-video-preview":"max-video-preview:-1"},"canonical":"https:\/\/www.muenster.org\/dfgms\/event\/table-ronde-8\/","og_locale":"de_DE","og_type":"article","og_title":"Belleville. Belle et rebelle - Deutsch-Franz\u00f6sische Gesellschaft M\u00fcnster e.V.","og_description":"So 14. 9. beim KINOFEST 2025 (5 \u20ac) im Schlo\u00dftheater: Der Dokumentarfilm \u00fcber das Pariser Caf\u00e9 \u201eLe Vieux Belleville\u201c, wo Anarchisten und K\u00fcnstler zusammenkommen, in Kooperation mit der Deutsch-Franz\u00f6sischen Gesellschaft M\u00fcnster e.V. &#8211; zu Besuch: Regisseurin und Produzentin Daniela Abke sowie Caf\u00e9-Besitzer Joseph Pantaleo, Chansonnier Riton La Manivelle und Akkordeonist Michel Refutin &#8211; nach dem Film Gespr\u00e4ch und Live-Chansons auf","og_url":"https:\/\/www.muenster.org\/dfgms\/event\/table-ronde-8\/","og_site_name":"Deutsch-Franz\u00f6sische Gesellschaft M\u00fcnster e.V.","article_modified_time":"2025-08-25T21:16:35+00:00","og_image":[{"width":1170,"height":1658,"url":"\/\/www.muenster.org\/dfgms\/wp-content\/uploads\/2025\/01\/belleville-daniela-abke-poster-web.jpg","type":"image\/jpeg"}],"twitter_card":"summary_large_image","twitter_misc":{"Gesch\u00e4tzte Lesezeit":"1\u00a0Minute"},"schema":{"@context":"https:\/\/schema.org","@graph":[{"@type":"WebPage","@id":"https:\/\/www.muenster.org\/dfgms\/event\/table-ronde-8\/","url":"https:\/\/www.muenster.org\/dfgms\/event\/table-ronde-8\/","name":"Belleville. Belle et rebelle - Deutsch-Franz\u00f6sische Gesellschaft M\u00fcnster e.V.","isPartOf":{"@id":"https:\/\/www.muenster.org\/dfgms\/#website"},"primaryImageOfPage":{"@id":"https:\/\/www.muenster.org\/dfgms\/event\/table-ronde-8\/#primaryimage"},"image":{"@id":"https:\/\/www.muenster.org\/dfgms\/event\/table-ronde-8\/#primaryimage"},"thumbnailUrl":"https:\/\/www.muenster.org\/dfgms\/wp-content\/uploads\/2025\/01\/belleville-daniela-abke-poster-web.jpg","datePublished":"2025-08-25T21:09:28+00:00","dateModified":"2025-08-25T21:16:35+00:00","breadcrumb":{"@id":"https:\/\/www.muenster.org\/dfgms\/event\/table-ronde-8\/#breadcrumb"},"inLanguage":"de","potentialAction":[{"@type":"ReadAction","target":["https:\/\/www.muenster.org\/dfgms\/event\/table-ronde-8\/"]}]},{"@type":"ImageObject","inLanguage":"de","@id":"https:\/\/www.muenster.org\/dfgms\/event\/table-ronde-8\/#primaryimage","url":"https:\/\/www.muenster.org\/dfgms\/wp-content\/uploads\/2025\/01\/belleville-daniela-abke-poster-web.jpg","contentUrl":"https:\/\/www.muenster.org\/dfgms\/wp-content\/uploads\/2025\/01\/belleville-daniela-abke-poster-web.jpg","width":1170,"height":1658},{"@type":"BreadcrumbList","@id":"https:\/\/www.muenster.org\/dfgms\/event\/table-ronde-8\/#breadcrumb","itemListElement":[{"@type":"ListItem","position":1,"name":"Startseite"},{"@type":"ListItem","position":2,"name":"Veranstaltungen","item":"https:\/\/www.muenster.org\/dfgms\/events\/"},{"@type":"ListItem","position":3,"name":"Belleville. Belle et rebelle"}]},{"@type":"WebSite","@id":"https:\/\/www.muenster.org\/dfgms\/#website","url":"https:\/\/www.muenster.org\/dfgms\/","name":"Deutsch-Franz\u00f6sische Gesellschaft M\u00fcnster e.V.","description":"","publisher":{"@id":"https:\/\/www.muenster.org\/dfgms\/#organization"},"potentialAction":[{"@type":"SearchAction","target":{"@type":"EntryPoint","urlTemplate":"https:\/\/www.muenster.org\/dfgms\/?s={search_term_string}"},"query-input":{"@type":"PropertyValueSpecification","valueRequired":true,"valueName":"search_term_string"}}],"inLanguage":"de"},{"@type":"Organization","@id":"https:\/\/www.muenster.org\/dfgms\/#organization","name":"Deutsch-Franz\u00f6sische Gesellschaft M\u00fcnster e.V.","url":"https:\/\/www.muenster.org\/dfgms\/","logo":{"@type":"ImageObject","inLanguage":"de","@id":"https:\/\/www.muenster.org\/dfgms\/#\/schema\/logo\/image\/","url":"https:\/\/www.muenster.org\/dfgms\/wp-content\/uploads\/2025\/10\/NewLogoYellow-140x140-1-e1764328303462.jpg","contentUrl":"https:\/\/www.muenster.org\/dfgms\/wp-content\/uploads\/2025\/10\/NewLogoYellow-140x140-1-e1764328303462.jpg","width":110,"height":108,"caption":"Deutsch-Franz\u00f6sische Gesellschaft M\u00fcnster e.V."},"image":{"@id":"https:\/\/www.muenster.org\/dfgms\/#\/schema\/logo\/image\/"}}]}},"_links":{"self":[{"href":"https:\/\/www.muenster.org\/dfgms\/wp-json\/wp\/v2\/tribe_events\/1160","targetHints":{"allow":["GET"]}}],"collection":[{"href":"https:\/\/www.muenster.org\/dfgms\/wp-json\/wp\/v2\/tribe_events"}],"about":[{"href":"https:\/\/www.muenster.org\/dfgms\/wp-json\/wp\/v2\/types\/tribe_events"}],"author":[{"embeddable":true,"href":"https:\/\/www.muenster.org\/dfgms\/wp-json\/wp\/v2\/users\/4"}],"version-history":[{"count":3,"href":"https:\/\/www.muenster.org\/dfgms\/wp-json\/wp\/v2\/tribe_events\/1160\/revisions"}],"predecessor-version":[{"id":1165,"href":"https:\/\/www.muenster.org\/dfgms\/wp-json\/wp\/v2\/tribe_events\/1160\/revisions\/1165"}],"wp:featuredmedia":[{"embeddable":true,"href":"https:\/\/www.muenster.org\/dfgms\/wp-json\/wp\/v2\/media\/1166"}],"wp:attachment":[{"href":"https:\/\/www.muenster.org\/dfgms\/wp-json\/wp\/v2\/media?parent=1160"}],"wp:term":[{"taxonomy":"post_tag","embeddable":true,"href":"https:\/\/www.muenster.org\/dfgms\/wp-json\/wp\/v2\/tags?post=1160"},{"taxonomy":"tribe_events_cat","embeddable":true,"href":"https:\/\/www.muenster.org\/dfgms\/wp-json\/wp\/v2\/tribe_events_cat?post=1160"}],"curies":[{"name":"wp","href":"https:\/\/api.w.org\/{rel}","templated":true}]}}

<p><strong>So 14. 9. beim KINOFEST 2025 (5 €) im Schloßtheater: Der Dokumentarfilm über das Pariser Café „Le Vieux Belleville“, wo Anarchisten und Künstler zusammenkommen, in Kooperation mit der Deutsch-Französischen Gesellschaft Münster e.V. &#8211; zu Besuch: Regisseurin und Produzentin Daniela Abke sowie Café-Besitzer Joseph Pantaleo, Chansonnier Riton La Manivelle und Akkordeonist Michel Refutin &#8211; nach dem Film Gespräch und Live-Chansons auf dem Vorplatz!</strong></p>
<div class="movie-schedule--description-text">Paris, Belleville: ein letztes Café Musette. Charmant, bezaubernd, eigenwillig, wie die sechs Charaktere, deren Wege sich hier kreuzen. Reale Poesie und populäres Chanson. Unbeugsam, unbändig, zeitlos. Französische Geschichte, die trotzt und fortbesteht. Anhand einer Straßenecke portraitiert der Film ein Quartier, das dem Fremden ein Zuhause geworden ist. Geprägt von den Migrationen der letzten Jahrhunderte, von Handwerk und Revolte, singt uns Belleville seine Lieder von Liebe und Kampf. Fotografie in schwarz/weiss. Bilder wie ein Chanson.</div>

<p>So 14. 9. beim KINOFEST 2025 (5 €) im Schloßtheater: Der Dokumentarfilm über das Pariser Café „Le Vieux Belleville“, wo Anarchisten und Künstler zusammenkommen, in Kooperation mit der Deutsch-Französischen Gesellschaft Münster e.V. &#8211; zu Besuch: Regisseurin und Produzentin Daniela Abke sowie Café-Besitzer Joseph Pantaleo, Chansonnier Riton La Manivelle und Akkordeonist Michel Refutin &#8211; nach dem Film Gespräch und Live-Chansons auf</p>

<!-- This site is optimized with the Yoast SEO plugin v26.0 - https://yoast.com/wordpress/plugins/seo/ -->
<title>Belleville. Belle et rebelle - Deutsch-Französische Gesellschaft Münster e.V.</title>
<meta name="robots" content="index, follow, max-snippet:-1, max-image-preview:large, max-video-preview:-1" />
<link rel="canonical" href="https://www.muenster.org/dfgms/event/table-ronde-8/" />
<meta property="og:locale" content="de_DE" />
<meta property="og:type" content="article" />
<meta property="og:title" content="Belleville. Belle et rebelle - Deutsch-Französische Gesellschaft Münster e.V." />
<meta property="og:description" content="So 14. 9. beim KINOFEST 2025 (5 €) im Schloßtheater: Der Dokumentarfilm über das Pariser Café „Le Vieux Belleville“, wo Anarchisten und Künstler zusammenkommen, in Kooperation mit der Deutsch-Französischen Gesellschaft Münster e.V. &#8211; zu Besuch: Regisseurin und Produzentin Daniela Abke sowie Café-Besitzer Joseph Pantaleo, Chansonnier Riton La Manivelle und Akkordeonist Michel Refutin &#8211; nach dem Film Gespräch und Live-Chansons auf" />
<meta property="og:url" content="https://www.muenster.org/dfgms/event/table-ronde-8/" />
<meta property="og:site_name" content="Deutsch-Französische Gesellschaft Münster e.V." />
<meta property="article:modified_time" content="2025-08-25T21:16:35+00:00" />
<meta property="og:image" content="//www.muenster.org/dfgms/wp-content/uploads/2025/01/belleville-daniela-abke-poster-web.jpg" />
	<meta property="og:image:width" content="1170" />
	<meta property="og:image:height" content="1658" />
	<meta property="og:image:type" content="image/jpeg" />
<meta name="twitter:card" content="summary_large_image" />
<meta name="twitter:label1" content="Geschätzte Lesezeit" />
	<meta name="twitter:data1" content="1 Minute" />
<script type="application/ld+json" class="yoast-schema-graph">{"@context":"https://schema.org","@graph":[{"@type":"WebPage","@id":"https://www.muenster.org/dfgms/event/table-ronde-8/","url":"https://www.muenster.org/dfgms/event/table-ronde-8/","name":"Belleville. Belle et rebelle - Deutsch-Französische Gesellschaft Münster e.V.","isPartOf":{"@id":"https://www.muenster.org/dfgms/#website"},"primaryImageOfPage":{"@id":"https://www.muenster.org/dfgms/event/table-ronde-8/#primaryimage"},"image":{"@id":"https://www.muenster.org/dfgms/event/table-ronde-8/#primaryimage"},"thumbnailUrl":"https://www.muenster.org/dfgms/wp-content/uploads/2025/01/belleville-daniela-abke-poster-web.jpg","datePublished":"2025-08-25T21:09:28+00:00","dateModified":"2025-08-25T21:16:35+00:00","breadcrumb":{"@id":"https://www.muenster.org/dfgms/event/table-ronde-8/#breadcrumb"},"inLanguage":"de","potentialAction":[{"@type":"ReadAction","target":["https://www.muenster.org/dfgms/event/table-ronde-8/"]}]},{"@type":"ImageObject","inLanguage":"de","@id":"https://www.muenster.org/dfgms/event/table-ronde-8/#primaryimage","url":"https://www.muenster.org/dfgms/wp-content/uploads/2025/01/belleville-daniela-abke-poster-web.jpg","contentUrl":"https://www.muenster.org/dfgms/wp-content/uploads/2025/01/belleville-daniela-abke-poster-web.jpg","width":1170,"height":1658},{"@type":"BreadcrumbList","@id":"https://www.muenster.org/dfgms/event/table-ronde-8/#breadcrumb","itemListElement":[{"@type":"ListItem","position":1,"name":"Startseite"},{"@type":"ListItem","position":2,"name":"Veranstaltungen","item":"https://www.muenster.org/dfgms/events/"},{"@type":"ListItem","position":3,"name":"Belleville. Belle et rebelle"}]},{"@type":"WebSite","@id":"https://www.muenster.org/dfgms/#website","url":"https://www.muenster.org/dfgms/","name":"Deutsch-Französische Gesellschaft Münster e.V.","description":"","publisher":{"@id":"https://www.muenster.org/dfgms/#organization"},"potentialAction":[{"@type":"SearchAction","target":{"@type":"EntryPoint","urlTemplate":"https://www.muenster.org/dfgms/?s={search_term_string}"},"query-input":{"@type":"PropertyValueSpecification","valueRequired":true,"valueName":"search_term_string"}}],"inLanguage":"de"},{"@type":"Organization","@id":"https://www.muenster.org/dfgms/#organization","name":"Deutsch-Französische Gesellschaft Münster e.V.","url":"https://www.muenster.org/dfgms/","logo":{"@type":"ImageObject","inLanguage":"de","@id":"https://www.muenster.org/dfgms/#/schema/logo/image/","url":"https://www.muenster.org/dfgms/wp-content/uploads/2025/10/NewLogoYellow-140x140-1-e1764328303462.jpg","contentUrl":"https://www.muenster.org/dfgms/wp-content/uploads/2025/10/NewLogoYellow-140x140-1-e1764328303462.jpg","width":110,"height":108,"caption":"Deutsch-Französische Gesellschaft Münster e.V."},"image":{"@id":"https://www.muenster.org/dfgms/#/schema/logo/image/"}}]}</script>
<!-- / Yoast SEO plugin. -->

Belleville. Belle et rebelle - Deutsch-Französische Gesellschaft Münster e.V.

So 14. 9. beim KINOFEST 2025 (5 €) im Schloßtheater: Der Dokumentarfilm über das Pariser Café „Le Vieux Belleville“, wo Anarchisten und Künstler zusammenkommen, in Kooperation mit der Deutsch-Französischen Gesellschaft Münster e.V. &#8211; zu Besuch: Regisseurin und Produzentin Daniela Abke sowie Café-Besitzer Joseph Pantaleo, Chansonnier Riton La Manivelle und Akkordeonist Michel Refutin &#8211; nach dem Film Gespräch und Live-Chansons auf

Deutsch-Französische Gesellschaft Münster e.V.
