{"id":1145,"date":"2025-06-21T22:16:59","date_gmt":"2025-06-21T20:16:59","guid":{"rendered":"https:\/\/www.muenster.org\/dfgms\/?post_type=tribe_events&#038;p=1145"},"modified":"2025-06-22T16:24:01","modified_gmt":"2025-06-22T14:24:01","slug":"sommergest-am-05-07-2023","status":"publish","type":"tribe_events","link":"https:\/\/www.muenster.org\/dfgms\/event\/sommergest-am-05-07-2023\/","title":{"rendered":"Sommerfest am 05.07.2025"},"content":{"rendered":"<p>Liebe Mitglieder und Freunde der DFG,<\/p>\n<p>wir laden Euch herzlich zu unserem Sommerfest am 05.07.2025 ab 18:00 Uhr ein.<\/p>\n<p>Es findet, wie in den letzten Jahren, beim Verein DJK Germania Mauritz, Coppenrathsweg 21, 48155 M\u00fcnster statt.<\/p>\n<p>Wir werden wieder f\u00fcr Euch grillen, Cr\u00eapes backen, bitten Euch aber, einen Beitrag zum B\u00fcffet mitzubringen.<\/p>\n<p>F\u00fcr die musikalische Unterhaltung sorgt das Duo &#8222;<a href=\"http:\/\/richard-alexander.de\/alexander-senegas\/\">Alexander und Senegas<\/a>&#8222;.<\/p>\n<p>Wir freuen uns auf einen Sch\u00f6nen gemeinsamen Abend!<\/p>\n<p>Herzliche Gr\u00fc\u00dfe<\/p>\n<p>Deutsch-franz\u00f6sischer Gesellschaft M\u00fcnster e.V.<\/p>\n","protected":false},"excerpt":{"rendered":"<p>Liebe Mitglieder und Freunde der DFG, wir laden Euch herzlich zu unserem Sommerfest am 05.07.2025 ab 18:00 Uhr ein. Es findet, wie in den letzten Jahren, beim Verein DJK Germania Mauritz, Coppenrathsweg 21, 48155 M\u00fcnster statt. Wir werden wieder f\u00fcr Euch grillen, Cr\u00eapes backen, bitten Euch aber, einen Beitrag zum B\u00fcffet mitzubringen. F\u00fcr die musikalische Unterhaltung sorgt das Duo &#8222;Alexander<\/p>\n","protected":false},"author":4,"featured_media":0,"template":"","meta":{"_tribe_events_status":"","_tribe_events_status_reason":"","footnotes":""},"tags":[],"tribe_events_cat":[],"class_list":["post-1145","tribe_events","type-tribe_events","status-publish","hentry"],"yoast_head":"<!-- This site is optimized with the Yoast SEO plugin v26.0 - https:\/\/yoast.com\/wordpress\/plugins\/seo\/ -->\n<title>Sommerfest am 05.07.2025 - Deutsch-Franz\u00f6sische Gesellschaft M\u00fcnster e.V.<\/title>\n<meta name=\"robots\" content=\"index, follow, max-snippet:-1, max-image-preview:large, max-video-preview:-1\" \/>\n<link rel=\"canonical\" href=\"https:\/\/www.muenster.org\/dfgms\/event\/sommergest-am-05-07-2023\/\" \/>\n<meta property=\"og:locale\" content=\"de_DE\" \/>\n<meta property=\"og:type\" content=\"article\" \/>\n<meta property=\"og:title\" content=\"Sommerfest am 05.07.2025 - Deutsch-Franz\u00f6sische Gesellschaft M\u00fcnster e.V.\" \/>\n<meta property=\"og:description\" content=\"Liebe Mitglieder und Freunde der DFG, wir laden Euch herzlich zu unserem Sommerfest am 05.07.2025 ab 18:00 Uhr ein. Es findet, wie in den letzten Jahren, beim Verein DJK Germania Mauritz, Coppenrathsweg 21, 48155 M\u00fcnster statt. Wir werden wieder f\u00fcr Euch grillen, Cr\u00eapes backen, bitten Euch aber, einen Beitrag zum B\u00fcffet mitzubringen. F\u00fcr die musikalische Unterhaltung sorgt das Duo &#8222;Alexander\" \/>\n<meta property=\"og:url\" content=\"https:\/\/www.muenster.org\/dfgms\/event\/sommergest-am-05-07-2023\/\" \/>\n<meta property=\"og:site_name\" content=\"Deutsch-Franz\u00f6sische Gesellschaft M\u00fcnster e.V.\" \/>\n<meta property=\"article:modified_time\" content=\"2025-06-22T14:24:01+00:00\" \/>\n<meta name=\"twitter:card\" content=\"summary_large_image\" \/>\n<meta name=\"twitter:label1\" content=\"Gesch\u00e4tzte Lesezeit\" \/>\n\t<meta name=\"twitter:data1\" content=\"1\u00a0Minute\" \/>\n<script type=\"application\/ld+json\" class=\"yoast-schema-graph\">{\"@context\":\"https:\/\/schema.org\",\"@graph\":[{\"@type\":\"WebPage\",\"@id\":\"https:\/\/www.muenster.org\/dfgms\/event\/sommergest-am-05-07-2023\/\",\"url\":\"https:\/\/www.muenster.org\/dfgms\/event\/sommergest-am-05-07-2023\/\",\"name\":\"Sommerfest am 05.07.2025 - Deutsch-Franz\u00f6sische Gesellschaft M\u00fcnster e.V.\",\"isPartOf\":{\"@id\":\"https:\/\/www.muenster.org\/dfgms\/#website\"},\"datePublished\":\"2025-06-21T20:16:59+00:00\",\"dateModified\":\"2025-06-22T14:24:01+00:00\",\"breadcrumb\":{\"@id\":\"https:\/\/www.muenster.org\/dfgms\/event\/sommergest-am-05-07-2023\/#breadcrumb\"},\"inLanguage\":\"de\",\"potentialAction\":[{\"@type\":\"ReadAction\",\"target\":[\"https:\/\/www.muenster.org\/dfgms\/event\/sommergest-am-05-07-2023\/\"]}]},{\"@type\":\"BreadcrumbList\",\"@id\":\"https:\/\/www.muenster.org\/dfgms\/event\/sommergest-am-05-07-2023\/#breadcrumb\",\"itemListElement\":[{\"@type\":\"ListItem\",\"position\":1,\"name\":\"Startseite\"},{\"@type\":\"ListItem\",\"position\":2,\"name\":\"Veranstaltungen\",\"item\":\"https:\/\/www.muenster.org\/dfgms\/events\/\"},{\"@type\":\"ListItem\",\"position\":3,\"name\":\"Sommerfest am 05.07.2025\"}]},{\"@type\":\"WebSite\",\"@id\":\"https:\/\/www.muenster.org\/dfgms\/#website\",\"url\":\"https:\/\/www.muenster.org\/dfgms\/\",\"name\":\"Deutsch-Franz\u00f6sische Gesellschaft M\u00fcnster e.V.\",\"description\":\"\",\"publisher\":{\"@id\":\"https:\/\/www.muenster.org\/dfgms\/#organization\"},\"potentialAction\":[{\"@type\":\"SearchAction\",\"target\":{\"@type\":\"EntryPoint\",\"urlTemplate\":\"https:\/\/www.muenster.org\/dfgms\/?s={search_term_string}\"},\"query-input\":{\"@type\":\"PropertyValueSpecification\",\"valueRequired\":true,\"valueName\":\"search_term_string\"}}],\"inLanguage\":\"de\"},{\"@type\":\"Organization\",\"@id\":\"https:\/\/www.muenster.org\/dfgms\/#organization\",\"name\":\"Deutsch-Franz\u00f6sische Gesellschaft M\u00fcnster e.V.\",\"url\":\"https:\/\/www.muenster.org\/dfgms\/\",\"logo\":{\"@type\":\"ImageObject\",\"inLanguage\":\"de\",\"@id\":\"https:\/\/www.muenster.org\/dfgms\/#\/schema\/logo\/image\/\",\"url\":\"https:\/\/www.muenster.org\/dfgms\/wp-content\/uploads\/2025\/10\/NewLogoYellow-140x140-1-e1764328303462.jpg\",\"contentUrl\":\"https:\/\/www.muenster.org\/dfgms\/wp-content\/uploads\/2025\/10\/NewLogoYellow-140x140-1-e1764328303462.jpg\",\"width\":110,\"height\":108,\"caption\":\"Deutsch-Franz\u00f6sische Gesellschaft M\u00fcnster e.V.\"},\"image\":{\"@id\":\"https:\/\/www.muenster.org\/dfgms\/#\/schema\/logo\/image\/\"}}]}<\/script>\n<!-- \/ Yoast SEO plugin. -->","yoast_head_json":{"title":"Sommerfest am 05.07.2025 - Deutsch-Franz\u00f6sische Gesellschaft M\u00fcnster e.V.","robots":{"index":"index","follow":"follow","max-snippet":"max-snippet:-1","max-image-preview":"max-image-preview:large","max-video-preview":"max-video-preview:-1"},"canonical":"https:\/\/www.muenster.org\/dfgms\/event\/sommergest-am-05-07-2023\/","og_locale":"de_DE","og_type":"article","og_title":"Sommerfest am 05.07.2025 - Deutsch-Franz\u00f6sische Gesellschaft M\u00fcnster e.V.","og_description":"Liebe Mitglieder und Freunde der DFG, wir laden Euch herzlich zu unserem Sommerfest am 05.07.2025 ab 18:00 Uhr ein. Es findet, wie in den letzten Jahren, beim Verein DJK Germania Mauritz, Coppenrathsweg 21, 48155 M\u00fcnster statt. Wir werden wieder f\u00fcr Euch grillen, Cr\u00eapes backen, bitten Euch aber, einen Beitrag zum B\u00fcffet mitzubringen. F\u00fcr die musikalische Unterhaltung sorgt das Duo &#8222;Alexander","og_url":"https:\/\/www.muenster.org\/dfgms\/event\/sommergest-am-05-07-2023\/","og_site_name":"Deutsch-Franz\u00f6sische Gesellschaft M\u00fcnster e.V.","article_modified_time":"2025-06-22T14:24:01+00:00","twitter_card":"summary_large_image","twitter_misc":{"Gesch\u00e4tzte Lesezeit":"1\u00a0Minute"},"schema":{"@context":"https:\/\/schema.org","@graph":[{"@type":"WebPage","@id":"https:\/\/www.muenster.org\/dfgms\/event\/sommergest-am-05-07-2023\/","url":"https:\/\/www.muenster.org\/dfgms\/event\/sommergest-am-05-07-2023\/","name":"Sommerfest am 05.07.2025 - Deutsch-Franz\u00f6sische Gesellschaft M\u00fcnster e.V.","isPartOf":{"@id":"https:\/\/www.muenster.org\/dfgms\/#website"},"datePublished":"2025-06-21T20:16:59+00:00","dateModified":"2025-06-22T14:24:01+00:00","breadcrumb":{"@id":"https:\/\/www.muenster.org\/dfgms\/event\/sommergest-am-05-07-2023\/#breadcrumb"},"inLanguage":"de","potentialAction":[{"@type":"ReadAction","target":["https:\/\/www.muenster.org\/dfgms\/event\/sommergest-am-05-07-2023\/"]}]},{"@type":"BreadcrumbList","@id":"https:\/\/www.muenster.org\/dfgms\/event\/sommergest-am-05-07-2023\/#breadcrumb","itemListElement":[{"@type":"ListItem","position":1,"name":"Startseite"},{"@type":"ListItem","position":2,"name":"Veranstaltungen","item":"https:\/\/www.muenster.org\/dfgms\/events\/"},{"@type":"ListItem","position":3,"name":"Sommerfest am 05.07.2025"}]},{"@type":"WebSite","@id":"https:\/\/www.muenster.org\/dfgms\/#website","url":"https:\/\/www.muenster.org\/dfgms\/","name":"Deutsch-Franz\u00f6sische Gesellschaft M\u00fcnster e.V.","description":"","publisher":{"@id":"https:\/\/www.muenster.org\/dfgms\/#organization"},"potentialAction":[{"@type":"SearchAction","target":{"@type":"EntryPoint","urlTemplate":"https:\/\/www.muenster.org\/dfgms\/?s={search_term_string}"},"query-input":{"@type":"PropertyValueSpecification","valueRequired":true,"valueName":"search_term_string"}}],"inLanguage":"de"},{"@type":"Organization","@id":"https:\/\/www.muenster.org\/dfgms\/#organization","name":"Deutsch-Franz\u00f6sische Gesellschaft M\u00fcnster e.V.","url":"https:\/\/www.muenster.org\/dfgms\/","logo":{"@type":"ImageObject","inLanguage":"de","@id":"https:\/\/www.muenster.org\/dfgms\/#\/schema\/logo\/image\/","url":"https:\/\/www.muenster.org\/dfgms\/wp-content\/uploads\/2025\/10\/NewLogoYellow-140x140-1-e1764328303462.jpg","contentUrl":"https:\/\/www.muenster.org\/dfgms\/wp-content\/uploads\/2025\/10\/NewLogoYellow-140x140-1-e1764328303462.jpg","width":110,"height":108,"caption":"Deutsch-Franz\u00f6sische Gesellschaft M\u00fcnster e.V."},"image":{"@id":"https:\/\/www.muenster.org\/dfgms\/#\/schema\/logo\/image\/"}}]}},"_links":{"self":[{"href":"https:\/\/www.muenster.org\/dfgms\/wp-json\/wp\/v2\/tribe_events\/1145","targetHints":{"allow":["GET"]}}],"collection":[{"href":"https:\/\/www.muenster.org\/dfgms\/wp-json\/wp\/v2\/tribe_events"}],"about":[{"href":"https:\/\/www.muenster.org\/dfgms\/wp-json\/wp\/v2\/types\/tribe_events"}],"author":[{"embeddable":true,"href":"https:\/\/www.muenster.org\/dfgms\/wp-json\/wp\/v2\/users\/4"}],"version-history":[{"count":4,"href":"https:\/\/www.muenster.org\/dfgms\/wp-json\/wp\/v2\/tribe_events\/1145\/revisions"}],"predecessor-version":[{"id":1149,"href":"https:\/\/www.muenster.org\/dfgms\/wp-json\/wp\/v2\/tribe_events\/1145\/revisions\/1149"}],"wp:attachment":[{"href":"https:\/\/www.muenster.org\/dfgms\/wp-json\/wp\/v2\/media?parent=1145"}],"wp:term":[{"taxonomy":"post_tag","embeddable":true,"href":"https:\/\/www.muenster.org\/dfgms\/wp-json\/wp\/v2\/tags?post=1145"},{"taxonomy":"tribe_events_cat","embeddable":true,"href":"https:\/\/www.muenster.org\/dfgms\/wp-json\/wp\/v2\/tribe_events_cat?post=1145"}],"curies":[{"name":"wp","href":"https:\/\/api.w.org\/{rel}","templated":true}]}}

<p>Liebe Mitglieder und Freunde der DFG,</p>
<p>wir laden Euch herzlich zu unserem Sommerfest am 05.07.2025 ab 18:00 Uhr ein.</p>
<p>Es findet, wie in den letzten Jahren, beim Verein DJK Germania Mauritz, Coppenrathsweg 21, 48155 Münster statt.</p>
<p>Wir werden wieder für Euch grillen, Crêpes backen, bitten Euch aber, einen Beitrag zum Büffet mitzubringen.</p>
<p>Für die musikalische Unterhaltung sorgt das Duo &#8222;<a href="http://richard-alexander.de/alexander-senegas/">Alexander und Senegas</a>&#8222;.</p>
<p>Wir freuen uns auf einen Schönen gemeinsamen Abend!</p>
<p>Herzliche Grüße</p>
<p>Deutsch-französischer Gesellschaft Münster e.V.</p>

<p>Liebe Mitglieder und Freunde der DFG, wir laden Euch herzlich zu unserem Sommerfest am 05.07.2025 ab 18:00 Uhr ein. Es findet, wie in den letzten Jahren, beim Verein DJK Germania Mauritz, Coppenrathsweg 21, 48155 Münster statt. Wir werden wieder für Euch grillen, Crêpes backen, bitten Euch aber, einen Beitrag zum Büffet mitzubringen. Für die musikalische Unterhaltung sorgt das Duo &#8222;Alexander</p>

<!-- This site is optimized with the Yoast SEO plugin v26.0 - https://yoast.com/wordpress/plugins/seo/ -->
<title>Sommerfest am 05.07.2025 - Deutsch-Französische Gesellschaft Münster e.V.</title>
<meta name="robots" content="index, follow, max-snippet:-1, max-image-preview:large, max-video-preview:-1" />
<link rel="canonical" href="https://www.muenster.org/dfgms/event/sommergest-am-05-07-2023/" />
<meta property="og:locale" content="de_DE" />
<meta property="og:type" content="article" />
<meta property="og:title" content="Sommerfest am 05.07.2025 - Deutsch-Französische Gesellschaft Münster e.V." />
<meta property="og:description" content="Liebe Mitglieder und Freunde der DFG, wir laden Euch herzlich zu unserem Sommerfest am 05.07.2025 ab 18:00 Uhr ein. Es findet, wie in den letzten Jahren, beim Verein DJK Germania Mauritz, Coppenrathsweg 21, 48155 Münster statt. Wir werden wieder für Euch grillen, Crêpes backen, bitten Euch aber, einen Beitrag zum Büffet mitzubringen. Für die musikalische Unterhaltung sorgt das Duo &#8222;Alexander" />
<meta property="og:url" content="https://www.muenster.org/dfgms/event/sommergest-am-05-07-2023/" />
<meta property="og:site_name" content="Deutsch-Französische Gesellschaft Münster e.V." />
<meta property="article:modified_time" content="2025-06-22T14:24:01+00:00" />
<meta name="twitter:card" content="summary_large_image" />
<meta name="twitter:label1" content="Geschätzte Lesezeit" />
	<meta name="twitter:data1" content="1 Minute" />
<script type="application/ld+json" class="yoast-schema-graph">{"@context":"https://schema.org","@graph":[{"@type":"WebPage","@id":"https://www.muenster.org/dfgms/event/sommergest-am-05-07-2023/","url":"https://www.muenster.org/dfgms/event/sommergest-am-05-07-2023/","name":"Sommerfest am 05.07.2025 - Deutsch-Französische Gesellschaft Münster e.V.","isPartOf":{"@id":"https://www.muenster.org/dfgms/#website"},"datePublished":"2025-06-21T20:16:59+00:00","dateModified":"2025-06-22T14:24:01+00:00","breadcrumb":{"@id":"https://www.muenster.org/dfgms/event/sommergest-am-05-07-2023/#breadcrumb"},"inLanguage":"de","potentialAction":[{"@type":"ReadAction","target":["https://www.muenster.org/dfgms/event/sommergest-am-05-07-2023/"]}]},{"@type":"BreadcrumbList","@id":"https://www.muenster.org/dfgms/event/sommergest-am-05-07-2023/#breadcrumb","itemListElement":[{"@type":"ListItem","position":1,"name":"Startseite"},{"@type":"ListItem","position":2,"name":"Veranstaltungen","item":"https://www.muenster.org/dfgms/events/"},{"@type":"ListItem","position":3,"name":"Sommerfest am 05.07.2025"}]},{"@type":"WebSite","@id":"https://www.muenster.org/dfgms/#website","url":"https://www.muenster.org/dfgms/","name":"Deutsch-Französische Gesellschaft Münster e.V.","description":"","publisher":{"@id":"https://www.muenster.org/dfgms/#organization"},"potentialAction":[{"@type":"SearchAction","target":{"@type":"EntryPoint","urlTemplate":"https://www.muenster.org/dfgms/?s={search_term_string}"},"query-input":{"@type":"PropertyValueSpecification","valueRequired":true,"valueName":"search_term_string"}}],"inLanguage":"de"},{"@type":"Organization","@id":"https://www.muenster.org/dfgms/#organization","name":"Deutsch-Französische Gesellschaft Münster e.V.","url":"https://www.muenster.org/dfgms/","logo":{"@type":"ImageObject","inLanguage":"de","@id":"https://www.muenster.org/dfgms/#/schema/logo/image/","url":"https://www.muenster.org/dfgms/wp-content/uploads/2025/10/NewLogoYellow-140x140-1-e1764328303462.jpg","contentUrl":"https://www.muenster.org/dfgms/wp-content/uploads/2025/10/NewLogoYellow-140x140-1-e1764328303462.jpg","width":110,"height":108,"caption":"Deutsch-Französische Gesellschaft Münster e.V."},"image":{"@id":"https://www.muenster.org/dfgms/#/schema/logo/image/"}}]}</script>
<!-- / Yoast SEO plugin. -->

Sommerfest am 05.07.2025 - Deutsch-Französische Gesellschaft Münster e.V.

Liebe Mitglieder und Freunde der DFG, wir laden Euch herzlich zu unserem Sommerfest am 05.07.2025 ab 18:00 Uhr ein. Es findet, wie in den letzten Jahren, beim Verein DJK Germania Mauritz, Coppenrathsweg 21, 48155 Münster statt. Wir werden wieder für Euch grillen, Crêpes backen, bitten Euch aber, einen Beitrag zum Büffet mitzubringen. Für die musikalische Unterhaltung sorgt das Duo &#8222;Alexander

Deutsch-Französische Gesellschaft Münster e.V.
