{"id":1078,"date":"2025-01-25T00:23:14","date_gmt":"2025-01-24T23:23:14","guid":{"rendered":"https:\/\/www.muenster.org\/dfgms\/?post_type=tribe_events&#038;p=1078"},"modified":"2025-01-25T00:24:24","modified_gmt":"2025-01-24T23:24:24","slug":"deutsch-franzoesischer-tag-journee-franco-allemande","status":"publish","type":"tribe_events","link":"https:\/\/www.muenster.org\/dfgms\/event\/deutsch-franzoesischer-tag-journee-franco-allemande\/","title":{"rendered":"Deutsch-Franz\u00f6sischer Tag &#8211; Journ\u00e9e Franco-Allemande"},"content":{"rendered":"<p>Wir pr\u00e4sentieren die unterschiedlichen Aktivit\u00e4ten von Personen, Vereinen und Institutionen im Rahmen der deutsch-franz\u00f6sischen Freundschaft.<br \/>\nNeugierig? Alle Interessierten sind willkommen, um sich zu informieren und M\u00f6glichkeiten des<br \/>\nEngagements zu entdecken!<\/p>\n<p>Programm : <a href=\"\/\/www.muenster.org\/dfgms\/wp-content\/uploads\/2025\/01\/De-Frz-Tag_2025__Flyer.pdf\">De-Frz-Tag_2025__Flyer<\/a><\/p>\n","protected":false},"excerpt":{"rendered":"<p>Wir pr\u00e4sentieren die unterschiedlichen Aktivit\u00e4ten von Personen, Vereinen und Institutionen im Rahmen der deutsch-franz\u00f6sischen Freundschaft. Neugierig? Alle Interessierten sind willkommen, um sich zu informieren und M\u00f6glichkeiten des Engagements zu entdecken! Programm : De-Frz-Tag_2025__Flyer<\/p>\n","protected":false},"author":4,"featured_media":1077,"template":"","meta":{"_tribe_events_status":"","_tribe_events_status_reason":"","footnotes":""},"tags":[],"tribe_events_cat":[29],"class_list":["post-1078","tribe_events","type-tribe_events","status-publish","has-post-thumbnail","hentry","tribe_events_cat-presentation","cat_presentation"],"yoast_head":"<!-- This site is optimized with the Yoast SEO plugin v26.0 - https:\/\/yoast.com\/wordpress\/plugins\/seo\/ -->\n<title>Deutsch-Franz\u00f6sischer Tag - Journ\u00e9e Franco-Allemande - Deutsch-Franz\u00f6sische Gesellschaft M\u00fcnster e.V.<\/title>\n<meta name=\"robots\" content=\"index, follow, max-snippet:-1, max-image-preview:large, max-video-preview:-1\" \/>\n<link rel=\"canonical\" href=\"https:\/\/www.muenster.org\/dfgms\/event\/deutsch-franzoesischer-tag-journee-franco-allemande\/\" \/>\n<meta property=\"og:locale\" content=\"de_DE\" \/>\n<meta property=\"og:type\" content=\"article\" \/>\n<meta property=\"og:title\" content=\"Deutsch-Franz\u00f6sischer Tag - Journ\u00e9e Franco-Allemande - Deutsch-Franz\u00f6sische Gesellschaft M\u00fcnster e.V.\" \/>\n<meta property=\"og:description\" content=\"Wir pr\u00e4sentieren die unterschiedlichen Aktivit\u00e4ten von Personen, Vereinen und Institutionen im Rahmen der deutsch-franz\u00f6sischen Freundschaft. Neugierig? Alle Interessierten sind willkommen, um sich zu informieren und M\u00f6glichkeiten des Engagements zu entdecken! Programm : De-Frz-Tag_2025__Flyer\" \/>\n<meta property=\"og:url\" content=\"https:\/\/www.muenster.org\/dfgms\/event\/deutsch-franzoesischer-tag-journee-franco-allemande\/\" \/>\n<meta property=\"og:site_name\" content=\"Deutsch-Franz\u00f6sische Gesellschaft M\u00fcnster e.V.\" \/>\n<meta property=\"article:modified_time\" content=\"2025-01-24T23:24:24+00:00\" \/>\n<meta property=\"og:image\" content=\"\/\/www.muenster.org\/dfgms\/wp-content\/uploads\/2025\/01\/DFG_TAG.jpg\" \/>\n\t<meta property=\"og:image:width\" content=\"419\" \/>\n\t<meta property=\"og:image:height\" content=\"292\" \/>\n\t<meta property=\"og:image:type\" content=\"image\/jpeg\" \/>\n<meta name=\"twitter:card\" content=\"summary_large_image\" \/>\n<meta name=\"twitter:label1\" content=\"Gesch\u00e4tzte Lesezeit\" \/>\n\t<meta name=\"twitter:data1\" content=\"1\u00a0Minute\" \/>\n<script type=\"application\/ld+json\" class=\"yoast-schema-graph\">{\"@context\":\"https:\/\/schema.org\",\"@graph\":[{\"@type\":\"WebPage\",\"@id\":\"https:\/\/www.muenster.org\/dfgms\/event\/deutsch-franzoesischer-tag-journee-franco-allemande\/\",\"url\":\"https:\/\/www.muenster.org\/dfgms\/event\/deutsch-franzoesischer-tag-journee-franco-allemande\/\",\"name\":\"Deutsch-Franz\u00f6sischer Tag - Journ\u00e9e Franco-Allemande - Deutsch-Franz\u00f6sische Gesellschaft M\u00fcnster e.V.\",\"isPartOf\":{\"@id\":\"https:\/\/www.muenster.org\/dfgms\/#website\"},\"primaryImageOfPage\":{\"@id\":\"https:\/\/www.muenster.org\/dfgms\/event\/deutsch-franzoesischer-tag-journee-franco-allemande\/#primaryimage\"},\"image\":{\"@id\":\"https:\/\/www.muenster.org\/dfgms\/event\/deutsch-franzoesischer-tag-journee-franco-allemande\/#primaryimage\"},\"thumbnailUrl\":\"https:\/\/www.muenster.org\/dfgms\/wp-content\/uploads\/2025\/01\/DFG_TAG.jpg\",\"datePublished\":\"2025-01-24T23:23:14+00:00\",\"dateModified\":\"2025-01-24T23:24:24+00:00\",\"breadcrumb\":{\"@id\":\"https:\/\/www.muenster.org\/dfgms\/event\/deutsch-franzoesischer-tag-journee-franco-allemande\/#breadcrumb\"},\"inLanguage\":\"de\",\"potentialAction\":[{\"@type\":\"ReadAction\",\"target\":[\"https:\/\/www.muenster.org\/dfgms\/event\/deutsch-franzoesischer-tag-journee-franco-allemande\/\"]}]},{\"@type\":\"ImageObject\",\"inLanguage\":\"de\",\"@id\":\"https:\/\/www.muenster.org\/dfgms\/event\/deutsch-franzoesischer-tag-journee-franco-allemande\/#primaryimage\",\"url\":\"https:\/\/www.muenster.org\/dfgms\/wp-content\/uploads\/2025\/01\/DFG_TAG.jpg\",\"contentUrl\":\"https:\/\/www.muenster.org\/dfgms\/wp-content\/uploads\/2025\/01\/DFG_TAG.jpg\",\"width\":419,\"height\":292},{\"@type\":\"BreadcrumbList\",\"@id\":\"https:\/\/www.muenster.org\/dfgms\/event\/deutsch-franzoesischer-tag-journee-franco-allemande\/#breadcrumb\",\"itemListElement\":[{\"@type\":\"ListItem\",\"position\":1,\"name\":\"Startseite\"},{\"@type\":\"ListItem\",\"position\":2,\"name\":\"Veranstaltungen\",\"item\":\"https:\/\/www.muenster.org\/dfgms\/events\/\"},{\"@type\":\"ListItem\",\"position\":3,\"name\":\"Deutsch-Franz\u00f6sischer Tag &#8211; Journ\u00e9e Franco-Allemande\"}]},{\"@type\":\"WebSite\",\"@id\":\"https:\/\/www.muenster.org\/dfgms\/#website\",\"url\":\"https:\/\/www.muenster.org\/dfgms\/\",\"name\":\"Deutsch-Franz\u00f6sische Gesellschaft M\u00fcnster e.V.\",\"description\":\"\",\"publisher\":{\"@id\":\"https:\/\/www.muenster.org\/dfgms\/#organization\"},\"potentialAction\":[{\"@type\":\"SearchAction\",\"target\":{\"@type\":\"EntryPoint\",\"urlTemplate\":\"https:\/\/www.muenster.org\/dfgms\/?s={search_term_string}\"},\"query-input\":{\"@type\":\"PropertyValueSpecification\",\"valueRequired\":true,\"valueName\":\"search_term_string\"}}],\"inLanguage\":\"de\"},{\"@type\":\"Organization\",\"@id\":\"https:\/\/www.muenster.org\/dfgms\/#organization\",\"name\":\"Deutsch-Franz\u00f6sische Gesellschaft M\u00fcnster e.V.\",\"url\":\"https:\/\/www.muenster.org\/dfgms\/\",\"logo\":{\"@type\":\"ImageObject\",\"inLanguage\":\"de\",\"@id\":\"https:\/\/www.muenster.org\/dfgms\/#\/schema\/logo\/image\/\",\"url\":\"https:\/\/www.muenster.org\/dfgms\/wp-content\/uploads\/2025\/10\/NewLogoYellow-140x140-1-e1764328303462.jpg\",\"contentUrl\":\"https:\/\/www.muenster.org\/dfgms\/wp-content\/uploads\/2025\/10\/NewLogoYellow-140x140-1-e1764328303462.jpg\",\"width\":110,\"height\":108,\"caption\":\"Deutsch-Franz\u00f6sische Gesellschaft M\u00fcnster e.V.\"},\"image\":{\"@id\":\"https:\/\/www.muenster.org\/dfgms\/#\/schema\/logo\/image\/\"}}]}<\/script>\n<!-- \/ Yoast SEO plugin. -->","yoast_head_json":{"title":"Deutsch-Franz\u00f6sischer Tag - Journ\u00e9e Franco-Allemande - Deutsch-Franz\u00f6sische Gesellschaft M\u00fcnster e.V.","robots":{"index":"index","follow":"follow","max-snippet":"max-snippet:-1","max-image-preview":"max-image-preview:large","max-video-preview":"max-video-preview:-1"},"canonical":"https:\/\/www.muenster.org\/dfgms\/event\/deutsch-franzoesischer-tag-journee-franco-allemande\/","og_locale":"de_DE","og_type":"article","og_title":"Deutsch-Franz\u00f6sischer Tag - Journ\u00e9e Franco-Allemande - Deutsch-Franz\u00f6sische Gesellschaft M\u00fcnster e.V.","og_description":"Wir pr\u00e4sentieren die unterschiedlichen Aktivit\u00e4ten von Personen, Vereinen und Institutionen im Rahmen der deutsch-franz\u00f6sischen Freundschaft. Neugierig? Alle Interessierten sind willkommen, um sich zu informieren und M\u00f6glichkeiten des Engagements zu entdecken! Programm : De-Frz-Tag_2025__Flyer","og_url":"https:\/\/www.muenster.org\/dfgms\/event\/deutsch-franzoesischer-tag-journee-franco-allemande\/","og_site_name":"Deutsch-Franz\u00f6sische Gesellschaft M\u00fcnster e.V.","article_modified_time":"2025-01-24T23:24:24+00:00","og_image":[{"width":419,"height":292,"url":"\/\/www.muenster.org\/dfgms\/wp-content\/uploads\/2025\/01\/DFG_TAG.jpg","type":"image\/jpeg"}],"twitter_card":"summary_large_image","twitter_misc":{"Gesch\u00e4tzte Lesezeit":"1\u00a0Minute"},"schema":{"@context":"https:\/\/schema.org","@graph":[{"@type":"WebPage","@id":"https:\/\/www.muenster.org\/dfgms\/event\/deutsch-franzoesischer-tag-journee-franco-allemande\/","url":"https:\/\/www.muenster.org\/dfgms\/event\/deutsch-franzoesischer-tag-journee-franco-allemande\/","name":"Deutsch-Franz\u00f6sischer Tag - Journ\u00e9e Franco-Allemande - Deutsch-Franz\u00f6sische Gesellschaft M\u00fcnster e.V.","isPartOf":{"@id":"https:\/\/www.muenster.org\/dfgms\/#website"},"primaryImageOfPage":{"@id":"https:\/\/www.muenster.org\/dfgms\/event\/deutsch-franzoesischer-tag-journee-franco-allemande\/#primaryimage"},"image":{"@id":"https:\/\/www.muenster.org\/dfgms\/event\/deutsch-franzoesischer-tag-journee-franco-allemande\/#primaryimage"},"thumbnailUrl":"https:\/\/www.muenster.org\/dfgms\/wp-content\/uploads\/2025\/01\/DFG_TAG.jpg","datePublished":"2025-01-24T23:23:14+00:00","dateModified":"2025-01-24T23:24:24+00:00","breadcrumb":{"@id":"https:\/\/www.muenster.org\/dfgms\/event\/deutsch-franzoesischer-tag-journee-franco-allemande\/#breadcrumb"},"inLanguage":"de","potentialAction":[{"@type":"ReadAction","target":["https:\/\/www.muenster.org\/dfgms\/event\/deutsch-franzoesischer-tag-journee-franco-allemande\/"]}]},{"@type":"ImageObject","inLanguage":"de","@id":"https:\/\/www.muenster.org\/dfgms\/event\/deutsch-franzoesischer-tag-journee-franco-allemande\/#primaryimage","url":"https:\/\/www.muenster.org\/dfgms\/wp-content\/uploads\/2025\/01\/DFG_TAG.jpg","contentUrl":"https:\/\/www.muenster.org\/dfgms\/wp-content\/uploads\/2025\/01\/DFG_TAG.jpg","width":419,"height":292},{"@type":"BreadcrumbList","@id":"https:\/\/www.muenster.org\/dfgms\/event\/deutsch-franzoesischer-tag-journee-franco-allemande\/#breadcrumb","itemListElement":[{"@type":"ListItem","position":1,"name":"Startseite"},{"@type":"ListItem","position":2,"name":"Veranstaltungen","item":"https:\/\/www.muenster.org\/dfgms\/events\/"},{"@type":"ListItem","position":3,"name":"Deutsch-Franz\u00f6sischer Tag &#8211; Journ\u00e9e Franco-Allemande"}]},{"@type":"WebSite","@id":"https:\/\/www.muenster.org\/dfgms\/#website","url":"https:\/\/www.muenster.org\/dfgms\/","name":"Deutsch-Franz\u00f6sische Gesellschaft M\u00fcnster e.V.","description":"","publisher":{"@id":"https:\/\/www.muenster.org\/dfgms\/#organization"},"potentialAction":[{"@type":"SearchAction","target":{"@type":"EntryPoint","urlTemplate":"https:\/\/www.muenster.org\/dfgms\/?s={search_term_string}"},"query-input":{"@type":"PropertyValueSpecification","valueRequired":true,"valueName":"search_term_string"}}],"inLanguage":"de"},{"@type":"Organization","@id":"https:\/\/www.muenster.org\/dfgms\/#organization","name":"Deutsch-Franz\u00f6sische Gesellschaft M\u00fcnster e.V.","url":"https:\/\/www.muenster.org\/dfgms\/","logo":{"@type":"ImageObject","inLanguage":"de","@id":"https:\/\/www.muenster.org\/dfgms\/#\/schema\/logo\/image\/","url":"https:\/\/www.muenster.org\/dfgms\/wp-content\/uploads\/2025\/10\/NewLogoYellow-140x140-1-e1764328303462.jpg","contentUrl":"https:\/\/www.muenster.org\/dfgms\/wp-content\/uploads\/2025\/10\/NewLogoYellow-140x140-1-e1764328303462.jpg","width":110,"height":108,"caption":"Deutsch-Franz\u00f6sische Gesellschaft M\u00fcnster e.V."},"image":{"@id":"https:\/\/www.muenster.org\/dfgms\/#\/schema\/logo\/image\/"}}]}},"_links":{"self":[{"href":"https:\/\/www.muenster.org\/dfgms\/wp-json\/wp\/v2\/tribe_events\/1078","targetHints":{"allow":["GET"]}}],"collection":[{"href":"https:\/\/www.muenster.org\/dfgms\/wp-json\/wp\/v2\/tribe_events"}],"about":[{"href":"https:\/\/www.muenster.org\/dfgms\/wp-json\/wp\/v2\/types\/tribe_events"}],"author":[{"embeddable":true,"href":"https:\/\/www.muenster.org\/dfgms\/wp-json\/wp\/v2\/users\/4"}],"version-history":[{"count":2,"href":"https:\/\/www.muenster.org\/dfgms\/wp-json\/wp\/v2\/tribe_events\/1078\/revisions"}],"predecessor-version":[{"id":1080,"href":"https:\/\/www.muenster.org\/dfgms\/wp-json\/wp\/v2\/tribe_events\/1078\/revisions\/1080"}],"wp:featuredmedia":[{"embeddable":true,"href":"https:\/\/www.muenster.org\/dfgms\/wp-json\/wp\/v2\/media\/1077"}],"wp:attachment":[{"href":"https:\/\/www.muenster.org\/dfgms\/wp-json\/wp\/v2\/media?parent=1078"}],"wp:term":[{"taxonomy":"post_tag","embeddable":true,"href":"https:\/\/www.muenster.org\/dfgms\/wp-json\/wp\/v2\/tags?post=1078"},{"taxonomy":"tribe_events_cat","embeddable":true,"href":"https:\/\/www.muenster.org\/dfgms\/wp-json\/wp\/v2\/tribe_events_cat?post=1078"}],"curies":[{"name":"wp","href":"https:\/\/api.w.org\/{rel}","templated":true}]}}

Deutsch-Französischer Tag &#8211; Journée Franco-Allemande

<p>Wir präsentieren die unterschiedlichen Aktivitäten von Personen, Vereinen und Institutionen im Rahmen der deutsch-französischen Freundschaft.<br />
Neugierig? Alle Interessierten sind willkommen, um sich zu informieren und Möglichkeiten des<br />
Engagements zu entdecken!</p>
<p>Programm : <a href="//www.muenster.org/dfgms/wp-content/uploads/2025/01/De-Frz-Tag_2025__Flyer.pdf">De-Frz-Tag_2025__Flyer</a></p>

<p>Wir präsentieren die unterschiedlichen Aktivitäten von Personen, Vereinen und Institutionen im Rahmen der deutsch-französischen Freundschaft. Neugierig? Alle Interessierten sind willkommen, um sich zu informieren und Möglichkeiten des Engagements zu entdecken! Programm : De-Frz-Tag_2025__Flyer</p>

<!-- This site is optimized with the Yoast SEO plugin v26.0 - https://yoast.com/wordpress/plugins/seo/ -->
<title>Deutsch-Französischer Tag - Journée Franco-Allemande - Deutsch-Französische Gesellschaft Münster e.V.</title>
<meta name="robots" content="index, follow, max-snippet:-1, max-image-preview:large, max-video-preview:-1" />
<link rel="canonical" href="https://www.muenster.org/dfgms/event/deutsch-franzoesischer-tag-journee-franco-allemande/" />
<meta property="og:locale" content="de_DE" />
<meta property="og:type" content="article" />
<meta property="og:title" content="Deutsch-Französischer Tag - Journée Franco-Allemande - Deutsch-Französische Gesellschaft Münster e.V." />
<meta property="og:description" content="Wir präsentieren die unterschiedlichen Aktivitäten von Personen, Vereinen und Institutionen im Rahmen der deutsch-französischen Freundschaft. Neugierig? Alle Interessierten sind willkommen, um sich zu informieren und Möglichkeiten des Engagements zu entdecken! Programm : De-Frz-Tag_2025__Flyer" />
<meta property="og:url" content="https://www.muenster.org/dfgms/event/deutsch-franzoesischer-tag-journee-franco-allemande/" />
<meta property="og:site_name" content="Deutsch-Französische Gesellschaft Münster e.V." />
<meta property="article:modified_time" content="2025-01-24T23:24:24+00:00" />
<meta property="og:image" content="//www.muenster.org/dfgms/wp-content/uploads/2025/01/DFG_TAG.jpg" />
	<meta property="og:image:width" content="419" />
	<meta property="og:image:height" content="292" />
	<meta property="og:image:type" content="image/jpeg" />
<meta name="twitter:card" content="summary_large_image" />
<meta name="twitter:label1" content="Geschätzte Lesezeit" />
	<meta name="twitter:data1" content="1 Minute" />
<script type="application/ld+json" class="yoast-schema-graph">{"@context":"https://schema.org","@graph":[{"@type":"WebPage","@id":"https://www.muenster.org/dfgms/event/deutsch-franzoesischer-tag-journee-franco-allemande/","url":"https://www.muenster.org/dfgms/event/deutsch-franzoesischer-tag-journee-franco-allemande/","name":"Deutsch-Französischer Tag - Journée Franco-Allemande - Deutsch-Französische Gesellschaft Münster e.V.","isPartOf":{"@id":"https://www.muenster.org/dfgms/#website"},"primaryImageOfPage":{"@id":"https://www.muenster.org/dfgms/event/deutsch-franzoesischer-tag-journee-franco-allemande/#primaryimage"},"image":{"@id":"https://www.muenster.org/dfgms/event/deutsch-franzoesischer-tag-journee-franco-allemande/#primaryimage"},"thumbnailUrl":"https://www.muenster.org/dfgms/wp-content/uploads/2025/01/DFG_TAG.jpg","datePublished":"2025-01-24T23:23:14+00:00","dateModified":"2025-01-24T23:24:24+00:00","breadcrumb":{"@id":"https://www.muenster.org/dfgms/event/deutsch-franzoesischer-tag-journee-franco-allemande/#breadcrumb"},"inLanguage":"de","potentialAction":[{"@type":"ReadAction","target":["https://www.muenster.org/dfgms/event/deutsch-franzoesischer-tag-journee-franco-allemande/"]}]},{"@type":"ImageObject","inLanguage":"de","@id":"https://www.muenster.org/dfgms/event/deutsch-franzoesischer-tag-journee-franco-allemande/#primaryimage","url":"https://www.muenster.org/dfgms/wp-content/uploads/2025/01/DFG_TAG.jpg","contentUrl":"https://www.muenster.org/dfgms/wp-content/uploads/2025/01/DFG_TAG.jpg","width":419,"height":292},{"@type":"BreadcrumbList","@id":"https://www.muenster.org/dfgms/event/deutsch-franzoesischer-tag-journee-franco-allemande/#breadcrumb","itemListElement":[{"@type":"ListItem","position":1,"name":"Startseite"},{"@type":"ListItem","position":2,"name":"Veranstaltungen","item":"https://www.muenster.org/dfgms/events/"},{"@type":"ListItem","position":3,"name":"Deutsch-Französischer Tag &#8211; Journée Franco-Allemande"}]},{"@type":"WebSite","@id":"https://www.muenster.org/dfgms/#website","url":"https://www.muenster.org/dfgms/","name":"Deutsch-Französische Gesellschaft Münster e.V.","description":"","publisher":{"@id":"https://www.muenster.org/dfgms/#organization"},"potentialAction":[{"@type":"SearchAction","target":{"@type":"EntryPoint","urlTemplate":"https://www.muenster.org/dfgms/?s={search_term_string}"},"query-input":{"@type":"PropertyValueSpecification","valueRequired":true,"valueName":"search_term_string"}}],"inLanguage":"de"},{"@type":"Organization","@id":"https://www.muenster.org/dfgms/#organization","name":"Deutsch-Französische Gesellschaft Münster e.V.","url":"https://www.muenster.org/dfgms/","logo":{"@type":"ImageObject","inLanguage":"de","@id":"https://www.muenster.org/dfgms/#/schema/logo/image/","url":"https://www.muenster.org/dfgms/wp-content/uploads/2025/10/NewLogoYellow-140x140-1-e1764328303462.jpg","contentUrl":"https://www.muenster.org/dfgms/wp-content/uploads/2025/10/NewLogoYellow-140x140-1-e1764328303462.jpg","width":110,"height":108,"caption":"Deutsch-Französische Gesellschaft Münster e.V."},"image":{"@id":"https://www.muenster.org/dfgms/#/schema/logo/image/"}}]}</script>
<!-- / Yoast SEO plugin. -->

Deutsch-Französischer Tag - Journée Franco-Allemande - Deutsch-Französische Gesellschaft Münster e.V.

Wir präsentieren die unterschiedlichen Aktivitäten von Personen, Vereinen und Institutionen im Rahmen der deutsch-französischen Freundschaft. Neugierig? Alle Interessierten sind willkommen, um sich zu informieren und Möglichkeiten des Engagements zu entdecken! Programm : De-Frz-Tag_2025__Flyer

Deutsch-Französische Gesellschaft Münster e.V.
