{"id":1018,"date":"2025-01-11T19:44:27","date_gmt":"2025-01-11T18:44:27","guid":{"rendered":"https:\/\/www.muenster.org\/dfgms\/?post_type=tribe_events&#038;p=1018"},"modified":"2025-01-11T19:44:27","modified_gmt":"2025-01-11T18:44:27","slug":"concours-de-lecture","status":"publish","type":"tribe_events","link":"https:\/\/www.muenster.org\/dfgms\/event\/concours-de-lecture\/","title":{"rendered":"Concours de lecture"},"content":{"rendered":"<p>Le concours de lecture aura lieu \u00e0 la Friedenschule \u00e0 partir de 15:30.<\/p>\n<p><img loading=\"lazy\" decoding=\"async\" class=\"alignnone size-full wp-image-90\" src=\"\/\/www.muenster.org\/dfgms\/wp-content\/uploads\/2017\/04\/vorlesewettbewerb.jpeg\" alt=\"Vorlesewettbewerb\" width=\"227\" height=\"152\" \/><\/p>\n<p>(Cr\u00e9dit image : Alina K\u00f6ttgen)<\/p>\n","protected":false},"excerpt":{"rendered":"<p>Le concours de lecture aura lieu \u00e0 la Friedenschule \u00e0 partir de 15:30. (Cr\u00e9dit image : Alina K\u00f6ttgen)<\/p>\n","protected":false},"author":4,"featured_media":90,"template":"","meta":{"_tribe_events_status":"","_tribe_events_status_reason":"","footnotes":""},"tags":[23,25,24],"tribe_events_cat":[],"class_list":["post-1018","tribe_events","type-tribe_events","status-publish","has-post-thumbnail","hentry","tag-concours","tag-friedenschule","tag-lecture"],"yoast_head":"<!-- This site is optimized with the Yoast SEO plugin v26.0 - https:\/\/yoast.com\/wordpress\/plugins\/seo\/ -->\n<title>Concours de lecture - Deutsch-Franz\u00f6sische Gesellschaft M\u00fcnster e.V.<\/title>\n<meta name=\"robots\" content=\"index, follow, max-snippet:-1, max-image-preview:large, max-video-preview:-1\" \/>\n<link rel=\"canonical\" href=\"https:\/\/www.muenster.org\/dfgms\/event\/concours-de-lecture\/\" \/>\n<meta property=\"og:locale\" content=\"de_DE\" \/>\n<meta property=\"og:type\" content=\"article\" \/>\n<meta property=\"og:title\" content=\"Concours de lecture - Deutsch-Franz\u00f6sische Gesellschaft M\u00fcnster e.V.\" \/>\n<meta property=\"og:description\" content=\"Le concours de lecture aura lieu \u00e0 la Friedenschule \u00e0 partir de 15:30. (Cr\u00e9dit image : Alina K\u00f6ttgen)\" \/>\n<meta property=\"og:url\" content=\"https:\/\/www.muenster.org\/dfgms\/event\/concours-de-lecture\/\" \/>\n<meta property=\"og:site_name\" content=\"Deutsch-Franz\u00f6sische Gesellschaft M\u00fcnster e.V.\" \/>\n<meta property=\"og:image\" content=\"\/\/www.muenster.org\/dfgms\/wp-content\/uploads\/2017\/04\/vorlesewettbewerb.jpeg\" \/>\n\t<meta property=\"og:image:width\" content=\"227\" \/>\n\t<meta property=\"og:image:height\" content=\"152\" \/>\n\t<meta property=\"og:image:type\" content=\"image\/jpeg\" \/>\n<meta name=\"twitter:card\" content=\"summary_large_image\" \/>\n<meta name=\"twitter:label1\" content=\"Gesch\u00e4tzte Lesezeit\" \/>\n\t<meta name=\"twitter:data1\" content=\"1\u00a0Minute\" \/>\n<script type=\"application\/ld+json\" class=\"yoast-schema-graph\">{\"@context\":\"https:\/\/schema.org\",\"@graph\":[{\"@type\":\"WebPage\",\"@id\":\"https:\/\/www.muenster.org\/dfgms\/event\/concours-de-lecture\/\",\"url\":\"https:\/\/www.muenster.org\/dfgms\/event\/concours-de-lecture\/\",\"name\":\"Concours de lecture - Deutsch-Franz\u00f6sische Gesellschaft M\u00fcnster e.V.\",\"isPartOf\":{\"@id\":\"https:\/\/www.muenster.org\/dfgms\/#website\"},\"primaryImageOfPage\":{\"@id\":\"https:\/\/www.muenster.org\/dfgms\/event\/concours-de-lecture\/#primaryimage\"},\"image\":{\"@id\":\"https:\/\/www.muenster.org\/dfgms\/event\/concours-de-lecture\/#primaryimage\"},\"thumbnailUrl\":\"https:\/\/www.muenster.org\/dfgms\/wp-content\/uploads\/2017\/04\/vorlesewettbewerb.jpeg\",\"datePublished\":\"2025-01-11T18:44:27+00:00\",\"breadcrumb\":{\"@id\":\"https:\/\/www.muenster.org\/dfgms\/event\/concours-de-lecture\/#breadcrumb\"},\"inLanguage\":\"de\",\"potentialAction\":[{\"@type\":\"ReadAction\",\"target\":[\"https:\/\/www.muenster.org\/dfgms\/event\/concours-de-lecture\/\"]}]},{\"@type\":\"ImageObject\",\"inLanguage\":\"de\",\"@id\":\"https:\/\/www.muenster.org\/dfgms\/event\/concours-de-lecture\/#primaryimage\",\"url\":\"https:\/\/www.muenster.org\/dfgms\/wp-content\/uploads\/2017\/04\/vorlesewettbewerb.jpeg\",\"contentUrl\":\"https:\/\/www.muenster.org\/dfgms\/wp-content\/uploads\/2017\/04\/vorlesewettbewerb.jpeg\",\"width\":227,\"height\":152,\"caption\":\"Vorlesewettbewerb\"},{\"@type\":\"BreadcrumbList\",\"@id\":\"https:\/\/www.muenster.org\/dfgms\/event\/concours-de-lecture\/#breadcrumb\",\"itemListElement\":[{\"@type\":\"ListItem\",\"position\":1,\"name\":\"Startseite\"},{\"@type\":\"ListItem\",\"position\":2,\"name\":\"Veranstaltungen\",\"item\":\"https:\/\/www.muenster.org\/dfgms\/events\/\"},{\"@type\":\"ListItem\",\"position\":3,\"name\":\"Concours de lecture\"}]},{\"@type\":\"WebSite\",\"@id\":\"https:\/\/www.muenster.org\/dfgms\/#website\",\"url\":\"https:\/\/www.muenster.org\/dfgms\/\",\"name\":\"Deutsch-Franz\u00f6sische Gesellschaft M\u00fcnster e.V.\",\"description\":\"\",\"publisher\":{\"@id\":\"https:\/\/www.muenster.org\/dfgms\/#organization\"},\"potentialAction\":[{\"@type\":\"SearchAction\",\"target\":{\"@type\":\"EntryPoint\",\"urlTemplate\":\"https:\/\/www.muenster.org\/dfgms\/?s={search_term_string}\"},\"query-input\":{\"@type\":\"PropertyValueSpecification\",\"valueRequired\":true,\"valueName\":\"search_term_string\"}}],\"inLanguage\":\"de\"},{\"@type\":\"Organization\",\"@id\":\"https:\/\/www.muenster.org\/dfgms\/#organization\",\"name\":\"Deutsch-Franz\u00f6sische Gesellschaft M\u00fcnster e.V.\",\"url\":\"https:\/\/www.muenster.org\/dfgms\/\",\"logo\":{\"@type\":\"ImageObject\",\"inLanguage\":\"de\",\"@id\":\"https:\/\/www.muenster.org\/dfgms\/#\/schema\/logo\/image\/\",\"url\":\"https:\/\/www.muenster.org\/dfgms\/wp-content\/uploads\/2025\/10\/NewLogoYellow-140x140-1-e1764328303462.jpg\",\"contentUrl\":\"https:\/\/www.muenster.org\/dfgms\/wp-content\/uploads\/2025\/10\/NewLogoYellow-140x140-1-e1764328303462.jpg\",\"width\":110,\"height\":108,\"caption\":\"Deutsch-Franz\u00f6sische Gesellschaft M\u00fcnster e.V.\"},\"image\":{\"@id\":\"https:\/\/www.muenster.org\/dfgms\/#\/schema\/logo\/image\/\"}}]}<\/script>\n<!-- \/ Yoast SEO plugin. -->","yoast_head_json":{"title":"Concours de lecture - Deutsch-Franz\u00f6sische Gesellschaft M\u00fcnster e.V.","robots":{"index":"index","follow":"follow","max-snippet":"max-snippet:-1","max-image-preview":"max-image-preview:large","max-video-preview":"max-video-preview:-1"},"canonical":"https:\/\/www.muenster.org\/dfgms\/event\/concours-de-lecture\/","og_locale":"de_DE","og_type":"article","og_title":"Concours de lecture - Deutsch-Franz\u00f6sische Gesellschaft M\u00fcnster e.V.","og_description":"Le concours de lecture aura lieu \u00e0 la Friedenschule \u00e0 partir de 15:30. (Cr\u00e9dit image : Alina K\u00f6ttgen)","og_url":"https:\/\/www.muenster.org\/dfgms\/event\/concours-de-lecture\/","og_site_name":"Deutsch-Franz\u00f6sische Gesellschaft M\u00fcnster e.V.","og_image":[{"width":227,"height":152,"url":"\/\/www.muenster.org\/dfgms\/wp-content\/uploads\/2017\/04\/vorlesewettbewerb.jpeg","type":"image\/jpeg"}],"twitter_card":"summary_large_image","twitter_misc":{"Gesch\u00e4tzte Lesezeit":"1\u00a0Minute"},"schema":{"@context":"https:\/\/schema.org","@graph":[{"@type":"WebPage","@id":"https:\/\/www.muenster.org\/dfgms\/event\/concours-de-lecture\/","url":"https:\/\/www.muenster.org\/dfgms\/event\/concours-de-lecture\/","name":"Concours de lecture - Deutsch-Franz\u00f6sische Gesellschaft M\u00fcnster e.V.","isPartOf":{"@id":"https:\/\/www.muenster.org\/dfgms\/#website"},"primaryImageOfPage":{"@id":"https:\/\/www.muenster.org\/dfgms\/event\/concours-de-lecture\/#primaryimage"},"image":{"@id":"https:\/\/www.muenster.org\/dfgms\/event\/concours-de-lecture\/#primaryimage"},"thumbnailUrl":"https:\/\/www.muenster.org\/dfgms\/wp-content\/uploads\/2017\/04\/vorlesewettbewerb.jpeg","datePublished":"2025-01-11T18:44:27+00:00","breadcrumb":{"@id":"https:\/\/www.muenster.org\/dfgms\/event\/concours-de-lecture\/#breadcrumb"},"inLanguage":"de","potentialAction":[{"@type":"ReadAction","target":["https:\/\/www.muenster.org\/dfgms\/event\/concours-de-lecture\/"]}]},{"@type":"ImageObject","inLanguage":"de","@id":"https:\/\/www.muenster.org\/dfgms\/event\/concours-de-lecture\/#primaryimage","url":"https:\/\/www.muenster.org\/dfgms\/wp-content\/uploads\/2017\/04\/vorlesewettbewerb.jpeg","contentUrl":"https:\/\/www.muenster.org\/dfgms\/wp-content\/uploads\/2017\/04\/vorlesewettbewerb.jpeg","width":227,"height":152,"caption":"Vorlesewettbewerb"},{"@type":"BreadcrumbList","@id":"https:\/\/www.muenster.org\/dfgms\/event\/concours-de-lecture\/#breadcrumb","itemListElement":[{"@type":"ListItem","position":1,"name":"Startseite"},{"@type":"ListItem","position":2,"name":"Veranstaltungen","item":"https:\/\/www.muenster.org\/dfgms\/events\/"},{"@type":"ListItem","position":3,"name":"Concours de lecture"}]},{"@type":"WebSite","@id":"https:\/\/www.muenster.org\/dfgms\/#website","url":"https:\/\/www.muenster.org\/dfgms\/","name":"Deutsch-Franz\u00f6sische Gesellschaft M\u00fcnster e.V.","description":"","publisher":{"@id":"https:\/\/www.muenster.org\/dfgms\/#organization"},"potentialAction":[{"@type":"SearchAction","target":{"@type":"EntryPoint","urlTemplate":"https:\/\/www.muenster.org\/dfgms\/?s={search_term_string}"},"query-input":{"@type":"PropertyValueSpecification","valueRequired":true,"valueName":"search_term_string"}}],"inLanguage":"de"},{"@type":"Organization","@id":"https:\/\/www.muenster.org\/dfgms\/#organization","name":"Deutsch-Franz\u00f6sische Gesellschaft M\u00fcnster e.V.","url":"https:\/\/www.muenster.org\/dfgms\/","logo":{"@type":"ImageObject","inLanguage":"de","@id":"https:\/\/www.muenster.org\/dfgms\/#\/schema\/logo\/image\/","url":"https:\/\/www.muenster.org\/dfgms\/wp-content\/uploads\/2025\/10\/NewLogoYellow-140x140-1-e1764328303462.jpg","contentUrl":"https:\/\/www.muenster.org\/dfgms\/wp-content\/uploads\/2025\/10\/NewLogoYellow-140x140-1-e1764328303462.jpg","width":110,"height":108,"caption":"Deutsch-Franz\u00f6sische Gesellschaft M\u00fcnster e.V."},"image":{"@id":"https:\/\/www.muenster.org\/dfgms\/#\/schema\/logo\/image\/"}}]}},"_links":{"self":[{"href":"https:\/\/www.muenster.org\/dfgms\/wp-json\/wp\/v2\/tribe_events\/1018","targetHints":{"allow":["GET"]}}],"collection":[{"href":"https:\/\/www.muenster.org\/dfgms\/wp-json\/wp\/v2\/tribe_events"}],"about":[{"href":"https:\/\/www.muenster.org\/dfgms\/wp-json\/wp\/v2\/types\/tribe_events"}],"author":[{"embeddable":true,"href":"https:\/\/www.muenster.org\/dfgms\/wp-json\/wp\/v2\/users\/4"}],"version-history":[{"count":1,"href":"https:\/\/www.muenster.org\/dfgms\/wp-json\/wp\/v2\/tribe_events\/1018\/revisions"}],"predecessor-version":[{"id":1019,"href":"https:\/\/www.muenster.org\/dfgms\/wp-json\/wp\/v2\/tribe_events\/1018\/revisions\/1019"}],"wp:featuredmedia":[{"embeddable":true,"href":"https:\/\/www.muenster.org\/dfgms\/wp-json\/wp\/v2\/media\/90"}],"wp:attachment":[{"href":"https:\/\/www.muenster.org\/dfgms\/wp-json\/wp\/v2\/media?parent=1018"}],"wp:term":[{"taxonomy":"post_tag","embeddable":true,"href":"https:\/\/www.muenster.org\/dfgms\/wp-json\/wp\/v2\/tags?post=1018"},{"taxonomy":"tribe_events_cat","embeddable":true,"href":"https:\/\/www.muenster.org\/dfgms\/wp-json\/wp\/v2\/tribe_events_cat?post=1018"}],"curies":[{"name":"wp","href":"https:\/\/api.w.org\/{rel}","templated":true}]}}

<p>Le concours de lecture aura lieu à la Friedenschule à partir de 15:30.</p>
<p><img loading="lazy" decoding="async" class="alignnone size-full wp-image-90" src="//www.muenster.org/dfgms/wp-content/uploads/2017/04/vorlesewettbewerb.jpeg" alt="Vorlesewettbewerb" width="227" height="152" /></p>
<p>(Crédit image : Alina Köttgen)</p>

<p>Le concours de lecture aura lieu à la Friedenschule à partir de 15:30. (Crédit image : Alina Köttgen)</p>

<!-- This site is optimized with the Yoast SEO plugin v26.0 - https://yoast.com/wordpress/plugins/seo/ -->
<title>Concours de lecture - Deutsch-Französische Gesellschaft Münster e.V.</title>
<meta name="robots" content="index, follow, max-snippet:-1, max-image-preview:large, max-video-preview:-1" />
<link rel="canonical" href="https://www.muenster.org/dfgms/event/concours-de-lecture/" />
<meta property="og:locale" content="de_DE" />
<meta property="og:type" content="article" />
<meta property="og:title" content="Concours de lecture - Deutsch-Französische Gesellschaft Münster e.V." />
<meta property="og:description" content="Le concours de lecture aura lieu à la Friedenschule à partir de 15:30. (Crédit image : Alina Köttgen)" />
<meta property="og:url" content="https://www.muenster.org/dfgms/event/concours-de-lecture/" />
<meta property="og:site_name" content="Deutsch-Französische Gesellschaft Münster e.V." />
<meta property="og:image" content="//www.muenster.org/dfgms/wp-content/uploads/2017/04/vorlesewettbewerb.jpeg" />
	<meta property="og:image:width" content="227" />
	<meta property="og:image:height" content="152" />
	<meta property="og:image:type" content="image/jpeg" />
<meta name="twitter:card" content="summary_large_image" />
<meta name="twitter:label1" content="Geschätzte Lesezeit" />
	<meta name="twitter:data1" content="1 Minute" />
<script type="application/ld+json" class="yoast-schema-graph">{"@context":"https://schema.org","@graph":[{"@type":"WebPage","@id":"https://www.muenster.org/dfgms/event/concours-de-lecture/","url":"https://www.muenster.org/dfgms/event/concours-de-lecture/","name":"Concours de lecture - Deutsch-Französische Gesellschaft Münster e.V.","isPartOf":{"@id":"https://www.muenster.org/dfgms/#website"},"primaryImageOfPage":{"@id":"https://www.muenster.org/dfgms/event/concours-de-lecture/#primaryimage"},"image":{"@id":"https://www.muenster.org/dfgms/event/concours-de-lecture/#primaryimage"},"thumbnailUrl":"https://www.muenster.org/dfgms/wp-content/uploads/2017/04/vorlesewettbewerb.jpeg","datePublished":"2025-01-11T18:44:27+00:00","breadcrumb":{"@id":"https://www.muenster.org/dfgms/event/concours-de-lecture/#breadcrumb"},"inLanguage":"de","potentialAction":[{"@type":"ReadAction","target":["https://www.muenster.org/dfgms/event/concours-de-lecture/"]}]},{"@type":"ImageObject","inLanguage":"de","@id":"https://www.muenster.org/dfgms/event/concours-de-lecture/#primaryimage","url":"https://www.muenster.org/dfgms/wp-content/uploads/2017/04/vorlesewettbewerb.jpeg","contentUrl":"https://www.muenster.org/dfgms/wp-content/uploads/2017/04/vorlesewettbewerb.jpeg","width":227,"height":152,"caption":"Vorlesewettbewerb"},{"@type":"BreadcrumbList","@id":"https://www.muenster.org/dfgms/event/concours-de-lecture/#breadcrumb","itemListElement":[{"@type":"ListItem","position":1,"name":"Startseite"},{"@type":"ListItem","position":2,"name":"Veranstaltungen","item":"https://www.muenster.org/dfgms/events/"},{"@type":"ListItem","position":3,"name":"Concours de lecture"}]},{"@type":"WebSite","@id":"https://www.muenster.org/dfgms/#website","url":"https://www.muenster.org/dfgms/","name":"Deutsch-Französische Gesellschaft Münster e.V.","description":"","publisher":{"@id":"https://www.muenster.org/dfgms/#organization"},"potentialAction":[{"@type":"SearchAction","target":{"@type":"EntryPoint","urlTemplate":"https://www.muenster.org/dfgms/?s={search_term_string}"},"query-input":{"@type":"PropertyValueSpecification","valueRequired":true,"valueName":"search_term_string"}}],"inLanguage":"de"},{"@type":"Organization","@id":"https://www.muenster.org/dfgms/#organization","name":"Deutsch-Französische Gesellschaft Münster e.V.","url":"https://www.muenster.org/dfgms/","logo":{"@type":"ImageObject","inLanguage":"de","@id":"https://www.muenster.org/dfgms/#/schema/logo/image/","url":"https://www.muenster.org/dfgms/wp-content/uploads/2025/10/NewLogoYellow-140x140-1-e1764328303462.jpg","contentUrl":"https://www.muenster.org/dfgms/wp-content/uploads/2025/10/NewLogoYellow-140x140-1-e1764328303462.jpg","width":110,"height":108,"caption":"Deutsch-Französische Gesellschaft Münster e.V."},"image":{"@id":"https://www.muenster.org/dfgms/#/schema/logo/image/"}}]}</script>
<!-- / Yoast SEO plugin. -->

Concours de lecture - Deutsch-Französische Gesellschaft Münster e.V.

Le concours de lecture aura lieu à la Friedenschule à partir de 15:30. (Crédit image : Alina Köttgen)

Deutsch-Französische Gesellschaft Münster e.V.
