{"id":1006,"date":"2025-01-11T19:20:02","date_gmt":"2025-01-11T18:20:02","guid":{"rendered":"https:\/\/www.muenster.org\/dfgms\/?post_type=tribe_events&#038;p=1006"},"modified":"2025-01-12T14:41:03","modified_gmt":"2025-01-12T13:41:03","slug":"degustation-de-vin","status":"publish","type":"tribe_events","link":"https:\/\/www.muenster.org\/dfgms\/event\/degustation-de-vin\/","title":{"rendered":"Degustation de vin"},"content":{"rendered":"<p>Dietmar Wiesner nous pr\u00e9sente les vins de sa cave, veuillez r\u00e9server votre place par e-mail!<\/p>\n<p>La capacit\u00e9 \u00e9tant limit\u00e9e \u00e0 16 personnes, veuillez vous inscrire rapidement ! Seuls les personnes ayant r\u00e9serv\u00e9 peuvent participer (25 euros pour les membres DFG, 30 euros pour les autres).<\/p>\n<p>&nbsp;<\/p>\n<p>(Cr\u00e9dit photo: &#8222;<a href=\"https:\/\/www.flickr.com\/photos\/45086087@N00\/4717565996\" rel=\"noopener noreferrer\">Bar Wines<\/a>&#8220; by <a href=\"https:\/\/www.flickr.com\/photos\/45086087@N00\" rel=\"noopener noreferrer\">alexbrn<\/a> is licensed under <a href=\"https:\/\/creativecommons.org\/licenses\/by\/2.0\/?ref=openverse\" rel=\"noopener noreferrer\">CC BY 2.0<\/a>.)<\/p>\n<p>&nbsp;<\/p>\n","protected":false},"excerpt":{"rendered":"<p>Dietmar Wiesner nous pr\u00e9sente les vins de sa cave, veuillez r\u00e9server votre place par e-mail! La capacit\u00e9 \u00e9tant limit\u00e9e \u00e0 16 personnes, veuillez vous inscrire rapidement ! Seuls les personnes ayant r\u00e9serv\u00e9 peuvent participer (25 euros pour les membres DFG, 30 euros pour les autres). &nbsp; (Cr\u00e9dit photo: &#8222;Bar Wines&#8220; by alexbrn is licensed under CC BY 2.0.) &nbsp;<\/p>\n","protected":false},"author":4,"featured_media":1010,"template":"","meta":{"_tribe_events_status":"","_tribe_events_status_reason":"","footnotes":""},"tags":[],"tribe_events_cat":[],"class_list":["post-1006","tribe_events","type-tribe_events","status-publish","has-post-thumbnail","hentry"],"yoast_head":"<!-- This site is optimized with the Yoast SEO plugin v26.0 - https:\/\/yoast.com\/wordpress\/plugins\/seo\/ -->\n<title>Degustation de vin - Deutsch-Franz\u00f6sische Gesellschaft M\u00fcnster e.V.<\/title>\n<meta name=\"robots\" content=\"index, follow, max-snippet:-1, max-image-preview:large, max-video-preview:-1\" \/>\n<link rel=\"canonical\" href=\"https:\/\/www.muenster.org\/dfgms\/event\/degustation-de-vin\/\" \/>\n<meta property=\"og:locale\" content=\"de_DE\" \/>\n<meta property=\"og:type\" content=\"article\" \/>\n<meta property=\"og:title\" content=\"Degustation de vin - Deutsch-Franz\u00f6sische Gesellschaft M\u00fcnster e.V.\" \/>\n<meta property=\"og:description\" content=\"Dietmar Wiesner nous pr\u00e9sente les vins de sa cave, veuillez r\u00e9server votre place par e-mail! La capacit\u00e9 \u00e9tant limit\u00e9e \u00e0 16 personnes, veuillez vous inscrire rapidement ! Seuls les personnes ayant r\u00e9serv\u00e9 peuvent participer (25 euros pour les membres DFG, 30 euros pour les autres). &nbsp; (Cr\u00e9dit photo: &#8222;Bar Wines&#8220; by alexbrn is licensed under CC BY 2.0.) &nbsp;\" \/>\n<meta property=\"og:url\" content=\"https:\/\/www.muenster.org\/dfgms\/event\/degustation-de-vin\/\" \/>\n<meta property=\"og:site_name\" content=\"Deutsch-Franz\u00f6sische Gesellschaft M\u00fcnster e.V.\" \/>\n<meta property=\"article:modified_time\" content=\"2025-01-12T13:41:03+00:00\" \/>\n<meta property=\"og:image\" content=\"\/\/www.muenster.org\/dfgms\/wp-content\/uploads\/2025\/01\/4717565996_b8749c27ce_c.jpg\" \/>\n\t<meta property=\"og:image:width\" content=\"800\" \/>\n\t<meta property=\"og:image:height\" content=\"600\" \/>\n\t<meta property=\"og:image:type\" content=\"image\/jpeg\" \/>\n<meta name=\"twitter:card\" content=\"summary_large_image\" \/>\n<meta name=\"twitter:label1\" content=\"Gesch\u00e4tzte Lesezeit\" \/>\n\t<meta name=\"twitter:data1\" content=\"1\u00a0Minute\" \/>\n<script type=\"application\/ld+json\" class=\"yoast-schema-graph\">{\"@context\":\"https:\/\/schema.org\",\"@graph\":[{\"@type\":\"WebPage\",\"@id\":\"https:\/\/www.muenster.org\/dfgms\/event\/degustation-de-vin\/\",\"url\":\"https:\/\/www.muenster.org\/dfgms\/event\/degustation-de-vin\/\",\"name\":\"Degustation de vin - Deutsch-Franz\u00f6sische Gesellschaft M\u00fcnster e.V.\",\"isPartOf\":{\"@id\":\"https:\/\/www.muenster.org\/dfgms\/#website\"},\"primaryImageOfPage\":{\"@id\":\"https:\/\/www.muenster.org\/dfgms\/event\/degustation-de-vin\/#primaryimage\"},\"image\":{\"@id\":\"https:\/\/www.muenster.org\/dfgms\/event\/degustation-de-vin\/#primaryimage\"},\"thumbnailUrl\":\"https:\/\/www.muenster.org\/dfgms\/wp-content\/uploads\/2025\/01\/4717565996_b8749c27ce_c.jpg\",\"datePublished\":\"2025-01-11T18:20:02+00:00\",\"dateModified\":\"2025-01-12T13:41:03+00:00\",\"breadcrumb\":{\"@id\":\"https:\/\/www.muenster.org\/dfgms\/event\/degustation-de-vin\/#breadcrumb\"},\"inLanguage\":\"de\",\"potentialAction\":[{\"@type\":\"ReadAction\",\"target\":[\"https:\/\/www.muenster.org\/dfgms\/event\/degustation-de-vin\/\"]}]},{\"@type\":\"ImageObject\",\"inLanguage\":\"de\",\"@id\":\"https:\/\/www.muenster.org\/dfgms\/event\/degustation-de-vin\/#primaryimage\",\"url\":\"https:\/\/www.muenster.org\/dfgms\/wp-content\/uploads\/2025\/01\/4717565996_b8749c27ce_c.jpg\",\"contentUrl\":\"https:\/\/www.muenster.org\/dfgms\/wp-content\/uploads\/2025\/01\/4717565996_b8749c27ce_c.jpg\",\"width\":800,\"height\":600},{\"@type\":\"BreadcrumbList\",\"@id\":\"https:\/\/www.muenster.org\/dfgms\/event\/degustation-de-vin\/#breadcrumb\",\"itemListElement\":[{\"@type\":\"ListItem\",\"position\":1,\"name\":\"Startseite\"},{\"@type\":\"ListItem\",\"position\":2,\"name\":\"Veranstaltungen\",\"item\":\"https:\/\/www.muenster.org\/dfgms\/events\/\"},{\"@type\":\"ListItem\",\"position\":3,\"name\":\"Degustation de vin\"}]},{\"@type\":\"WebSite\",\"@id\":\"https:\/\/www.muenster.org\/dfgms\/#website\",\"url\":\"https:\/\/www.muenster.org\/dfgms\/\",\"name\":\"Deutsch-Franz\u00f6sische Gesellschaft M\u00fcnster e.V.\",\"description\":\"\",\"publisher\":{\"@id\":\"https:\/\/www.muenster.org\/dfgms\/#organization\"},\"potentialAction\":[{\"@type\":\"SearchAction\",\"target\":{\"@type\":\"EntryPoint\",\"urlTemplate\":\"https:\/\/www.muenster.org\/dfgms\/?s={search_term_string}\"},\"query-input\":{\"@type\":\"PropertyValueSpecification\",\"valueRequired\":true,\"valueName\":\"search_term_string\"}}],\"inLanguage\":\"de\"},{\"@type\":\"Organization\",\"@id\":\"https:\/\/www.muenster.org\/dfgms\/#organization\",\"name\":\"Deutsch-Franz\u00f6sische Gesellschaft M\u00fcnster e.V.\",\"url\":\"https:\/\/www.muenster.org\/dfgms\/\",\"logo\":{\"@type\":\"ImageObject\",\"inLanguage\":\"de\",\"@id\":\"https:\/\/www.muenster.org\/dfgms\/#\/schema\/logo\/image\/\",\"url\":\"https:\/\/www.muenster.org\/dfgms\/wp-content\/uploads\/2025\/10\/NewLogoYellow-140x140-1-e1764328303462.jpg\",\"contentUrl\":\"https:\/\/www.muenster.org\/dfgms\/wp-content\/uploads\/2025\/10\/NewLogoYellow-140x140-1-e1764328303462.jpg\",\"width\":110,\"height\":108,\"caption\":\"Deutsch-Franz\u00f6sische Gesellschaft M\u00fcnster e.V.\"},\"image\":{\"@id\":\"https:\/\/www.muenster.org\/dfgms\/#\/schema\/logo\/image\/\"}}]}<\/script>\n<!-- \/ Yoast SEO plugin. -->","yoast_head_json":{"title":"Degustation de vin - Deutsch-Franz\u00f6sische Gesellschaft M\u00fcnster e.V.","robots":{"index":"index","follow":"follow","max-snippet":"max-snippet:-1","max-image-preview":"max-image-preview:large","max-video-preview":"max-video-preview:-1"},"canonical":"https:\/\/www.muenster.org\/dfgms\/event\/degustation-de-vin\/","og_locale":"de_DE","og_type":"article","og_title":"Degustation de vin - Deutsch-Franz\u00f6sische Gesellschaft M\u00fcnster e.V.","og_description":"Dietmar Wiesner nous pr\u00e9sente les vins de sa cave, veuillez r\u00e9server votre place par e-mail! La capacit\u00e9 \u00e9tant limit\u00e9e \u00e0 16 personnes, veuillez vous inscrire rapidement ! Seuls les personnes ayant r\u00e9serv\u00e9 peuvent participer (25 euros pour les membres DFG, 30 euros pour les autres). &nbsp; (Cr\u00e9dit photo: &#8222;Bar Wines&#8220; by alexbrn is licensed under CC BY 2.0.) &nbsp;","og_url":"https:\/\/www.muenster.org\/dfgms\/event\/degustation-de-vin\/","og_site_name":"Deutsch-Franz\u00f6sische Gesellschaft M\u00fcnster e.V.","article_modified_time":"2025-01-12T13:41:03+00:00","og_image":[{"width":800,"height":600,"url":"\/\/www.muenster.org\/dfgms\/wp-content\/uploads\/2025\/01\/4717565996_b8749c27ce_c.jpg","type":"image\/jpeg"}],"twitter_card":"summary_large_image","twitter_misc":{"Gesch\u00e4tzte Lesezeit":"1\u00a0Minute"},"schema":{"@context":"https:\/\/schema.org","@graph":[{"@type":"WebPage","@id":"https:\/\/www.muenster.org\/dfgms\/event\/degustation-de-vin\/","url":"https:\/\/www.muenster.org\/dfgms\/event\/degustation-de-vin\/","name":"Degustation de vin - Deutsch-Franz\u00f6sische Gesellschaft M\u00fcnster e.V.","isPartOf":{"@id":"https:\/\/www.muenster.org\/dfgms\/#website"},"primaryImageOfPage":{"@id":"https:\/\/www.muenster.org\/dfgms\/event\/degustation-de-vin\/#primaryimage"},"image":{"@id":"https:\/\/www.muenster.org\/dfgms\/event\/degustation-de-vin\/#primaryimage"},"thumbnailUrl":"https:\/\/www.muenster.org\/dfgms\/wp-content\/uploads\/2025\/01\/4717565996_b8749c27ce_c.jpg","datePublished":"2025-01-11T18:20:02+00:00","dateModified":"2025-01-12T13:41:03+00:00","breadcrumb":{"@id":"https:\/\/www.muenster.org\/dfgms\/event\/degustation-de-vin\/#breadcrumb"},"inLanguage":"de","potentialAction":[{"@type":"ReadAction","target":["https:\/\/www.muenster.org\/dfgms\/event\/degustation-de-vin\/"]}]},{"@type":"ImageObject","inLanguage":"de","@id":"https:\/\/www.muenster.org\/dfgms\/event\/degustation-de-vin\/#primaryimage","url":"https:\/\/www.muenster.org\/dfgms\/wp-content\/uploads\/2025\/01\/4717565996_b8749c27ce_c.jpg","contentUrl":"https:\/\/www.muenster.org\/dfgms\/wp-content\/uploads\/2025\/01\/4717565996_b8749c27ce_c.jpg","width":800,"height":600},{"@type":"BreadcrumbList","@id":"https:\/\/www.muenster.org\/dfgms\/event\/degustation-de-vin\/#breadcrumb","itemListElement":[{"@type":"ListItem","position":1,"name":"Startseite"},{"@type":"ListItem","position":2,"name":"Veranstaltungen","item":"https:\/\/www.muenster.org\/dfgms\/events\/"},{"@type":"ListItem","position":3,"name":"Degustation de vin"}]},{"@type":"WebSite","@id":"https:\/\/www.muenster.org\/dfgms\/#website","url":"https:\/\/www.muenster.org\/dfgms\/","name":"Deutsch-Franz\u00f6sische Gesellschaft M\u00fcnster e.V.","description":"","publisher":{"@id":"https:\/\/www.muenster.org\/dfgms\/#organization"},"potentialAction":[{"@type":"SearchAction","target":{"@type":"EntryPoint","urlTemplate":"https:\/\/www.muenster.org\/dfgms\/?s={search_term_string}"},"query-input":{"@type":"PropertyValueSpecification","valueRequired":true,"valueName":"search_term_string"}}],"inLanguage":"de"},{"@type":"Organization","@id":"https:\/\/www.muenster.org\/dfgms\/#organization","name":"Deutsch-Franz\u00f6sische Gesellschaft M\u00fcnster e.V.","url":"https:\/\/www.muenster.org\/dfgms\/","logo":{"@type":"ImageObject","inLanguage":"de","@id":"https:\/\/www.muenster.org\/dfgms\/#\/schema\/logo\/image\/","url":"https:\/\/www.muenster.org\/dfgms\/wp-content\/uploads\/2025\/10\/NewLogoYellow-140x140-1-e1764328303462.jpg","contentUrl":"https:\/\/www.muenster.org\/dfgms\/wp-content\/uploads\/2025\/10\/NewLogoYellow-140x140-1-e1764328303462.jpg","width":110,"height":108,"caption":"Deutsch-Franz\u00f6sische Gesellschaft M\u00fcnster e.V."},"image":{"@id":"https:\/\/www.muenster.org\/dfgms\/#\/schema\/logo\/image\/"}}]}},"_links":{"self":[{"href":"https:\/\/www.muenster.org\/dfgms\/wp-json\/wp\/v2\/tribe_events\/1006","targetHints":{"allow":["GET"]}}],"collection":[{"href":"https:\/\/www.muenster.org\/dfgms\/wp-json\/wp\/v2\/tribe_events"}],"about":[{"href":"https:\/\/www.muenster.org\/dfgms\/wp-json\/wp\/v2\/types\/tribe_events"}],"author":[{"embeddable":true,"href":"https:\/\/www.muenster.org\/dfgms\/wp-json\/wp\/v2\/users\/4"}],"version-history":[{"count":5,"href":"https:\/\/www.muenster.org\/dfgms\/wp-json\/wp\/v2\/tribe_events\/1006\/revisions"}],"predecessor-version":[{"id":1035,"href":"https:\/\/www.muenster.org\/dfgms\/wp-json\/wp\/v2\/tribe_events\/1006\/revisions\/1035"}],"wp:featuredmedia":[{"embeddable":true,"href":"https:\/\/www.muenster.org\/dfgms\/wp-json\/wp\/v2\/media\/1010"}],"wp:attachment":[{"href":"https:\/\/www.muenster.org\/dfgms\/wp-json\/wp\/v2\/media?parent=1006"}],"wp:term":[{"taxonomy":"post_tag","embeddable":true,"href":"https:\/\/www.muenster.org\/dfgms\/wp-json\/wp\/v2\/tags?post=1006"},{"taxonomy":"tribe_events_cat","embeddable":true,"href":"https:\/\/www.muenster.org\/dfgms\/wp-json\/wp\/v2\/tribe_events_cat?post=1006"}],"curies":[{"name":"wp","href":"https:\/\/api.w.org\/{rel}","templated":true}]}}

<p>Dietmar Wiesner nous présente les vins de sa cave, veuillez réserver votre place par e-mail!</p>
<p>La capacité étant limitée à 16 personnes, veuillez vous inscrire rapidement ! Seuls les personnes ayant réservé peuvent participer (25 euros pour les membres DFG, 30 euros pour les autres).</p>
<p>&nbsp;</p>
<p>(Crédit photo: &#8222;<a href="https://www.flickr.com/photos/45086087@N00/4717565996" rel="noopener noreferrer">Bar Wines</a>&#8220; by <a href="https://www.flickr.com/photos/45086087@N00" rel="noopener noreferrer">alexbrn</a> is licensed under <a href="https://creativecommons.org/licenses/by/2.0/?ref=openverse" rel="noopener noreferrer">CC BY 2.0</a>.)</p>
<p>&nbsp;</p>

<p>Dietmar Wiesner nous présente les vins de sa cave, veuillez réserver votre place par e-mail! La capacité étant limitée à 16 personnes, veuillez vous inscrire rapidement ! Seuls les personnes ayant réservé peuvent participer (25 euros pour les membres DFG, 30 euros pour les autres). &nbsp; (Crédit photo: &#8222;Bar Wines&#8220; by alexbrn is licensed under CC BY 2.0.) &nbsp;</p>

<!-- This site is optimized with the Yoast SEO plugin v26.0 - https://yoast.com/wordpress/plugins/seo/ -->
<title>Degustation de vin - Deutsch-Französische Gesellschaft Münster e.V.</title>
<meta name="robots" content="index, follow, max-snippet:-1, max-image-preview:large, max-video-preview:-1" />
<link rel="canonical" href="https://www.muenster.org/dfgms/event/degustation-de-vin/" />
<meta property="og:locale" content="de_DE" />
<meta property="og:type" content="article" />
<meta property="og:title" content="Degustation de vin - Deutsch-Französische Gesellschaft Münster e.V." />
<meta property="og:description" content="Dietmar Wiesner nous présente les vins de sa cave, veuillez réserver votre place par e-mail! La capacité étant limitée à 16 personnes, veuillez vous inscrire rapidement ! Seuls les personnes ayant réservé peuvent participer (25 euros pour les membres DFG, 30 euros pour les autres). &nbsp; (Crédit photo: &#8222;Bar Wines&#8220; by alexbrn is licensed under CC BY 2.0.) &nbsp;" />
<meta property="og:url" content="https://www.muenster.org/dfgms/event/degustation-de-vin/" />
<meta property="og:site_name" content="Deutsch-Französische Gesellschaft Münster e.V." />
<meta property="article:modified_time" content="2025-01-12T13:41:03+00:00" />
<meta property="og:image" content="//www.muenster.org/dfgms/wp-content/uploads/2025/01/4717565996_b8749c27ce_c.jpg" />
	<meta property="og:image:width" content="800" />
	<meta property="og:image:height" content="600" />
	<meta property="og:image:type" content="image/jpeg" />
<meta name="twitter:card" content="summary_large_image" />
<meta name="twitter:label1" content="Geschätzte Lesezeit" />
	<meta name="twitter:data1" content="1 Minute" />
<script type="application/ld+json" class="yoast-schema-graph">{"@context":"https://schema.org","@graph":[{"@type":"WebPage","@id":"https://www.muenster.org/dfgms/event/degustation-de-vin/","url":"https://www.muenster.org/dfgms/event/degustation-de-vin/","name":"Degustation de vin - Deutsch-Französische Gesellschaft Münster e.V.","isPartOf":{"@id":"https://www.muenster.org/dfgms/#website"},"primaryImageOfPage":{"@id":"https://www.muenster.org/dfgms/event/degustation-de-vin/#primaryimage"},"image":{"@id":"https://www.muenster.org/dfgms/event/degustation-de-vin/#primaryimage"},"thumbnailUrl":"https://www.muenster.org/dfgms/wp-content/uploads/2025/01/4717565996_b8749c27ce_c.jpg","datePublished":"2025-01-11T18:20:02+00:00","dateModified":"2025-01-12T13:41:03+00:00","breadcrumb":{"@id":"https://www.muenster.org/dfgms/event/degustation-de-vin/#breadcrumb"},"inLanguage":"de","potentialAction":[{"@type":"ReadAction","target":["https://www.muenster.org/dfgms/event/degustation-de-vin/"]}]},{"@type":"ImageObject","inLanguage":"de","@id":"https://www.muenster.org/dfgms/event/degustation-de-vin/#primaryimage","url":"https://www.muenster.org/dfgms/wp-content/uploads/2025/01/4717565996_b8749c27ce_c.jpg","contentUrl":"https://www.muenster.org/dfgms/wp-content/uploads/2025/01/4717565996_b8749c27ce_c.jpg","width":800,"height":600},{"@type":"BreadcrumbList","@id":"https://www.muenster.org/dfgms/event/degustation-de-vin/#breadcrumb","itemListElement":[{"@type":"ListItem","position":1,"name":"Startseite"},{"@type":"ListItem","position":2,"name":"Veranstaltungen","item":"https://www.muenster.org/dfgms/events/"},{"@type":"ListItem","position":3,"name":"Degustation de vin"}]},{"@type":"WebSite","@id":"https://www.muenster.org/dfgms/#website","url":"https://www.muenster.org/dfgms/","name":"Deutsch-Französische Gesellschaft Münster e.V.","description":"","publisher":{"@id":"https://www.muenster.org/dfgms/#organization"},"potentialAction":[{"@type":"SearchAction","target":{"@type":"EntryPoint","urlTemplate":"https://www.muenster.org/dfgms/?s={search_term_string}"},"query-input":{"@type":"PropertyValueSpecification","valueRequired":true,"valueName":"search_term_string"}}],"inLanguage":"de"},{"@type":"Organization","@id":"https://www.muenster.org/dfgms/#organization","name":"Deutsch-Französische Gesellschaft Münster e.V.","url":"https://www.muenster.org/dfgms/","logo":{"@type":"ImageObject","inLanguage":"de","@id":"https://www.muenster.org/dfgms/#/schema/logo/image/","url":"https://www.muenster.org/dfgms/wp-content/uploads/2025/10/NewLogoYellow-140x140-1-e1764328303462.jpg","contentUrl":"https://www.muenster.org/dfgms/wp-content/uploads/2025/10/NewLogoYellow-140x140-1-e1764328303462.jpg","width":110,"height":108,"caption":"Deutsch-Französische Gesellschaft Münster e.V."},"image":{"@id":"https://www.muenster.org/dfgms/#/schema/logo/image/"}}]}</script>
<!-- / Yoast SEO plugin. -->

Degustation de vin - Deutsch-Französische Gesellschaft Münster e.V.

Dietmar Wiesner nous présente les vins de sa cave, veuillez réserver votre place par e-mail! La capacité étant limitée à 16 personnes, veuillez vous inscrire rapidement ! Seuls les personnes ayant réservé peuvent participer (25 euros pour les membres DFG, 30 euros pour les autres). &nbsp; (Crédit photo: &#8222;Bar Wines&#8220; by alexbrn is licensed under CC BY 2.0.) &nbsp;

Deutsch-Französische Gesellschaft Münster e.V.
