{"id":1517,"date":"2025-10-28T14:52:39","date_gmt":"2025-10-28T13:52:39","guid":{"rendered":"https:\/\/www.muenster.org\/dfgms\/?page_id=1517"},"modified":"2025-12-20T18:10:25","modified_gmt":"2025-12-20T17:10:25","slug":"zusammenarbeit-dfg-afa","status":"publish","type":"page","link":"https:\/\/www.muenster.org\/dfgms\/zusammenarbeit-dfg-afa\/","title":{"rendered":"Zusammenarbeit DFG &#8211; AFA"},"content":{"rendered":"\n<p><strong>Zusammen wachsen \u2013 die Br\u00fccke zwischen M\u00fcnster und Orl\u00e9ans!<\/strong><\/p>\n\n\n\n<p class=\"style15\"><span class=\"style1152\" lang=\"de\"><img loading=\"lazy\" decoding=\"async\" class=\"size-medium wp-image-230 alignright\" src=\"\/\/www.muenster.org\/dfgms\/wordpress\/wp-content\/uploads\/2017\/04\/orleans_04-300x200.jpg\" alt=\"\" width=\"300\" height=\"200\" srcset=\"https:\/\/www.muenster.org\/dfgms\/wp-content\/uploads\/2017\/04\/orleans_04-300x200.jpg 300w, https:\/\/www.muenster.org\/dfgms\/wp-content\/uploads\/2017\/04\/orleans_04-768x512.jpg 768w, https:\/\/www.muenster.org\/dfgms\/wp-content\/uploads\/2017\/04\/orleans_04-1024x682.jpg 1024w, https:\/\/www.muenster.org\/dfgms\/wp-content\/uploads\/2017\/04\/orleans_04.jpg 1100w\" sizes=\"auto, (max-width: 300px) 100vw, 300px\" \/><p>Unser <strong>Herzst\u00fcck-Projekt<\/strong> verbindet uns eng mit unserer <strong>Schwestergesellschaft in Frankreich<\/strong>, der <em>Association Franco-Allemande d\u2019Orl\u00e9ans (AFA)<\/em>. Durch diese lebendige Partnerschaft entstehen <strong>gemeinsame Projekte, die unsere St\u00e4dtepartnerschaft mit Leben f\u00fcllen<\/strong> \u2013 von <strong>kulturellen Ausstellungen und K\u00fcnstlerauftritten<\/strong> bis hin zur <strong>Vermittlung pers\u00f6nlicher Kontakte<\/strong> f\u00fcr alle, die in Orl\u00e9ans einen Partner f\u00fcr Austausch, Freundschaft oder Kooperationen suchen.<\/p>\n\n\n\n<p><p><strong>Wie funktioniert das?<\/strong> Unsere <strong>Vorsitzenden Inge und Annette<\/strong> pflegen den direkten Austausch mit <strong>Sylvain Thomas<\/strong>, der Pr\u00e4sident der AFA Orl\u00e9ans. Dank dieser engen Zusammenarbeit entstehen nicht nur spannende Projekte, sondern auch <strong>regelm\u00e4\u00dfige gegenseitige Besuche<\/strong> \u2013 ganz nat\u00fcrlich und voller lebendiger Begegnungen!<\/p><p class=\"style15\"><img loading=\"lazy\" decoding=\"async\" class=\"size-medium wp-image-229 alignleft\" src=\"\/\/www.muenster.org\/dfgms\/wordpress\/wp-content\/uploads\/2017\/04\/orleans_03-300x200.jpg\" alt=\"\" width=\"300\" height=\"200\" srcset=\"https:\/\/www.muenster.org\/dfgms\/wp-content\/uploads\/2017\/04\/orleans_03-300x200.jpg 300w, https:\/\/www.muenster.org\/dfgms\/wp-content\/uploads\/2017\/04\/orleans_03-768x512.jpg 768w, https:\/\/www.muenster.org\/dfgms\/wp-content\/uploads\/2017\/04\/orleans_03-1024x682.jpg 1024w, https:\/\/www.muenster.org\/dfgms\/wp-content\/uploads\/2017\/04\/orleans_03.jpg 1100w\" sizes=\"auto, (max-width: 300px) 100vw, 300px\" \/><\/p><\/p>\n\n\n\n<p><strong>Sie m\u00f6chten mehr erfahren?<\/strong> Entdecken Sie unsere Partnergesellschaft auf ihrer <strong>Internet-Visitenkarte<\/strong>: \ud83d\udc49 <a href=\"https:\/\/afa-orleans.over-blog.com\/\" target=\"_blank\" rel=\"noreferrer noopener\">Association Franco-Allemande d\u2019Orl\u00e9ans<\/a><\/p>\n\n\n\n<p><strong>Gemeinsam gestalten wir die deutsch-franz\u00f6sische Freundschaft \u2013 werden Sie Teil dieser besonderen Verbindung!<\/strong> \ud83e\udd1d\ud83c\udde9\ud83c\uddea\ud83c\uddeb\ud83c\uddf7<\/p>\n","protected":false},"excerpt":{"rendered":"<p>Zusammen wachsen \u2013 die Br\u00fccke zwischen M\u00fcnster und Orl\u00e9ans! Unser Herzst\u00fcck-Projekt verbindet uns eng mit unserer Schwestergesellschaft in Frankreich, der Association Franco-Allemande d\u2019Orl\u00e9ans (AFA). Durch diese lebendige Partnerschaft entstehen gemeinsame Projekte, die unsere St\u00e4dtepartnerschaft mit Leben f\u00fcllen \u2013 von kulturellen Ausstellungen und K\u00fcnstlerauftritten bis hin zur Vermittlung pers\u00f6nlicher Kontakte f\u00fcr alle, die in Orl\u00e9ans einen Partner f\u00fcr Austausch, Freundschaft oder<\/p>\n","protected":false},"author":51,"featured_media":0,"parent":0,"menu_order":0,"comment_status":"closed","ping_status":"closed","template":"","meta":{"footnotes":""},"class_list":["post-1517","page","type-page","status-publish","hentry"],"yoast_head":"<!-- This site is optimized with the Yoast SEO plugin v26.0 - https:\/\/yoast.com\/wordpress\/plugins\/seo\/ -->\n<title>Zusammenarbeit DFG - AFA - Deutsch-Franz\u00f6sische Gesellschaft M\u00fcnster e.V.<\/title>\n<meta name=\"robots\" content=\"index, follow, max-snippet:-1, max-image-preview:large, max-video-preview:-1\" \/>\n<link rel=\"canonical\" href=\"https:\/\/www.muenster.org\/dfgms\/zusammenarbeit-dfg-afa\/\" \/>\n<meta property=\"og:locale\" content=\"de_DE\" \/>\n<meta property=\"og:type\" content=\"article\" \/>\n<meta property=\"og:title\" content=\"Zusammenarbeit DFG - AFA - Deutsch-Franz\u00f6sische Gesellschaft M\u00fcnster e.V.\" \/>\n<meta property=\"og:description\" content=\"Zusammen wachsen \u2013 die Br\u00fccke zwischen M\u00fcnster und Orl\u00e9ans! Unser Herzst\u00fcck-Projekt verbindet uns eng mit unserer Schwestergesellschaft in Frankreich, der Association Franco-Allemande d\u2019Orl\u00e9ans (AFA). Durch diese lebendige Partnerschaft entstehen gemeinsame Projekte, die unsere St\u00e4dtepartnerschaft mit Leben f\u00fcllen \u2013 von kulturellen Ausstellungen und K\u00fcnstlerauftritten bis hin zur Vermittlung pers\u00f6nlicher Kontakte f\u00fcr alle, die in Orl\u00e9ans einen Partner f\u00fcr Austausch, Freundschaft oder\" \/>\n<meta property=\"og:url\" content=\"https:\/\/www.muenster.org\/dfgms\/zusammenarbeit-dfg-afa\/\" \/>\n<meta property=\"og:site_name\" content=\"Deutsch-Franz\u00f6sische Gesellschaft M\u00fcnster e.V.\" \/>\n<meta property=\"article:modified_time\" content=\"2025-12-20T17:10:25+00:00\" \/>\n<meta name=\"twitter:card\" content=\"summary_large_image\" \/>\n<meta name=\"twitter:label1\" content=\"Gesch\u00e4tzte Lesezeit\" \/>\n\t<meta name=\"twitter:data1\" content=\"2\u00a0Minuten\" \/>\n<script type=\"application\/ld+json\" class=\"yoast-schema-graph\">{\"@context\":\"https:\/\/schema.org\",\"@graph\":[{\"@type\":\"WebPage\",\"@id\":\"https:\/\/www.muenster.org\/dfgms\/zusammenarbeit-dfg-afa\/\",\"url\":\"https:\/\/www.muenster.org\/dfgms\/zusammenarbeit-dfg-afa\/\",\"name\":\"Zusammenarbeit DFG - AFA - Deutsch-Franz\u00f6sische Gesellschaft M\u00fcnster e.V.\",\"isPartOf\":{\"@id\":\"https:\/\/www.muenster.org\/dfgms\/#website\"},\"datePublished\":\"2025-10-28T13:52:39+00:00\",\"dateModified\":\"2025-12-20T17:10:25+00:00\",\"breadcrumb\":{\"@id\":\"https:\/\/www.muenster.org\/dfgms\/zusammenarbeit-dfg-afa\/#breadcrumb\"},\"inLanguage\":\"de\",\"potentialAction\":[{\"@type\":\"ReadAction\",\"target\":[\"https:\/\/www.muenster.org\/dfgms\/zusammenarbeit-dfg-afa\/\"]}]},{\"@type\":\"BreadcrumbList\",\"@id\":\"https:\/\/www.muenster.org\/dfgms\/zusammenarbeit-dfg-afa\/#breadcrumb\",\"itemListElement\":[{\"@type\":\"ListItem\",\"position\":1,\"name\":\"Startseite\"},{\"@type\":\"ListItem\",\"position\":2,\"name\":\"Zusammenarbeit DFG &#8211; AFA\"}]},{\"@type\":\"WebSite\",\"@id\":\"https:\/\/www.muenster.org\/dfgms\/#website\",\"url\":\"https:\/\/www.muenster.org\/dfgms\/\",\"name\":\"Deutsch-Franz\u00f6sische Gesellschaft M\u00fcnster e.V.\",\"description\":\"\",\"publisher\":{\"@id\":\"https:\/\/www.muenster.org\/dfgms\/#organization\"},\"potentialAction\":[{\"@type\":\"SearchAction\",\"target\":{\"@type\":\"EntryPoint\",\"urlTemplate\":\"https:\/\/www.muenster.org\/dfgms\/?s={search_term_string}\"},\"query-input\":{\"@type\":\"PropertyValueSpecification\",\"valueRequired\":true,\"valueName\":\"search_term_string\"}}],\"inLanguage\":\"de\"},{\"@type\":\"Organization\",\"@id\":\"https:\/\/www.muenster.org\/dfgms\/#organization\",\"name\":\"Deutsch-Franz\u00f6sische Gesellschaft M\u00fcnster e.V.\",\"url\":\"https:\/\/www.muenster.org\/dfgms\/\",\"logo\":{\"@type\":\"ImageObject\",\"inLanguage\":\"de\",\"@id\":\"https:\/\/www.muenster.org\/dfgms\/#\/schema\/logo\/image\/\",\"url\":\"https:\/\/www.muenster.org\/dfgms\/wp-content\/uploads\/2025\/10\/NewLogoYellow-140x140-1-e1764328303462.jpg\",\"contentUrl\":\"https:\/\/www.muenster.org\/dfgms\/wp-content\/uploads\/2025\/10\/NewLogoYellow-140x140-1-e1764328303462.jpg\",\"width\":110,\"height\":108,\"caption\":\"Deutsch-Franz\u00f6sische Gesellschaft M\u00fcnster e.V.\"},\"image\":{\"@id\":\"https:\/\/www.muenster.org\/dfgms\/#\/schema\/logo\/image\/\"}}]}<\/script>\n<!-- \/ Yoast SEO plugin. -->","yoast_head_json":{"title":"Zusammenarbeit DFG - AFA - Deutsch-Franz\u00f6sische Gesellschaft M\u00fcnster e.V.","robots":{"index":"index","follow":"follow","max-snippet":"max-snippet:-1","max-image-preview":"max-image-preview:large","max-video-preview":"max-video-preview:-1"},"canonical":"https:\/\/www.muenster.org\/dfgms\/zusammenarbeit-dfg-afa\/","og_locale":"de_DE","og_type":"article","og_title":"Zusammenarbeit DFG - AFA - Deutsch-Franz\u00f6sische Gesellschaft M\u00fcnster e.V.","og_description":"Zusammen wachsen \u2013 die Br\u00fccke zwischen M\u00fcnster und Orl\u00e9ans! Unser Herzst\u00fcck-Projekt verbindet uns eng mit unserer Schwestergesellschaft in Frankreich, der Association Franco-Allemande d\u2019Orl\u00e9ans (AFA). Durch diese lebendige Partnerschaft entstehen gemeinsame Projekte, die unsere St\u00e4dtepartnerschaft mit Leben f\u00fcllen \u2013 von kulturellen Ausstellungen und K\u00fcnstlerauftritten bis hin zur Vermittlung pers\u00f6nlicher Kontakte f\u00fcr alle, die in Orl\u00e9ans einen Partner f\u00fcr Austausch, Freundschaft oder","og_url":"https:\/\/www.muenster.org\/dfgms\/zusammenarbeit-dfg-afa\/","og_site_name":"Deutsch-Franz\u00f6sische Gesellschaft M\u00fcnster e.V.","article_modified_time":"2025-12-20T17:10:25+00:00","twitter_card":"summary_large_image","twitter_misc":{"Gesch\u00e4tzte Lesezeit":"2\u00a0Minuten"},"schema":{"@context":"https:\/\/schema.org","@graph":[{"@type":"WebPage","@id":"https:\/\/www.muenster.org\/dfgms\/zusammenarbeit-dfg-afa\/","url":"https:\/\/www.muenster.org\/dfgms\/zusammenarbeit-dfg-afa\/","name":"Zusammenarbeit DFG - AFA - Deutsch-Franz\u00f6sische Gesellschaft M\u00fcnster e.V.","isPartOf":{"@id":"https:\/\/www.muenster.org\/dfgms\/#website"},"datePublished":"2025-10-28T13:52:39+00:00","dateModified":"2025-12-20T17:10:25+00:00","breadcrumb":{"@id":"https:\/\/www.muenster.org\/dfgms\/zusammenarbeit-dfg-afa\/#breadcrumb"},"inLanguage":"de","potentialAction":[{"@type":"ReadAction","target":["https:\/\/www.muenster.org\/dfgms\/zusammenarbeit-dfg-afa\/"]}]},{"@type":"BreadcrumbList","@id":"https:\/\/www.muenster.org\/dfgms\/zusammenarbeit-dfg-afa\/#breadcrumb","itemListElement":[{"@type":"ListItem","position":1,"name":"Startseite"},{"@type":"ListItem","position":2,"name":"Zusammenarbeit DFG &#8211; AFA"}]},{"@type":"WebSite","@id":"https:\/\/www.muenster.org\/dfgms\/#website","url":"https:\/\/www.muenster.org\/dfgms\/","name":"Deutsch-Franz\u00f6sische Gesellschaft M\u00fcnster e.V.","description":"","publisher":{"@id":"https:\/\/www.muenster.org\/dfgms\/#organization"},"potentialAction":[{"@type":"SearchAction","target":{"@type":"EntryPoint","urlTemplate":"https:\/\/www.muenster.org\/dfgms\/?s={search_term_string}"},"query-input":{"@type":"PropertyValueSpecification","valueRequired":true,"valueName":"search_term_string"}}],"inLanguage":"de"},{"@type":"Organization","@id":"https:\/\/www.muenster.org\/dfgms\/#organization","name":"Deutsch-Franz\u00f6sische Gesellschaft M\u00fcnster e.V.","url":"https:\/\/www.muenster.org\/dfgms\/","logo":{"@type":"ImageObject","inLanguage":"de","@id":"https:\/\/www.muenster.org\/dfgms\/#\/schema\/logo\/image\/","url":"https:\/\/www.muenster.org\/dfgms\/wp-content\/uploads\/2025\/10\/NewLogoYellow-140x140-1-e1764328303462.jpg","contentUrl":"https:\/\/www.muenster.org\/dfgms\/wp-content\/uploads\/2025\/10\/NewLogoYellow-140x140-1-e1764328303462.jpg","width":110,"height":108,"caption":"Deutsch-Franz\u00f6sische Gesellschaft M\u00fcnster e.V."},"image":{"@id":"https:\/\/www.muenster.org\/dfgms\/#\/schema\/logo\/image\/"}}]}},"_links":{"self":[{"href":"https:\/\/www.muenster.org\/dfgms\/wp-json\/wp\/v2\/pages\/1517","targetHints":{"allow":["GET"]}}],"collection":[{"href":"https:\/\/www.muenster.org\/dfgms\/wp-json\/wp\/v2\/pages"}],"about":[{"href":"https:\/\/www.muenster.org\/dfgms\/wp-json\/wp\/v2\/types\/page"}],"author":[{"embeddable":true,"href":"https:\/\/www.muenster.org\/dfgms\/wp-json\/wp\/v2\/users\/51"}],"replies":[{"embeddable":true,"href":"https:\/\/www.muenster.org\/dfgms\/wp-json\/wp\/v2\/comments?post=1517"}],"version-history":[{"count":4,"href":"https:\/\/www.muenster.org\/dfgms\/wp-json\/wp\/v2\/pages\/1517\/revisions"}],"predecessor-version":[{"id":1725,"href":"https:\/\/www.muenster.org\/dfgms\/wp-json\/wp\/v2\/pages\/1517\/revisions\/1725"}],"wp:attachment":[{"href":"https:\/\/www.muenster.org\/dfgms\/wp-json\/wp\/v2\/media?parent=1517"}],"curies":[{"name":"wp","href":"https:\/\/api.w.org\/{rel}","templated":true}]}}