{"id":1514,"date":"2025-10-28T14:48:20","date_gmt":"2025-10-28T13:48:20","guid":{"rendered":"https:\/\/www.muenster.org\/dfgms\/?page_id=1514"},"modified":"2025-12-20T18:06:58","modified_gmt":"2025-12-20T17:06:58","slug":"staedtepartnerschaft-mit-orleans","status":"publish","type":"page","link":"https:\/\/www.muenster.org\/dfgms\/staedtepartnerschaft-mit-orleans\/","title":{"rendered":"St\u00e4dtepartnerschaft mit Orl\u00e9ans"},"content":{"rendered":"\n<p>M\u00fcnster pflegt <strong>viele internationale Partnerschaften<\/strong>, doch die Verbindung zu <strong>Orl\u00e9ans<\/strong> ist etwas ganz Besonderes! Die <strong>Deutsch-Franz\u00f6sische Gesellschaft M\u00fcnster e.V.<\/strong> bringt Menschen aus beiden St\u00e4dten zusammen \u2013 durch <strong>gegenseitige Besuche, gemeinsame Projekte und kulturelle Begegnungen<\/strong>, Hand in Hand mit der <em>Association Franco-Allemande<\/em> und der Stadt Orl\u00e9ans.<\/p>\n\n\n<div class=\"wp-block-image\">\n<figure class=\"alignleft\"><img loading=\"lazy\" decoding=\"async\" width=\"300\" height=\"200\" src=\"\/\/www.muenster.org\/dfgms\/wordpress\/wp-content\/uploads\/2017\/04\/orleans_01-300x200.jpg\" alt=\"\" class=\"wp-image-227\" srcset=\"https:\/\/www.muenster.org\/dfgms\/wp-content\/uploads\/2017\/04\/orleans_01-300x200.jpg 300w, https:\/\/www.muenster.org\/dfgms\/wp-content\/uploads\/2017\/04\/orleans_01-768x512.jpg 768w, https:\/\/www.muenster.org\/dfgms\/wp-content\/uploads\/2017\/04\/orleans_01-1024x682.jpg 1024w, https:\/\/www.muenster.org\/dfgms\/wp-content\/uploads\/2017\/04\/orleans_01.jpg 1100w\" sizes=\"auto, (max-width: 300px) 100vw, 300px\" \/><\/figure><\/div>\n\n\n<p>Hier entsteht echte <strong>Begegnung auf Augenh\u00f6he<\/strong>: Ob beim Austausch \u00fcber Alltagskultur, beim Entdecken gemeinsamer Leidenschaften oder beim Kn\u00fcpfen langj\u00e4hriger Freundschaften \u2013 unsere Partnerschaft bietet <strong>Erlebnisse, die kein normaler Urlaub bieten kann<\/strong>. Viele M\u00fcnsteraner:innen haben bereits die einzigartige Chance genutzt, Orl\u00e9ans und seine Bewohner:innen auf eine ganz pers\u00f6nliche Weise kennenzulernen.<\/p>\n\n\n\n<p><strong>M\u00f6chten Sie Teil dieser besonderen Verbindung werden?<\/strong> Ob durch Reisen, Projekte oder Events \u2013 bei uns erleben Sie die deutsch-franz\u00f6sische Freundschaft hautnah! <\/p>\n\n\n\n<p><strong>Tauchen Sie ein und entdecken Sie die Magie der Begegnung!<\/strong> \ud83c\udf0d\u2764\ufe0f<\/p>\n","protected":false},"excerpt":{"rendered":"<p>M\u00fcnster pflegt viele internationale Partnerschaften, doch die Verbindung zu Orl\u00e9ans ist etwas ganz Besonderes! Die Deutsch-Franz\u00f6sische Gesellschaft M\u00fcnster e.V. bringt Menschen aus beiden St\u00e4dten zusammen \u2013 durch gegenseitige Besuche, gemeinsame Projekte und kulturelle Begegnungen, Hand in Hand mit der Association Franco-Allemande und der Stadt Orl\u00e9ans. Hier entsteht echte Begegnung auf Augenh\u00f6he: Ob beim Austausch \u00fcber Alltagskultur, beim Entdecken gemeinsamer Leidenschaften<\/p>\n","protected":false},"author":51,"featured_media":0,"parent":0,"menu_order":0,"comment_status":"closed","ping_status":"closed","template":"","meta":{"footnotes":""},"class_list":["post-1514","page","type-page","status-publish","hentry"],"yoast_head":"<!-- This site is optimized with the Yoast SEO plugin v26.0 - https:\/\/yoast.com\/wordpress\/plugins\/seo\/ -->\n<title>St\u00e4dtepartnerschaft mit Orl\u00e9ans - Deutsch-Franz\u00f6sische Gesellschaft M\u00fcnster e.V.<\/title>\n<meta name=\"robots\" content=\"index, follow, max-snippet:-1, max-image-preview:large, max-video-preview:-1\" \/>\n<link rel=\"canonical\" href=\"https:\/\/www.muenster.org\/dfgms\/staedtepartnerschaft-mit-orleans\/\" \/>\n<meta property=\"og:locale\" content=\"de_DE\" \/>\n<meta property=\"og:type\" content=\"article\" \/>\n<meta property=\"og:title\" content=\"St\u00e4dtepartnerschaft mit Orl\u00e9ans - Deutsch-Franz\u00f6sische Gesellschaft M\u00fcnster e.V.\" \/>\n<meta property=\"og:description\" content=\"M\u00fcnster pflegt viele internationale Partnerschaften, doch die Verbindung zu Orl\u00e9ans ist etwas ganz Besonderes! Die Deutsch-Franz\u00f6sische Gesellschaft M\u00fcnster e.V. bringt Menschen aus beiden St\u00e4dten zusammen \u2013 durch gegenseitige Besuche, gemeinsame Projekte und kulturelle Begegnungen, Hand in Hand mit der Association Franco-Allemande und der Stadt Orl\u00e9ans. Hier entsteht echte Begegnung auf Augenh\u00f6he: Ob beim Austausch \u00fcber Alltagskultur, beim Entdecken gemeinsamer Leidenschaften\" \/>\n<meta property=\"og:url\" content=\"https:\/\/www.muenster.org\/dfgms\/staedtepartnerschaft-mit-orleans\/\" \/>\n<meta property=\"og:site_name\" content=\"Deutsch-Franz\u00f6sische Gesellschaft M\u00fcnster e.V.\" \/>\n<meta property=\"article:modified_time\" content=\"2025-12-20T17:06:58+00:00\" \/>\n<meta name=\"twitter:card\" content=\"summary_large_image\" \/>\n<meta name=\"twitter:label1\" content=\"Gesch\u00e4tzte Lesezeit\" \/>\n\t<meta name=\"twitter:data1\" content=\"1\u00a0Minute\" \/>\n<script type=\"application\/ld+json\" class=\"yoast-schema-graph\">{\"@context\":\"https:\/\/schema.org\",\"@graph\":[{\"@type\":\"WebPage\",\"@id\":\"https:\/\/www.muenster.org\/dfgms\/staedtepartnerschaft-mit-orleans\/\",\"url\":\"https:\/\/www.muenster.org\/dfgms\/staedtepartnerschaft-mit-orleans\/\",\"name\":\"St\u00e4dtepartnerschaft mit Orl\u00e9ans - Deutsch-Franz\u00f6sische Gesellschaft M\u00fcnster e.V.\",\"isPartOf\":{\"@id\":\"https:\/\/www.muenster.org\/dfgms\/#website\"},\"datePublished\":\"2025-10-28T13:48:20+00:00\",\"dateModified\":\"2025-12-20T17:06:58+00:00\",\"breadcrumb\":{\"@id\":\"https:\/\/www.muenster.org\/dfgms\/staedtepartnerschaft-mit-orleans\/#breadcrumb\"},\"inLanguage\":\"de\",\"potentialAction\":[{\"@type\":\"ReadAction\",\"target\":[\"https:\/\/www.muenster.org\/dfgms\/staedtepartnerschaft-mit-orleans\/\"]}]},{\"@type\":\"BreadcrumbList\",\"@id\":\"https:\/\/www.muenster.org\/dfgms\/staedtepartnerschaft-mit-orleans\/#breadcrumb\",\"itemListElement\":[{\"@type\":\"ListItem\",\"position\":1,\"name\":\"Startseite\"},{\"@type\":\"ListItem\",\"position\":2,\"name\":\"St\u00e4dtepartnerschaft mit Orl\u00e9ans\"}]},{\"@type\":\"WebSite\",\"@id\":\"https:\/\/www.muenster.org\/dfgms\/#website\",\"url\":\"https:\/\/www.muenster.org\/dfgms\/\",\"name\":\"Deutsch-Franz\u00f6sische Gesellschaft M\u00fcnster e.V.\",\"description\":\"\",\"publisher\":{\"@id\":\"https:\/\/www.muenster.org\/dfgms\/#organization\"},\"potentialAction\":[{\"@type\":\"SearchAction\",\"target\":{\"@type\":\"EntryPoint\",\"urlTemplate\":\"https:\/\/www.muenster.org\/dfgms\/?s={search_term_string}\"},\"query-input\":{\"@type\":\"PropertyValueSpecification\",\"valueRequired\":true,\"valueName\":\"search_term_string\"}}],\"inLanguage\":\"de\"},{\"@type\":\"Organization\",\"@id\":\"https:\/\/www.muenster.org\/dfgms\/#organization\",\"name\":\"Deutsch-Franz\u00f6sische Gesellschaft M\u00fcnster e.V.\",\"url\":\"https:\/\/www.muenster.org\/dfgms\/\",\"logo\":{\"@type\":\"ImageObject\",\"inLanguage\":\"de\",\"@id\":\"https:\/\/www.muenster.org\/dfgms\/#\/schema\/logo\/image\/\",\"url\":\"https:\/\/www.muenster.org\/dfgms\/wp-content\/uploads\/2025\/10\/NewLogoYellow-140x140-1-e1764328303462.jpg\",\"contentUrl\":\"https:\/\/www.muenster.org\/dfgms\/wp-content\/uploads\/2025\/10\/NewLogoYellow-140x140-1-e1764328303462.jpg\",\"width\":110,\"height\":108,\"caption\":\"Deutsch-Franz\u00f6sische Gesellschaft M\u00fcnster e.V.\"},\"image\":{\"@id\":\"https:\/\/www.muenster.org\/dfgms\/#\/schema\/logo\/image\/\"}}]}<\/script>\n<!-- \/ Yoast SEO plugin. -->","yoast_head_json":{"title":"St\u00e4dtepartnerschaft mit Orl\u00e9ans - Deutsch-Franz\u00f6sische Gesellschaft M\u00fcnster e.V.","robots":{"index":"index","follow":"follow","max-snippet":"max-snippet:-1","max-image-preview":"max-image-preview:large","max-video-preview":"max-video-preview:-1"},"canonical":"https:\/\/www.muenster.org\/dfgms\/staedtepartnerschaft-mit-orleans\/","og_locale":"de_DE","og_type":"article","og_title":"St\u00e4dtepartnerschaft mit Orl\u00e9ans - Deutsch-Franz\u00f6sische Gesellschaft M\u00fcnster e.V.","og_description":"M\u00fcnster pflegt viele internationale Partnerschaften, doch die Verbindung zu Orl\u00e9ans ist etwas ganz Besonderes! Die Deutsch-Franz\u00f6sische Gesellschaft M\u00fcnster e.V. bringt Menschen aus beiden St\u00e4dten zusammen \u2013 durch gegenseitige Besuche, gemeinsame Projekte und kulturelle Begegnungen, Hand in Hand mit der Association Franco-Allemande und der Stadt Orl\u00e9ans. Hier entsteht echte Begegnung auf Augenh\u00f6he: Ob beim Austausch \u00fcber Alltagskultur, beim Entdecken gemeinsamer Leidenschaften","og_url":"https:\/\/www.muenster.org\/dfgms\/staedtepartnerschaft-mit-orleans\/","og_site_name":"Deutsch-Franz\u00f6sische Gesellschaft M\u00fcnster e.V.","article_modified_time":"2025-12-20T17:06:58+00:00","twitter_card":"summary_large_image","twitter_misc":{"Gesch\u00e4tzte Lesezeit":"1\u00a0Minute"},"schema":{"@context":"https:\/\/schema.org","@graph":[{"@type":"WebPage","@id":"https:\/\/www.muenster.org\/dfgms\/staedtepartnerschaft-mit-orleans\/","url":"https:\/\/www.muenster.org\/dfgms\/staedtepartnerschaft-mit-orleans\/","name":"St\u00e4dtepartnerschaft mit Orl\u00e9ans - Deutsch-Franz\u00f6sische Gesellschaft M\u00fcnster e.V.","isPartOf":{"@id":"https:\/\/www.muenster.org\/dfgms\/#website"},"datePublished":"2025-10-28T13:48:20+00:00","dateModified":"2025-12-20T17:06:58+00:00","breadcrumb":{"@id":"https:\/\/www.muenster.org\/dfgms\/staedtepartnerschaft-mit-orleans\/#breadcrumb"},"inLanguage":"de","potentialAction":[{"@type":"ReadAction","target":["https:\/\/www.muenster.org\/dfgms\/staedtepartnerschaft-mit-orleans\/"]}]},{"@type":"BreadcrumbList","@id":"https:\/\/www.muenster.org\/dfgms\/staedtepartnerschaft-mit-orleans\/#breadcrumb","itemListElement":[{"@type":"ListItem","position":1,"name":"Startseite"},{"@type":"ListItem","position":2,"name":"St\u00e4dtepartnerschaft mit Orl\u00e9ans"}]},{"@type":"WebSite","@id":"https:\/\/www.muenster.org\/dfgms\/#website","url":"https:\/\/www.muenster.org\/dfgms\/","name":"Deutsch-Franz\u00f6sische Gesellschaft M\u00fcnster e.V.","description":"","publisher":{"@id":"https:\/\/www.muenster.org\/dfgms\/#organization"},"potentialAction":[{"@type":"SearchAction","target":{"@type":"EntryPoint","urlTemplate":"https:\/\/www.muenster.org\/dfgms\/?s={search_term_string}"},"query-input":{"@type":"PropertyValueSpecification","valueRequired":true,"valueName":"search_term_string"}}],"inLanguage":"de"},{"@type":"Organization","@id":"https:\/\/www.muenster.org\/dfgms\/#organization","name":"Deutsch-Franz\u00f6sische Gesellschaft M\u00fcnster e.V.","url":"https:\/\/www.muenster.org\/dfgms\/","logo":{"@type":"ImageObject","inLanguage":"de","@id":"https:\/\/www.muenster.org\/dfgms\/#\/schema\/logo\/image\/","url":"https:\/\/www.muenster.org\/dfgms\/wp-content\/uploads\/2025\/10\/NewLogoYellow-140x140-1-e1764328303462.jpg","contentUrl":"https:\/\/www.muenster.org\/dfgms\/wp-content\/uploads\/2025\/10\/NewLogoYellow-140x140-1-e1764328303462.jpg","width":110,"height":108,"caption":"Deutsch-Franz\u00f6sische Gesellschaft M\u00fcnster e.V."},"image":{"@id":"https:\/\/www.muenster.org\/dfgms\/#\/schema\/logo\/image\/"}}]}},"_links":{"self":[{"href":"https:\/\/www.muenster.org\/dfgms\/wp-json\/wp\/v2\/pages\/1514","targetHints":{"allow":["GET"]}}],"collection":[{"href":"https:\/\/www.muenster.org\/dfgms\/wp-json\/wp\/v2\/pages"}],"about":[{"href":"https:\/\/www.muenster.org\/dfgms\/wp-json\/wp\/v2\/types\/page"}],"author":[{"embeddable":true,"href":"https:\/\/www.muenster.org\/dfgms\/wp-json\/wp\/v2\/users\/51"}],"replies":[{"embeddable":true,"href":"https:\/\/www.muenster.org\/dfgms\/wp-json\/wp\/v2\/comments?post=1514"}],"version-history":[{"count":4,"href":"https:\/\/www.muenster.org\/dfgms\/wp-json\/wp\/v2\/pages\/1514\/revisions"}],"predecessor-version":[{"id":1721,"href":"https:\/\/www.muenster.org\/dfgms\/wp-json\/wp\/v2\/pages\/1514\/revisions\/1721"}],"wp:attachment":[{"href":"https:\/\/www.muenster.org\/dfgms\/wp-json\/wp\/v2\/media?parent=1514"}],"curies":[{"name":"wp","href":"https:\/\/api.w.org\/{rel}","templated":true}]}}