{"id":1506,"date":"2025-10-28T11:09:14","date_gmt":"2025-10-28T10:09:14","guid":{"rendered":"https:\/\/www.muenster.org\/dfgms\/?page_id=1506"},"modified":"2025-12-20T17:59:56","modified_gmt":"2025-12-20T16:59:56","slug":"vorlesewettbewerb","status":"publish","type":"page","link":"https:\/\/www.muenster.org\/dfgms\/vorlesewettbewerb\/","title":{"rendered":"Vorlesewettbewerb"},"content":{"rendered":"\n<p><strong>Vorlesewettbewerb \u2013 wo Sprache lebendig wird!<\/strong><\/p>\n\n\n\n<p>Seit 2005 veranstaltet die DFG M\u00fcnster \u2013 initiiert von <strong>Andreas Tepe<\/strong>, engagiert fortgef\u00fchrt von <strong>Franck S\u00e9n\u00e9gas<\/strong> \u2013 einen hochkar\u00e4tigen <strong>Vorlesewettbewerb<\/strong>, der Sch\u00fcler:innen aller m\u00fcnsteraner Schulen mit Franz\u00f6sischunterricht begeistert! Ob Anf\u00e4nger oder Fortgeschrittene: In verschiedenen Altersgruppen messen sich die besten Vorleser:innen \u2013 und die Gewinner:innen freuen sich \u00fcber <strong>attraktive Geld- und Buchpreise<\/strong>.<\/p>\n\n\n<div class=\"wp-block-image\">\n<figure class=\"alignleft\"><img loading=\"lazy\" decoding=\"async\" width=\"227\" height=\"152\" src=\"\/\/www.muenster.org\/dfgms\/wp-content\/uploads\/2017\/04\/vorlesewettbewerb.jpeg\" alt=\"\" class=\"wp-image-90\"\/><\/figure><\/div>\n\n\n<p><strong>Ein besonderes Highlight:<\/strong> Auch die Austauschsch\u00fcler:innen aus unserer Partnerstadt <strong>Orl\u00e9ans<\/strong> sind dabei und pr\u00e4sentieren deutsche Texte. So wird der Wettbewerb zu einer einzigartigen Begegnung zwischen den Kulturen!!<\/p>\n\n\n\n<p><\/p>\n\n\n\n<p>Jedes Jahr findet die Veranstaltung an einer anderen Schule statt und endet mit einem <strong>abwechslungsreichen Kulturprogramm<\/strong> der Gastgeber. <strong>Das Beste?<\/strong> Das Publikum ist herzlich willkommen \u2013 kommen Sie vorbei und erleben Sie mit, wie junge Talente die franz\u00f6sische Sprache mit Leidenschaft zum Klingen bringen!<\/p>\n\n\n\n<p><strong>Wir freuen uns auf Ihr Kommen \u2013 lassen Sie sich begeistern!<\/strong> \ud83d\udcda\u2728<\/p>\n\n\n\n<p><\/p>\n","protected":false},"excerpt":{"rendered":"<p>Vorlesewettbewerb \u2013 wo Sprache lebendig wird! Seit 2005 veranstaltet die DFG M\u00fcnster \u2013 initiiert von Andreas Tepe, engagiert fortgef\u00fchrt von Franck S\u00e9n\u00e9gas \u2013 einen hochkar\u00e4tigen Vorlesewettbewerb, der Sch\u00fcler:innen aller m\u00fcnsteraner Schulen mit Franz\u00f6sischunterricht begeistert! Ob Anf\u00e4nger oder Fortgeschrittene: In verschiedenen Altersgruppen messen sich die besten Vorleser:innen \u2013 und die Gewinner:innen freuen sich \u00fcber attraktive Geld- und Buchpreise. Ein besonderes Highlight:<\/p>\n","protected":false},"author":51,"featured_media":0,"parent":0,"menu_order":0,"comment_status":"closed","ping_status":"closed","template":"","meta":{"footnotes":""},"class_list":["post-1506","page","type-page","status-publish","hentry"],"yoast_head":"<!-- This site is optimized with the Yoast SEO plugin v26.0 - https:\/\/yoast.com\/wordpress\/plugins\/seo\/ -->\n<title>Vorlesewettbewerb - Deutsch-Franz\u00f6sische Gesellschaft M\u00fcnster e.V.<\/title>\n<meta name=\"robots\" content=\"index, follow, max-snippet:-1, max-image-preview:large, max-video-preview:-1\" \/>\n<link rel=\"canonical\" href=\"https:\/\/www.muenster.org\/dfgms\/vorlesewettbewerb\/\" \/>\n<meta property=\"og:locale\" content=\"de_DE\" \/>\n<meta property=\"og:type\" content=\"article\" \/>\n<meta property=\"og:title\" content=\"Vorlesewettbewerb - Deutsch-Franz\u00f6sische Gesellschaft M\u00fcnster e.V.\" \/>\n<meta property=\"og:description\" content=\"Vorlesewettbewerb \u2013 wo Sprache lebendig wird! Seit 2005 veranstaltet die DFG M\u00fcnster \u2013 initiiert von Andreas Tepe, engagiert fortgef\u00fchrt von Franck S\u00e9n\u00e9gas \u2013 einen hochkar\u00e4tigen Vorlesewettbewerb, der Sch\u00fcler:innen aller m\u00fcnsteraner Schulen mit Franz\u00f6sischunterricht begeistert! Ob Anf\u00e4nger oder Fortgeschrittene: In verschiedenen Altersgruppen messen sich die besten Vorleser:innen \u2013 und die Gewinner:innen freuen sich \u00fcber attraktive Geld- und Buchpreise. Ein besonderes Highlight:\" \/>\n<meta property=\"og:url\" content=\"https:\/\/www.muenster.org\/dfgms\/vorlesewettbewerb\/\" \/>\n<meta property=\"og:site_name\" content=\"Deutsch-Franz\u00f6sische Gesellschaft M\u00fcnster e.V.\" \/>\n<meta property=\"article:modified_time\" content=\"2025-12-20T16:59:56+00:00\" \/>\n<meta name=\"twitter:card\" content=\"summary_large_image\" \/>\n<meta name=\"twitter:label1\" content=\"Gesch\u00e4tzte Lesezeit\" \/>\n\t<meta name=\"twitter:data1\" content=\"1\u00a0Minute\" \/>\n<script type=\"application\/ld+json\" class=\"yoast-schema-graph\">{\"@context\":\"https:\/\/schema.org\",\"@graph\":[{\"@type\":\"WebPage\",\"@id\":\"https:\/\/www.muenster.org\/dfgms\/vorlesewettbewerb\/\",\"url\":\"https:\/\/www.muenster.org\/dfgms\/vorlesewettbewerb\/\",\"name\":\"Vorlesewettbewerb - Deutsch-Franz\u00f6sische Gesellschaft M\u00fcnster e.V.\",\"isPartOf\":{\"@id\":\"https:\/\/www.muenster.org\/dfgms\/#website\"},\"datePublished\":\"2025-10-28T10:09:14+00:00\",\"dateModified\":\"2025-12-20T16:59:56+00:00\",\"breadcrumb\":{\"@id\":\"https:\/\/www.muenster.org\/dfgms\/vorlesewettbewerb\/#breadcrumb\"},\"inLanguage\":\"de\",\"potentialAction\":[{\"@type\":\"ReadAction\",\"target\":[\"https:\/\/www.muenster.org\/dfgms\/vorlesewettbewerb\/\"]}]},{\"@type\":\"BreadcrumbList\",\"@id\":\"https:\/\/www.muenster.org\/dfgms\/vorlesewettbewerb\/#breadcrumb\",\"itemListElement\":[{\"@type\":\"ListItem\",\"position\":1,\"name\":\"Startseite\"},{\"@type\":\"ListItem\",\"position\":2,\"name\":\"Vorlesewettbewerb\"}]},{\"@type\":\"WebSite\",\"@id\":\"https:\/\/www.muenster.org\/dfgms\/#website\",\"url\":\"https:\/\/www.muenster.org\/dfgms\/\",\"name\":\"Deutsch-Franz\u00f6sische Gesellschaft M\u00fcnster e.V.\",\"description\":\"\",\"publisher\":{\"@id\":\"https:\/\/www.muenster.org\/dfgms\/#organization\"},\"potentialAction\":[{\"@type\":\"SearchAction\",\"target\":{\"@type\":\"EntryPoint\",\"urlTemplate\":\"https:\/\/www.muenster.org\/dfgms\/?s={search_term_string}\"},\"query-input\":{\"@type\":\"PropertyValueSpecification\",\"valueRequired\":true,\"valueName\":\"search_term_string\"}}],\"inLanguage\":\"de\"},{\"@type\":\"Organization\",\"@id\":\"https:\/\/www.muenster.org\/dfgms\/#organization\",\"name\":\"Deutsch-Franz\u00f6sische Gesellschaft M\u00fcnster e.V.\",\"url\":\"https:\/\/www.muenster.org\/dfgms\/\",\"logo\":{\"@type\":\"ImageObject\",\"inLanguage\":\"de\",\"@id\":\"https:\/\/www.muenster.org\/dfgms\/#\/schema\/logo\/image\/\",\"url\":\"https:\/\/www.muenster.org\/dfgms\/wp-content\/uploads\/2025\/10\/NewLogoYellow-140x140-1-e1764328303462.jpg\",\"contentUrl\":\"https:\/\/www.muenster.org\/dfgms\/wp-content\/uploads\/2025\/10\/NewLogoYellow-140x140-1-e1764328303462.jpg\",\"width\":110,\"height\":108,\"caption\":\"Deutsch-Franz\u00f6sische Gesellschaft M\u00fcnster e.V.\"},\"image\":{\"@id\":\"https:\/\/www.muenster.org\/dfgms\/#\/schema\/logo\/image\/\"}}]}<\/script>\n<!-- \/ Yoast SEO plugin. -->","yoast_head_json":{"title":"Vorlesewettbewerb - Deutsch-Franz\u00f6sische Gesellschaft M\u00fcnster e.V.","robots":{"index":"index","follow":"follow","max-snippet":"max-snippet:-1","max-image-preview":"max-image-preview:large","max-video-preview":"max-video-preview:-1"},"canonical":"https:\/\/www.muenster.org\/dfgms\/vorlesewettbewerb\/","og_locale":"de_DE","og_type":"article","og_title":"Vorlesewettbewerb - Deutsch-Franz\u00f6sische Gesellschaft M\u00fcnster e.V.","og_description":"Vorlesewettbewerb \u2013 wo Sprache lebendig wird! Seit 2005 veranstaltet die DFG M\u00fcnster \u2013 initiiert von Andreas Tepe, engagiert fortgef\u00fchrt von Franck S\u00e9n\u00e9gas \u2013 einen hochkar\u00e4tigen Vorlesewettbewerb, der Sch\u00fcler:innen aller m\u00fcnsteraner Schulen mit Franz\u00f6sischunterricht begeistert! Ob Anf\u00e4nger oder Fortgeschrittene: In verschiedenen Altersgruppen messen sich die besten Vorleser:innen \u2013 und die Gewinner:innen freuen sich \u00fcber attraktive Geld- und Buchpreise. Ein besonderes Highlight:","og_url":"https:\/\/www.muenster.org\/dfgms\/vorlesewettbewerb\/","og_site_name":"Deutsch-Franz\u00f6sische Gesellschaft M\u00fcnster e.V.","article_modified_time":"2025-12-20T16:59:56+00:00","twitter_card":"summary_large_image","twitter_misc":{"Gesch\u00e4tzte Lesezeit":"1\u00a0Minute"},"schema":{"@context":"https:\/\/schema.org","@graph":[{"@type":"WebPage","@id":"https:\/\/www.muenster.org\/dfgms\/vorlesewettbewerb\/","url":"https:\/\/www.muenster.org\/dfgms\/vorlesewettbewerb\/","name":"Vorlesewettbewerb - Deutsch-Franz\u00f6sische Gesellschaft M\u00fcnster e.V.","isPartOf":{"@id":"https:\/\/www.muenster.org\/dfgms\/#website"},"datePublished":"2025-10-28T10:09:14+00:00","dateModified":"2025-12-20T16:59:56+00:00","breadcrumb":{"@id":"https:\/\/www.muenster.org\/dfgms\/vorlesewettbewerb\/#breadcrumb"},"inLanguage":"de","potentialAction":[{"@type":"ReadAction","target":["https:\/\/www.muenster.org\/dfgms\/vorlesewettbewerb\/"]}]},{"@type":"BreadcrumbList","@id":"https:\/\/www.muenster.org\/dfgms\/vorlesewettbewerb\/#breadcrumb","itemListElement":[{"@type":"ListItem","position":1,"name":"Startseite"},{"@type":"ListItem","position":2,"name":"Vorlesewettbewerb"}]},{"@type":"WebSite","@id":"https:\/\/www.muenster.org\/dfgms\/#website","url":"https:\/\/www.muenster.org\/dfgms\/","name":"Deutsch-Franz\u00f6sische Gesellschaft M\u00fcnster e.V.","description":"","publisher":{"@id":"https:\/\/www.muenster.org\/dfgms\/#organization"},"potentialAction":[{"@type":"SearchAction","target":{"@type":"EntryPoint","urlTemplate":"https:\/\/www.muenster.org\/dfgms\/?s={search_term_string}"},"query-input":{"@type":"PropertyValueSpecification","valueRequired":true,"valueName":"search_term_string"}}],"inLanguage":"de"},{"@type":"Organization","@id":"https:\/\/www.muenster.org\/dfgms\/#organization","name":"Deutsch-Franz\u00f6sische Gesellschaft M\u00fcnster e.V.","url":"https:\/\/www.muenster.org\/dfgms\/","logo":{"@type":"ImageObject","inLanguage":"de","@id":"https:\/\/www.muenster.org\/dfgms\/#\/schema\/logo\/image\/","url":"https:\/\/www.muenster.org\/dfgms\/wp-content\/uploads\/2025\/10\/NewLogoYellow-140x140-1-e1764328303462.jpg","contentUrl":"https:\/\/www.muenster.org\/dfgms\/wp-content\/uploads\/2025\/10\/NewLogoYellow-140x140-1-e1764328303462.jpg","width":110,"height":108,"caption":"Deutsch-Franz\u00f6sische Gesellschaft M\u00fcnster e.V."},"image":{"@id":"https:\/\/www.muenster.org\/dfgms\/#\/schema\/logo\/image\/"}}]}},"_links":{"self":[{"href":"https:\/\/www.muenster.org\/dfgms\/wp-json\/wp\/v2\/pages\/1506","targetHints":{"allow":["GET"]}}],"collection":[{"href":"https:\/\/www.muenster.org\/dfgms\/wp-json\/wp\/v2\/pages"}],"about":[{"href":"https:\/\/www.muenster.org\/dfgms\/wp-json\/wp\/v2\/types\/page"}],"author":[{"embeddable":true,"href":"https:\/\/www.muenster.org\/dfgms\/wp-json\/wp\/v2\/users\/51"}],"replies":[{"embeddable":true,"href":"https:\/\/www.muenster.org\/dfgms\/wp-json\/wp\/v2\/comments?post=1506"}],"version-history":[{"count":5,"href":"https:\/\/www.muenster.org\/dfgms\/wp-json\/wp\/v2\/pages\/1506\/revisions"}],"predecessor-version":[{"id":1713,"href":"https:\/\/www.muenster.org\/dfgms\/wp-json\/wp\/v2\/pages\/1506\/revisions\/1713"}],"wp:attachment":[{"href":"https:\/\/www.muenster.org\/dfgms\/wp-json\/wp\/v2\/media?parent=1506"}],"curies":[{"name":"wp","href":"https:\/\/api.w.org\/{rel}","templated":true}]}}