{"id":8,"date":"2021-07-28T20:31:38","date_gmt":"2021-07-28T18:31:38","guid":{"rendered":"https:\/\/www.muenster.org\/buwo\/?page_id=8"},"modified":"2021-12-18T13:31:09","modified_gmt":"2021-12-18T12:31:09","slug":"wer-wir-sind","status":"publish","type":"page","link":"https:\/\/www.muenster.org\/buwo\/","title":{"rendered":"Wer wir sind"},"content":{"rendered":"<h1>Wer wir sind<\/h1>\n<p>Das <strong>B\u00fcndnis urbane Wohnformen M\u00fcnster (BuWo)<\/strong> ist ein Netzwerk von Initiativen, die aktuell gemeinschaftliche Wohnprojekte in M\u00fcnster umsetzen wollen.<\/p>\n<p>Beteiligte Gruppen:<\/p>\n<ul>\n<li><a href=\"https:\/\/www.gruener-weiler.de\/\">Gr\u00fcner Weiler eG<\/a><\/li>\n<li><a href=\"https:\/\/suedviertelhof.de\/\">S\u00fcdviertelhof eG<\/a> (<a href=\"mailto:info@suedviertelhof.de\">E-Mail<\/a>)<\/li>\n<li><a href=\"http:\/\/www.muenster.org\/wigwam\/\">WIGWAM e.V.<\/a><\/li>\n<li>M\u00fcnster mittendrin e.V.<\/li>\n<li><a href=\"http:\/\/www.mehr-als-wohnen-mecklenbeck.de\">Mehr als Wohnen in Mecklenbeck<\/a><\/li>\n<\/ul>\n<p>Wir sind ausschlie\u00dflich bottom-up Initiativen, also selbstinitiierte und selbstverwaltete Wohnprojektinitiativen. Wir sehen unser Netzwerk und die einzelnen Gruppen als Teile der weltweiten Nachhaltigkeits-Bewegung. Dabei liegt der Fokus besonders darauf, nachhaltiges, urbanes Wohnen und Leben zu f\u00f6rdern, sich an der Quartiersentwicklung in M\u00fcnster zu beteiligen und f\u00fcr Menschen ohne hohes Einkommen und Verm\u00f6gen, sowie f\u00fcr Familien mit Kindern bezahlbaren Wohnraum zu schaffen. Unser B\u00fcndnis ist Netzwerkpartner der B\u00fcrgerbewegung <a href=\"http:\/\/muenster-nachhaltig.de\/\">M\u00fcnster nachhaltig<\/a>.<\/p>\n<p>Als BuWo wollen wir gesellschaftspolitisch in M\u00fcnster wirken, um dem Thema <strong>Gemeinschaftliches, selbstorganisiertes Wohnen in unserer Stadt<\/strong> Nachdruck zu verleihen. Dazu haben wir entsprechende <a href=\"https:\/\/www.muenster.org\/buwo\/ziele-und-forderungen\/\">Ziele und Forderungen formuliert<\/a>.<\/p>\n<p>Im Rahmen der Aktionswoche <strong>Recht auf Stadt<\/strong> im September 2013, fand die erste gemeinsame BuWo-Aktion in M\u00fcnster statt. Unter dem Motto <strong>Kommen Sie zu Tisch<\/strong> kamen wir an einer langen Tafel mitten auf dem Domplatz miteinander und mit interessierten B\u00fcrger*innen ins Gespr\u00e4ch \u00fcber zu hohe Mieten, Ver\u00e4nderungen von individuellen Bed\u00fcrfnissen und dem vielfachen Wunsch in Gemeinschaft zu wohnen.<\/p>\n<p>Am 15. M\u00e4rz 2014 realisierten wir einen sehr erfolgreichen <strong>Wohnprojektetag<\/strong> zu vielen Aspekten des gemeinschaftlichen Wohnens in M\u00fcnster. Auch eine Aktion in Kooperation mit dem Cinema &amp; die Linse e.V. M\u00fcnster konnten wir 2014 erfolgreich durchf\u00fchren und einen Film mit anschlie\u00dfender Diskussion \u00fcber das <a href=\"https:\/\/www.vauban.de\/\">Freiburger Vauban-Viertel<\/a> zeigen.<\/p>\n<p>Au\u00dferdem haben wir einen <strong>B\u00fcrgerantrag nach \u00a724 GO<\/strong> eingereicht, damit sich der Rat der Stadt mit unseren Forderungen zum gemeinschaftlichen Wohnen in der Innenstadt M\u00fcnsters besch\u00e4ftigen muss. Dieser zeigte bereits erste Erfolge und Entwicklungen, die wir weiter begleiten.<\/p>\n<p>Im April 2015 wurde von uns in Kooperation mit dem <a href=\"https:\/\/id22.net\/\">Institut f\u00fcr kreative Nachhaltigkeit<\/a> (Berlin) eine Ausstellung zu <strong>CoHousing Cultures<\/strong> durchgef\u00fchrt. Begleitet von Expertengespr\u00e4chen und Veranstaltungen zu den Themen Nahmobilit\u00e4t im Quartier, Stadt der kurzen Wege (T\u00fcbingen) und Erbbaurecht als Gestaltungsinstrument der Stadtentwicklung. \u00dcberschrift der Veranstaltungen war: <strong>Zukunftsf\u00e4higes Leben und Wohnen in M\u00fcnster.<\/strong><\/p>\n<p>Im Jahr 2016 waren wir mit einem Infostand auf dem <strong>Tag der Nachhaltigkeit<\/strong> vertreten und im Oktober luden wir zu einem Expertenabend mit der GLS-Bank zum Thema Eigenkapital ein.<\/p>\n<p>Auch 2017, 2018 und 2019 waren wir am Tag der Nachhaltigkeit mit einem eigenen Stand vertreten.<\/p>\n","protected":false},"excerpt":{"rendered":"<p>Wer wir sind Das B\u00fcndnis urbane Wohnformen M\u00fcnster (BuWo) ist ein Netzwerk von Initiativen, die aktuell gemeinschaftliche Wohnprojekte in M\u00fcnster umsetzen wollen. Beteiligte Gruppen: Gr\u00fcner Weiler eG S\u00fcdviertelhof eG (E-Mail) WIGWAM e.V. M\u00fcnster mittendrin e.V. Mehr als Wohnen in Mecklenbeck Wir sind ausschlie\u00dflich bottom-up Initiativen, also selbstinitiierte und selbstverwaltete Wohnprojektinitiativen. Wir sehen unser Netzwerk und [&hellip;]<\/p>\n","protected":false},"author":3,"featured_media":0,"parent":0,"menu_order":0,"comment_status":"closed","ping_status":"closed","template":"","meta":{"footnotes":""},"class_list":["post-8","page","type-page","status-publish","hentry","entry"],"_links":{"self":[{"href":"https:\/\/www.muenster.org\/buwo\/wp-json\/wp\/v2\/pages\/8","targetHints":{"allow":["GET"]}}],"collection":[{"href":"https:\/\/www.muenster.org\/buwo\/wp-json\/wp\/v2\/pages"}],"about":[{"href":"https:\/\/www.muenster.org\/buwo\/wp-json\/wp\/v2\/types\/page"}],"author":[{"embeddable":true,"href":"https:\/\/www.muenster.org\/buwo\/wp-json\/wp\/v2\/users\/3"}],"replies":[{"embeddable":true,"href":"https:\/\/www.muenster.org\/buwo\/wp-json\/wp\/v2\/comments?post=8"}],"version-history":[{"count":14,"href":"https:\/\/www.muenster.org\/buwo\/wp-json\/wp\/v2\/pages\/8\/revisions"}],"predecessor-version":[{"id":76,"href":"https:\/\/www.muenster.org\/buwo\/wp-json\/wp\/v2\/pages\/8\/revisions\/76"}],"wp:attachment":[{"href":"https:\/\/www.muenster.org\/buwo\/wp-json\/wp\/v2\/media?parent=8"}],"curies":[{"name":"wp","href":"https:\/\/api.w.org\/{rel}","templated":true}]}}

<h1>Wer wir sind</h1>
<p>Das <strong>Bündnis urbane Wohnformen Münster (BuWo)</strong> ist ein Netzwerk von Initiativen, die aktuell gemeinschaftliche Wohnprojekte in Münster umsetzen wollen.</p>
<p>Beteiligte Gruppen:</p>
<ul>
<li><a href="https://www.gruener-weiler.de/">Grüner Weiler eG</a></li>
<li><a href="https://suedviertelhof.de/">Südviertelhof eG</a> (<a href="mailto:info@suedviertelhof.de">E-Mail</a>)</li>
<li><a href="http://www.muenster.org/wigwam/">WIGWAM e.V.</a></li>
<li>Münster mittendrin e.V.</li>
<li><a href="http://www.mehr-als-wohnen-mecklenbeck.de">Mehr als Wohnen in Mecklenbeck</a></li>
</ul>
<p>Wir sind ausschließlich bottom-up Initiativen, also selbstinitiierte und selbstverwaltete Wohnprojektinitiativen. Wir sehen unser Netzwerk und die einzelnen Gruppen als Teile der weltweiten Nachhaltigkeits-Bewegung. Dabei liegt der Fokus besonders darauf, nachhaltiges, urbanes Wohnen und Leben zu fördern, sich an der Quartiersentwicklung in Münster zu beteiligen und für Menschen ohne hohes Einkommen und Vermögen, sowie für Familien mit Kindern bezahlbaren Wohnraum zu schaffen. Unser Bündnis ist Netzwerkpartner der Bürgerbewegung <a href="http://muenster-nachhaltig.de/">Münster nachhaltig</a>.</p>
<p>Als BuWo wollen wir gesellschaftspolitisch in Münster wirken, um dem Thema <strong>Gemeinschaftliches, selbstorganisiertes Wohnen in unserer Stadt</strong> Nachdruck zu verleihen. Dazu haben wir entsprechende <a href="https://www.muenster.org/buwo/ziele-und-forderungen/">Ziele und Forderungen formuliert</a>.</p>
<p>Im Rahmen der Aktionswoche <strong>Recht auf Stadt</strong> im September 2013, fand die erste gemeinsame BuWo-Aktion in Münster statt. Unter dem Motto <strong>Kommen Sie zu Tisch</strong> kamen wir an einer langen Tafel mitten auf dem Domplatz miteinander und mit interessierten Bürger*innen ins Gespräch über zu hohe Mieten, Veränderungen von individuellen Bedürfnissen und dem vielfachen Wunsch in Gemeinschaft zu wohnen.</p>
<p>Am 15. März 2014 realisierten wir einen sehr erfolgreichen <strong>Wohnprojektetag</strong> zu vielen Aspekten des gemeinschaftlichen Wohnens in Münster. Auch eine Aktion in Kooperation mit dem Cinema &amp; die Linse e.V. Münster konnten wir 2014 erfolgreich durchführen und einen Film mit anschließender Diskussion über das <a href="https://www.vauban.de/">Freiburger Vauban-Viertel</a> zeigen.</p>
<p>Außerdem haben wir einen <strong>Bürgerantrag nach §24 GO</strong> eingereicht, damit sich der Rat der Stadt mit unseren Forderungen zum gemeinschaftlichen Wohnen in der Innenstadt Münsters beschäftigen muss. Dieser zeigte bereits erste Erfolge und Entwicklungen, die wir weiter begleiten.</p>
<p>Im April 2015 wurde von uns in Kooperation mit dem <a href="https://id22.net/">Institut für kreative Nachhaltigkeit</a> (Berlin) eine Ausstellung zu <strong>CoHousing Cultures</strong> durchgeführt. Begleitet von Expertengesprächen und Veranstaltungen zu den Themen Nahmobilität im Quartier, Stadt der kurzen Wege (Tübingen) und Erbbaurecht als Gestaltungsinstrument der Stadtentwicklung. Überschrift der Veranstaltungen war: <strong>Zukunftsfähiges Leben und Wohnen in Münster.</strong></p>
<p>Im Jahr 2016 waren wir mit einem Infostand auf dem <strong>Tag der Nachhaltigkeit</strong> vertreten und im Oktober luden wir zu einem Expertenabend mit der GLS-Bank zum Thema Eigenkapital ein.</p>
<p>Auch 2017, 2018 und 2019 waren wir am Tag der Nachhaltigkeit mit einem eigenen Stand vertreten.</p>

<p>Wer wir sind Das Bündnis urbane Wohnformen Münster (BuWo) ist ein Netzwerk von Initiativen, die aktuell gemeinschaftliche Wohnprojekte in Münster umsetzen wollen. Beteiligte Gruppen: Grüner Weiler eG Südviertelhof eG (E-Mail) WIGWAM e.V. Münster mittendrin e.V. Mehr als Wohnen in Mecklenbeck Wir sind ausschließlich bottom-up Initiativen, also selbstinitiierte und selbstverwaltete Wohnprojektinitiativen. Wir sehen unser Netzwerk und [&hellip;]</p>
