{"id":21,"date":"2021-07-28T20:37:19","date_gmt":"2021-07-28T18:37:19","guid":{"rendered":"https:\/\/www.muenster.org\/buwo\/?page_id=21"},"modified":"2021-07-29T21:03:30","modified_gmt":"2021-07-29T19:03:30","slug":"ziele-und-forderungen","status":"publish","type":"page","link":"https:\/\/www.muenster.org\/buwo\/ziele-und-forderungen\/","title":{"rendered":"Ziele und Forderungen"},"content":{"rendered":"<h1>Ziele und Forderungen<\/h1>\n<p>Das B\u00fcndnis urbane Wohnformen M\u00fcnster (BuWo) ist ein Netzwerk von Initiativen, die aktuell gemeinschaftliche Wohnprojekte in M\u00fcnster umsetzen wollen.<\/p>\n<p><strong>Wir wollen mitten in der Stadt gemeinschaftlich leben und wohnen!<br \/>\n<\/strong>Das Wohnen in der Stadt ist nicht nur teuer. Das Angebot vorhandener Immobilien bietet auch so gut wie keine M\u00f6glichkeit, in einer Gemeinschaft jenseits von Singleleben und Kleinfamilie zu wohnen. Die lebenswerte Stadt M\u00fcnster sollte Farbe bekennen f\u00fcr ein vielf\u00e4ltiges Wohnen in der Innenstadt.<\/p>\n<p><strong>Wir wollen selbstbestimmt, selbst organisiert wohnen!<br \/>\n<\/strong>Wir wollen nicht nur wohnen, sondern miteinander leben. Dazu geh\u00f6rt auch, Verantwortung zu \u00fcbernehmen f\u00fcr das nachbarschaftliche Umfeld. Dieses aktiv und selbst organisiert zu gestalten, ist uns wichtig.<\/p>\n<p><strong>Wir wollen in der Stadt Raum f\u00fcr vielgestaltige Lebensweisen und -entw\u00fcrfe schaffen!<\/strong><br \/>\nMenschen jeden Alters, unterschiedlicher Herkunft, jeglicher Couleur \u2013 ob in Familien, generationen\u00fcbergreifenden Wohnprojekten, ob allein oder gemeinsam: Alle sollen ihren Platz zum Leben und Wohnen in der Innenstadt finden!<\/p>\n<p><strong>Wir wollen eine Stadtkultur, die mehr bietet als Konsum und Geldverdienen!<\/strong><br \/>\nLebens- und Wohnraum Stadt geh\u00f6ren zusammen. Die Stadt als \u00f6ffentlicher Raum soll frei und kreativ f\u00fcr alle nutz- und gestaltbar sein.<\/p>\n<p>Genau dies muss m\u00f6glich und f\u00fcr alle bezahlbar sein!<\/p>\n<p>&#8212;&#8212;&#8212;&#8212;&#8212;&#8211;<\/p>\n<h2>B\u00fcndnis urbane Wohnformen M\u00fcnster<\/h2>\n<p><strong>PositionsPaPier<\/strong><\/p>\n<p>Im Vorfeld der ersten BuWo-Aktion auf dem Domplatz im September 2013 hatte das B\u00fcndnis seine Ziele und Forderungen gemeinsam formuliert und im Plenum beschlossen. Unter diesem Vorzeichen agiert seither das \u201eB\u00fcndnis urbane Wohnformen\u201c.<\/p>\n<p>Das B\u00fcndnis urbane Wohnformen (BuWo) ist ein Netzwerk selbst initiierter gemeinschaftlicher Wohnprojekte und Initiativen.<\/p>\n<p>BuWo w\u00e4chst, wird einflussreicher und heterogener in seiner Gestalt. Verschiedene Projekte im B\u00fcndnis haben unterschiedliche Strukturen und Schwerpunkte und verfolgen u. U. auch unterschiedliche Interessen.<\/p>\n<p>Dieses Positions Papier formuliert die Grundposition des BuWo.<br \/>\nKonflikte l\u00f6sen wir vertrauensvoll, sachlich und einvernehmlich.<\/p>\n<p><strong>Expert*innen werden<\/strong><br \/>\nWir machen uns innerhalb des B\u00fcndnisses selbst kompetenter, wenn wir unsere Ziele und Forderungen gegen\u00fcber Partnern, aber auch gegen\u00fcber m\u00f6glichen Widerst\u00e4nden in der \u00d6ffentlichkeit wirksam vertreten. Auf der Grundlage der hier niedergelegten Positionen erarbeiten wir uns gemeinsam Kriterien und Ma\u00dfst\u00e4be, mit deren Hilfe wir z. B. Pl\u00e4ne im Bereich von Stadtentwicklung und Architektur konkret bewerten k\u00f6nnen.<\/p>\n<p>In diesem Prozess bilden wir uns im BuWo gemeinsam weiter und machen uns im Rahmen unserer jeweiligen M\u00f6glichkeiten zu Expert*innen in Sachen Wohnprojekte, gemeinschaftliches Wohnen und nachhaltiger Stadtentwicklung.<\/p>\n<p><strong>Urbanes Wohnen in Gemeinschaft<\/strong><br \/>\nGemeinschaftliches Leben in der Stadt hat sich niemals vielgestaltiger dargestellt als heute. Lebensentw\u00fcrfe und Bed\u00fcrfnisse der Menschen werden sich weiter ausdifferenzieren. Die klassische Familie mit den traditionellen Anforderungen an Wohnung und Umfeld ist heutzutage nur noch ein Modell neben anderen, ohne dass der individuelle Wunsch nach Gemeinschaft damit verloren geht.<\/p>\n<p>Die Stadt und die Wohnungen m\u00fcssen diesen verschiedenen \u201eWahlverwandtschaften\u201c gerecht werden k\u00f6nnen, um zukunftsf\u00e4hig zu sein. Der Vereinzelung muss aktiv vorgebeugt werden und es sollte einfacher werden, verl\u00e4ssliche Beziehungen in der Nachbarschaft aufzubauen.<\/p>\n<p>Die Menschen, die sich im BuWo organisieren, \u00fcbernehmen \u00fcber ihre Gemeinschaft hinaus Verantwortung und wirken gem\u00e4\u00df ihren eigenen M\u00f6glichkeiten und W\u00fcnschen aktiv ins Viertel hinein. Dazu geh\u00f6rt die Entwicklung und Pflege einer Kultur des Miteinanders, Teilens und des sozialen Lernens.<\/p>\n<p><strong>Solidarit\u00e4t<\/strong><br \/>\nWir BuWos sind \u00fcberzeugt davon, dass die sozialen Probleme der Zukunft nur zu l\u00f6sen sind, wenn in der Politik wie in der allt\u00e4glichen sozialen Praxis grunds\u00e4tzlich die Bed\u00fcrfnisse und Interessen aller Menschen gleichberechtigt ber\u00fccksichtigt werden.<\/p>\n<p>Auch mit Blick auf Quartier und Wohnumfeld werden wir uns gegen soziale und wirtschaftliche Aus- bzw. Abgrenzung einsetzen. Gemeinschaftliches Wohnen in der Stadt bedeutet, soziale Grenzen zu \u00fcberwinden.<\/p>\n<p>Inklusion und generationen\u00fcbergreifende Gerechtigkeit hei\u00dfen f\u00fcr uns: Die Gemeinschaften des BuWo unterst\u00fctzen sich gegenseitig solidarisch nach ihren M\u00f6glichkeiten in ideeller, praktischer oder finanzieller Hinsicht.<\/p>\n<p><strong>Stadt f\u00fcr alle<\/strong><br \/>\nJenseits aller Unterschiede zwischen den Gruppen des BuWo setzen wir uns daf\u00fcr ein, innerst\u00e4dtische wie stadtnahe, f\u00fcr alle bezahlbare Wohnr\u00e4ume f\u00fcr das Leben in Gemeinschaften zu erm\u00f6glichen, zu schaffen und zu bewahren. Wir wollen an Stelle der Kommerzialisierung des \u00f6ffentlichen Lebens innerhalb der Stadt R\u00e4ume zum Mitgestalten schaffen.<\/p>\n<p>Die urbanen Viertel sollen vielf\u00e4ltig sein, bleiben und werden: Wohnen und Arbeiten, Kultur und Soziales sollen auf kreative Weise miteinander verbunden sein. Es geht auch darum, neue Wege und M\u00f6glichkeiten f\u00fcr das gemeinschaftliche Wohnen zu erforschen und zu f\u00f6rdern sowie solidarische Modelle der Finanzierung (Genossenschaften, Mietsh\u00e4user Syndikat etc.) und des Grundst\u00fcckserwerbs (z.B. Erbpacht) zu erm\u00f6glichen.<\/p>\n<p><strong>Nachhaltigkeit<\/strong><br \/>\nGemeinschaftliches Wohnen muss sich nicht nur der sozialen, sondern auch der \u00f6kologischen Verantwortung stellen. Die Potenziale des reduzierten Fl\u00e4chenverbrauchs durch das gemeinschaftliche Wohnen m\u00fcssen im urbanen Raum genutzt werden. Fl\u00e4chen sollen nicht weiter ver-, sondern entsiegelt werden. \u00dcber das Teilen und gemeinschaftliche Nutzen sollen im Alltag Ressourcen geschont werden. Au\u00dferdem m\u00fcssen Aspekte der Bau\u00f6kologie (Baustoffe, Energie etc.) umfassend ber\u00fccksichtigt werden.<\/p>\n<p>F\u00fcr BuWo-Gemeinschaften ist es selbstverst\u00e4ndlich, das eigene Wohnen aus einer weiter gefassten Perspektive zu bewerten: Bedacht werden stets CO2-arme Mobilit\u00e4tskonzepte sowie kurze Wege der regionalen Wirtschaft.<\/p>\n<p><strong>BuWo ber\u00e4t und hilft<\/strong><br \/>\nDas BuWo teilt sein Wissen und seine Kontakte. Durch Beratung und Information (z.B. bei Projektplanungen und der Wahl von Finanzierungsmodellen) f\u00f6rdern wir das gemeinschaftliche Wohnen. Wir richten uns dabei an unsere Mitglieder, an Wohnprojekt-Interessierte, in der Bau- und Immobilienbranche T\u00e4tige sowie an Stadtverwaltung<br \/>\nund Politik.<\/p>\n<p><strong>BuWo ist politisch aktiv<\/strong><\/p>\n<ul>\n<li>Wir sind Teil der kritischen \u00d6ffentlichkeit.<\/li>\n<li>Wir bilden uns und eine eigene Meinung.<\/li>\n<li>Wir setzen uns ein f\u00fcr Emanzipation und Gleichberechtigung.<\/li>\n<li>Wir grenzen uns ab von menschenverachtenden Ideologien.<\/li>\n<li>Wir planen und f\u00fchren Aktionen und Veranstaltungen durch.<\/li>\n<li>Wir bleiben unabh\u00e4ngig und \u00fcberparteilich.<\/li>\n<\/ul>\n<p><em>Verabschiedet auf dem Plenum des BuWo<\/em><\/p>\n<p><em>M\u00fcnster, der 10. November 2015<\/em><\/p>\n","protected":false},"excerpt":{"rendered":"<p>Ziele und Forderungen Das B\u00fcndnis urbane Wohnformen M\u00fcnster (BuWo) ist ein Netzwerk von Initiativen, die aktuell gemeinschaftliche Wohnprojekte in M\u00fcnster umsetzen wollen. Wir wollen mitten in der Stadt gemeinschaftlich leben und wohnen! Das Wohnen in der Stadt ist nicht nur teuer. Das Angebot vorhandener Immobilien bietet auch so gut wie keine M\u00f6glichkeit, in einer Gemeinschaft [&hellip;]<\/p>\n","protected":false},"author":3,"featured_media":0,"parent":0,"menu_order":0,"comment_status":"closed","ping_status":"closed","template":"","meta":{"footnotes":""},"class_list":["post-21","page","type-page","status-publish","hentry","entry"],"_links":{"self":[{"href":"https:\/\/www.muenster.org\/buwo\/wp-json\/wp\/v2\/pages\/21","targetHints":{"allow":["GET"]}}],"collection":[{"href":"https:\/\/www.muenster.org\/buwo\/wp-json\/wp\/v2\/pages"}],"about":[{"href":"https:\/\/www.muenster.org\/buwo\/wp-json\/wp\/v2\/types\/page"}],"author":[{"embeddable":true,"href":"https:\/\/www.muenster.org\/buwo\/wp-json\/wp\/v2\/users\/3"}],"replies":[{"embeddable":true,"href":"https:\/\/www.muenster.org\/buwo\/wp-json\/wp\/v2\/comments?post=21"}],"version-history":[{"count":7,"href":"https:\/\/www.muenster.org\/buwo\/wp-json\/wp\/v2\/pages\/21\/revisions"}],"predecessor-version":[{"id":42,"href":"https:\/\/www.muenster.org\/buwo\/wp-json\/wp\/v2\/pages\/21\/revisions\/42"}],"wp:attachment":[{"href":"https:\/\/www.muenster.org\/buwo\/wp-json\/wp\/v2\/media?parent=21"}],"curies":[{"name":"wp","href":"https:\/\/api.w.org\/{rel}","templated":true}]}}