{"id":977,"date":"2020-02-01T21:12:47","date_gmt":"2020-02-01T20:12:47","guid":{"rendered":"http:\/\/www.muenster.org\/ams\/?page_id=977"},"modified":"2024-12-04T22:39:02","modified_gmt":"2024-12-04T21:39:02","slug":"2020-2","status":"publish","type":"page","link":"https:\/\/www.muenster.org\/ams\/?page_id=977","title":{"rendered":"2020"},"content":{"rendered":"<p><a href=\"http:\/\/www.muenster.org\/ams\/wp-content\/uploads\/2019\/12\/AMS-Treffen-im-Januar-2020.pdf\">AMS-Treffen im Januar 2020<\/a><\/p>\r\n<p><a href=\"http:\/\/www.muenster.org\/ams\/wp-content\/uploads\/2020\/02\/AMS-Treffen-im-Februar-2020.pdf\">AMS-Treffen im Februar 2020<\/a><\/p>\r\n<p><a href=\"http:\/\/www.muenster.org\/ams\/wp-content\/uploads\/2020\/03\/AMS-Treffen-im-M\u00e4rz-2020.pdf\">AMS-Treffen im M\u00e4rz 2020<\/a><\/p>\r\n<p><a href=\"http:\/\/www.muenster.org\/ams\/wp-content\/uploads\/2020\/05\/AMS-Treffen-im-April-2020-f\u00e4llt-ausTeil-1.pdf\">AMS-Treffen im April 2020, Teil 1, &#8211; f\u00e4llt aus<\/a><\/p>\r\n<p><a href=\"http:\/\/www.muenster.org\/ams\/wp-content\/uploads\/2020\/05\/AMS-Treffen-im-April-2020-f\u00e4llt-ausTeil-2.pdf\">AMS-Treffen im April 2020,Teil 2, &#8211; f\u00e4llt aus<\/a><\/p>\r\n<p><a href=\"http:\/\/www.muenster.org\/ams\/wp-content\/uploads\/2020\/05\/AMS-Treffen-im-Mai-2020-f\u00e4llt-aus.pdf\">AMS-Treffen im Mai 2020 &#8211; f\u00e4llt aus<\/a><\/p>\r\n<p><a href=\"http:\/\/www.muenster.org\/ams\/wp-content\/uploads\/2020\/05\/AMS-Treffen-im-Juni-2020-f\u00e4llt-aus.pdf\">AMS-Treffen im Juni 2020 &#8211; f\u00e4llt aus<\/a><\/p>\r\n<p><a href=\"http:\/\/www.muenster.org\/ams\/wp-content\/uploads\/2020\/06\/AMS-Treffen-im-Juli-2020-f\u00e4llt-aus.pdf\">AMS-Treffen im Juli 2020 &#8211; f\u00e4llt aus<\/a><\/p>\r\n<p><a href=\"http:\/\/www.muenster.org\/ams\/wp-content\/uploads\/2020\/07\/AMS-Treffen-im-August-2020-f\u00e4llt-aus.pdf\">AMS-Treffen im August 2020 &#8211; f\u00e4llt aus<\/a><\/p>\r\n<p><a href=\"http:\/\/www.muenster.org\/ams\/wp-content\/uploads\/2020\/08\/AMS-Treffen-im-September-2020-f\u00e4llt-aus.pdf\">AMS-Treffen im September 2020 &#8211; f\u00e4llt aus<\/a><\/p>\r\n<p><a href=\"http:\/\/www.muenster.org\/ams\/wp-content\/uploads\/2020\/09\/AMS-Treffen-im-Oktober-2020.pdf\">AMS-Treffen im Oktober 2020<\/a><\/p>\r\n<p><a href=\"http:\/\/www.muenster.org\/ams\/wp-content\/uploads\/2020\/10\/AMS-Treffen-im-November-2020-f\u00f6llt-aus.pdf\">AMS-Treffen im November 2020 &#8211; f\u00e4llt aus<\/a><\/p>\r\n<p><a href=\"http:\/\/www.muenster.org\/ams\/wp-content\/uploads\/2020\/11\/AMS-Treffen-im-Dezember-2020-f\u00e4llt-aus.pdf\">AMS-Treffen im Dezember 2020 &#8211; f\u00e4llt aus<\/a><\/p>\r\n<p><a href=\"http:\/\/www.muenster.org\/ams\/wp-content\/uploads\/2024\/12\/AMS-Ausklang-im-Dezember-2020.pdf\">AMS-Ausklang im Dezember 2020<\/a><\/p>\r\n\r\n\r\n<p><\/p>\r\n","protected":false},"excerpt":{"rendered":"<p>AMS-Treffen im Januar 2020 AMS-Treffen im Februar 2020 AMS-Treffen im M\u00e4rz 2020 AMS-Treffen im April 2020, Teil 1, &#8211; f\u00e4llt aus AMS-Treffen im April 2020,Teil 2, &#8211; f\u00e4llt aus AMS-Treffen im Mai 2020 &#8211; f\u00e4llt aus AMS-Treffen im Juni 2020 &#8211; f\u00e4llt aus AMS-Treffen im Juli 2020 &#8211; f\u00e4llt aus AMS-Treffen im August 2020 &#8211; [&hellip;]<\/p>\n","protected":false},"author":1,"featured_media":0,"parent":379,"menu_order":9,"comment_status":"closed","ping_status":"closed","template":"","meta":{"footnotes":""},"class_list":["post-977","page","type-page","status-publish","hentry"],"_links":{"self":[{"href":"https:\/\/www.muenster.org\/ams\/index.php?rest_route=\/wp\/v2\/pages\/977","targetHints":{"allow":["GET"]}}],"collection":[{"href":"https:\/\/www.muenster.org\/ams\/index.php?rest_route=\/wp\/v2\/pages"}],"about":[{"href":"https:\/\/www.muenster.org\/ams\/index.php?rest_route=\/wp\/v2\/types\/page"}],"author":[{"embeddable":true,"href":"https:\/\/www.muenster.org\/ams\/index.php?rest_route=\/wp\/v2\/users\/1"}],"replies":[{"embeddable":true,"href":"https:\/\/www.muenster.org\/ams\/index.php?rest_route=%2Fwp%2Fv2%2Fcomments&post=977"}],"version-history":[{"count":25,"href":"https:\/\/www.muenster.org\/ams\/index.php?rest_route=\/wp\/v2\/pages\/977\/revisions"}],"predecessor-version":[{"id":1548,"href":"https:\/\/www.muenster.org\/ams\/index.php?rest_route=\/wp\/v2\/pages\/977\/revisions\/1548"}],"up":[{"embeddable":true,"href":"https:\/\/www.muenster.org\/ams\/index.php?rest_route=\/wp\/v2\/pages\/379"}],"wp:attachment":[{"href":"https:\/\/www.muenster.org\/ams\/index.php?rest_route=%2Fwp%2Fv2%2Fmedia&parent=977"}],"curies":[{"name":"wp","href":"https:\/\/api.w.org\/{rel}","templated":true}]}}

<p><a href="http://www.muenster.org/ams/wp-content/uploads/2019/12/AMS-Treffen-im-Januar-2020.pdf">AMS-Treffen im Januar 2020</a></p>
<p><a href="http://www.muenster.org/ams/wp-content/uploads/2020/02/AMS-Treffen-im-Februar-2020.pdf">AMS-Treffen im Februar 2020</a></p>
<p><a href="http://www.muenster.org/ams/wp-content/uploads/2020/03/AMS-Treffen-im-März-2020.pdf">AMS-Treffen im März 2020</a></p>
<p><a href="http://www.muenster.org/ams/wp-content/uploads/2020/05/AMS-Treffen-im-April-2020-fällt-ausTeil-1.pdf">AMS-Treffen im April 2020, Teil 1, &#8211; fällt aus</a></p>
<p><a href="http://www.muenster.org/ams/wp-content/uploads/2020/05/AMS-Treffen-im-April-2020-fällt-ausTeil-2.pdf">AMS-Treffen im April 2020,Teil 2, &#8211; fällt aus</a></p>
<p><a href="http://www.muenster.org/ams/wp-content/uploads/2020/05/AMS-Treffen-im-Mai-2020-fällt-aus.pdf">AMS-Treffen im Mai 2020 &#8211; fällt aus</a></p>
<p><a href="http://www.muenster.org/ams/wp-content/uploads/2020/05/AMS-Treffen-im-Juni-2020-fällt-aus.pdf">AMS-Treffen im Juni 2020 &#8211; fällt aus</a></p>
<p><a href="http://www.muenster.org/ams/wp-content/uploads/2020/06/AMS-Treffen-im-Juli-2020-fällt-aus.pdf">AMS-Treffen im Juli 2020 &#8211; fällt aus</a></p>
<p><a href="http://www.muenster.org/ams/wp-content/uploads/2020/07/AMS-Treffen-im-August-2020-fällt-aus.pdf">AMS-Treffen im August 2020 &#8211; fällt aus</a></p>
<p><a href="http://www.muenster.org/ams/wp-content/uploads/2020/08/AMS-Treffen-im-September-2020-fällt-aus.pdf">AMS-Treffen im September 2020 &#8211; fällt aus</a></p>
<p><a href="http://www.muenster.org/ams/wp-content/uploads/2020/09/AMS-Treffen-im-Oktober-2020.pdf">AMS-Treffen im Oktober 2020</a></p>
<p><a href="http://www.muenster.org/ams/wp-content/uploads/2020/10/AMS-Treffen-im-November-2020-föllt-aus.pdf">AMS-Treffen im November 2020 &#8211; fällt aus</a></p>
<p><a href="http://www.muenster.org/ams/wp-content/uploads/2020/11/AMS-Treffen-im-Dezember-2020-fällt-aus.pdf">AMS-Treffen im Dezember 2020 &#8211; fällt aus</a></p>
<p><a href="http://www.muenster.org/ams/wp-content/uploads/2024/12/AMS-Ausklang-im-Dezember-2020.pdf">AMS-Ausklang im Dezember 2020</a></p>


<p></p>

<p>AMS-Treffen im Januar 2020 AMS-Treffen im Februar 2020 AMS-Treffen im März 2020 AMS-Treffen im April 2020, Teil 1, &#8211; fällt aus AMS-Treffen im April 2020,Teil 2, &#8211; fällt aus AMS-Treffen im Mai 2020 &#8211; fällt aus AMS-Treffen im Juni 2020 &#8211; fällt aus AMS-Treffen im Juli 2020 &#8211; fällt aus AMS-Treffen im August 2020 &#8211; [&hellip;]</p>
