{"id":7,"date":"2007-11-22T21:29:01","date_gmt":"2007-11-22T19:29:01","guid":{"rendered":"http:\/\/hopper.muenster.org\/ams\/wordpress\/?page_id=7"},"modified":"2025-11-17T00:56:19","modified_gmt":"2025-11-16T23:56:19","slug":"was-ist-aphasie","status":"publish","type":"page","link":"https:\/\/www.muenster.org\/ams\/?page_id=7","title":{"rendered":"Kontakt"},"content":{"rendered":"<p>Die <strong>Aphasiegruppe M\u00fcnster (AMS) <\/strong>wurde am <span style=\"color: #000080;\"><strong>02.09.1994 in M\u00fcnster<\/strong><\/span> gegr\u00fcndet.<\/p>\n<p><strong>Kontaktadresse:<\/strong><\/p>\n<p><span style=\"text-decoration: underline;\">AMS<\/span><\/p>\n<p>Michael Kessmann<\/p>\n<p>Annette-Allee 10<br \/>\n48149 M\u00fcnster<\/p>\n<p><strong>Mobil \/ WhatsApp:<\/strong> +49 1575 4155898<\/p>\n<p><strong>E-Mail:<\/strong> ams.aphasie.muenster@web.de<\/p>\n<p><strong>Internet: <a href=\"http:\/\/www.muenster.org\/ams\" target=\"_self\" rel=\"noopener noreferrer\">www.muenster.org\/ams<\/a><\/strong><\/p>\n<p><strong>\u00a0<\/strong><\/p>\n","protected":false},"excerpt":{"rendered":"<p>Die Aphasiegruppe M\u00fcnster (AMS) wurde am 02.09.1994 in M\u00fcnster gegr\u00fcndet. Kontaktadresse: AMS Michael Kessmann Annette-Allee 10 48149 M\u00fcnster Mobil \/ WhatsApp: +49 1575 4155898 E-Mail: ams.aphasie.muenster@web.de Internet: www.muenster.org\/ams \u00a0<\/p>\n","protected":false},"author":1,"featured_media":0,"parent":0,"menu_order":7,"comment_status":"closed","ping_status":"closed","template":"","meta":{"footnotes":""},"class_list":["post-7","page","type-page","status-publish","hentry"],"_links":{"self":[{"href":"https:\/\/www.muenster.org\/ams\/index.php?rest_route=\/wp\/v2\/pages\/7","targetHints":{"allow":["GET"]}}],"collection":[{"href":"https:\/\/www.muenster.org\/ams\/index.php?rest_route=\/wp\/v2\/pages"}],"about":[{"href":"https:\/\/www.muenster.org\/ams\/index.php?rest_route=\/wp\/v2\/types\/page"}],"author":[{"embeddable":true,"href":"https:\/\/www.muenster.org\/ams\/index.php?rest_route=\/wp\/v2\/users\/1"}],"replies":[{"embeddable":true,"href":"https:\/\/www.muenster.org\/ams\/index.php?rest_route=%2Fwp%2Fv2%2Fcomments&post=7"}],"version-history":[{"count":13,"href":"https:\/\/www.muenster.org\/ams\/index.php?rest_route=\/wp\/v2\/pages\/7\/revisions"}],"predecessor-version":[{"id":1807,"href":"https:\/\/www.muenster.org\/ams\/index.php?rest_route=\/wp\/v2\/pages\/7\/revisions\/1807"}],"wp:attachment":[{"href":"https:\/\/www.muenster.org\/ams\/index.php?rest_route=%2Fwp%2Fv2%2Fmedia&parent=7"}],"curies":[{"name":"wp","href":"https:\/\/api.w.org\/{rel}","templated":true}]}}

<p>Die <strong>Aphasiegruppe Münster (AMS) </strong>wurde am <span style="color: #000080;"><strong>02.09.1994 in Münster</strong></span> gegründet.</p>
<p><strong>Kontaktadresse:</strong></p>
<p><span style="text-decoration: underline;">AMS</span></p>
<p>Michael Kessmann</p>
<p>Annette-Allee 10<br />
48149 Münster</p>
<p><strong>Mobil / WhatsApp:</strong> +49 1575 4155898</p>
<p><strong>E-Mail:</strong> ams.aphasie.muenster@web.de</p>
<p><strong>Internet: <a href="http://www.muenster.org/ams" target="_self" rel="noopener noreferrer">www.muenster.org/ams</a></strong></p>
<p><strong> </strong></p>

<p>Die Aphasiegruppe Münster (AMS) wurde am 02.09.1994 in Münster gegründet. Kontaktadresse: AMS Michael Kessmann Annette-Allee 10 48149 Münster Mobil / WhatsApp: +49 1575 4155898 E-Mail: ams.aphasie.muenster@web.de Internet: www.muenster.org/ams  </p>
