{"id":1112,"date":"2020-12-23T12:52:40","date_gmt":"2020-12-23T11:52:40","guid":{"rendered":"http:\/\/www.muenster.org\/ams\/?page_id=1112"},"modified":"2024-12-12T18:29:55","modified_gmt":"2024-12-12T17:29:55","slug":"treffen-2","status":"publish","type":"page","link":"https:\/\/www.muenster.org\/ams\/?page_id=1112","title":{"rendered":"2021"},"content":{"rendered":"<h4><strong><a href=\"http:\/\/www.muenster.org\/ams\/wp-content\/uploads\/2024\/12\/AMS-Treffen-im-Januar-2021-faellt-aus.pdf\">AMS-Treffen im Januar 2021 &#8211; f\u00e4llt aus<\/a><\/strong><br \/><br \/><strong><a href=\"http:\/\/www.muenster.org\/ams\/wp-content\/uploads\/2021\/01\/AMS-Treffen-im-Februar-2021-faellt-aus.pdf\">AMS-Treffen im Februar 2021-f\u00e4llt aus<\/a><\/strong><br \/><br \/><strong><a href=\"http:\/\/www.muenster.org\/ams\/wp-content\/uploads\/2021\/02\/AMS-Treffen-im-Maerz-2021-faellt-aus.pdf\">AMS-Treffen im M\u00e4rz 2021-f\u00e4llt aus<\/a><\/strong><br \/><br \/><strong><a href=\"http:\/\/www.muenster.org\/ams\/wp-content\/uploads\/2021\/03\/AMS-Treffen-im-April-2021-faellt-aus.pdf\">AMS-Treffen im April 2021-f\u00e4llt aus<\/a><\/strong><br \/><br \/><strong><a href=\"http:\/\/www.muenster.org\/ams\/wp-content\/uploads\/2021\/04\/AMS-Treffen-im-Mai-2021-faellt-aus.pdf\">AMS-Treffen im Mai 2021-f\u00e4llt aus<\/a><\/strong><br \/><br \/><strong><a href=\"http:\/\/www.muenster.org\/ams\/wp-content\/uploads\/2021\/06\/AMS-Treffen-im-Juni-2021-faellt-aus.pdf\">AMS-Treffen im Juni 2021-f\u00e4llt aus<\/a><\/strong><br \/><br \/><strong><a href=\"http:\/\/www.muenster.org\/ams\/wp-content\/uploads\/2021\/06\/AMS-Treffen-im-Juli-2021-faellt-aus.pdf\">AMS-Treffen im Juli 2021-f\u00e4llt aus<\/a><\/strong><br \/><br \/><strong><a href=\"http:\/\/www.muenster.org\/ams\/wp-content\/uploads\/2021\/07\/AMS-Treffen-im-August-2021-faellt-aus-1.pdf\">AMS-Treffen im August 2021-f\u00e4llt aus<\/a><\/strong><br \/><br \/><strong><a href=\"http:\/\/www.muenster.org\/ams\/wp-content\/uploads\/2021\/08\/AMS-Treffen-im-September-2021.pdf\">AMS-Treffen im September 2021<\/a><\/strong><br \/><br \/><strong><a href=\"http:\/\/www.muenster.org\/ams\/wp-content\/uploads\/2021\/10\/AMS-Treffen-im-Oktober-2021.pdf\">AMS-Treffen im Oktober 2021<\/a><\/strong><br \/><br \/><strong><a href=\"http:\/\/www.muenster.org\/ams\/wp-content\/uploads\/2021\/11\/AMS-Treffen-im-November-2021.pdf\">AMS-Treffen im November 2021<\/a><\/strong><br \/><br \/><strong><a href=\"http:\/\/www.muenster.org\/ams\/wp-content\/uploads\/2021\/11\/AMS-Treffen-im-Dezember-2021.pdf\">AMS-Treffen im Dezember 2021<\/a><\/strong><br \/><br \/><strong><a href=\"http:\/\/www.muenster.org\/ams\/wp-content\/uploads\/2024\/12\/AMS-Ausklang-im-Dezember-2021.pdf\">AMS-Ausklang im Dezember 2021<\/a><\/strong><br \/><\/h4><!-- \/wp:post-content -->","protected":false},"excerpt":{"rendered":"<p>AMS-Treffen im Januar 2021 &#8211; f\u00e4llt aus AMS-Treffen im Februar 2021-f\u00e4llt aus AMS-Treffen im M\u00e4rz 2021-f\u00e4llt aus AMS-Treffen im April 2021-f\u00e4llt aus AMS-Treffen im Mai 2021-f\u00e4llt aus AMS-Treffen im Juni 2021-f\u00e4llt aus AMS-Treffen im Juli 2021-f\u00e4llt aus AMS-Treffen im August 2021-f\u00e4llt aus AMS-Treffen im September 2021 AMS-Treffen im Oktober 2021 AMS-Treffen im November 2021 AMS-Treffen [&hellip;]<\/p>\n","protected":false},"author":1,"featured_media":0,"parent":379,"menu_order":10,"comment_status":"closed","ping_status":"closed","template":"","meta":{"footnotes":""},"class_list":["post-1112","page","type-page","status-publish","hentry"],"_links":{"self":[{"href":"https:\/\/www.muenster.org\/ams\/index.php?rest_route=\/wp\/v2\/pages\/1112","targetHints":{"allow":["GET"]}}],"collection":[{"href":"https:\/\/www.muenster.org\/ams\/index.php?rest_route=\/wp\/v2\/pages"}],"about":[{"href":"https:\/\/www.muenster.org\/ams\/index.php?rest_route=\/wp\/v2\/types\/page"}],"author":[{"embeddable":true,"href":"https:\/\/www.muenster.org\/ams\/index.php?rest_route=\/wp\/v2\/users\/1"}],"replies":[{"embeddable":true,"href":"https:\/\/www.muenster.org\/ams\/index.php?rest_route=%2Fwp%2Fv2%2Fcomments&post=1112"}],"version-history":[{"count":40,"href":"https:\/\/www.muenster.org\/ams\/index.php?rest_route=\/wp\/v2\/pages\/1112\/revisions"}],"predecessor-version":[{"id":1606,"href":"https:\/\/www.muenster.org\/ams\/index.php?rest_route=\/wp\/v2\/pages\/1112\/revisions\/1606"}],"up":[{"embeddable":true,"href":"https:\/\/www.muenster.org\/ams\/index.php?rest_route=\/wp\/v2\/pages\/379"}],"wp:attachment":[{"href":"https:\/\/www.muenster.org\/ams\/index.php?rest_route=%2Fwp%2Fv2%2Fmedia&parent=1112"}],"curies":[{"name":"wp","href":"https:\/\/api.w.org\/{rel}","templated":true}]}}

<h4><strong><a href="http://www.muenster.org/ams/wp-content/uploads/2024/12/AMS-Treffen-im-Januar-2021-faellt-aus.pdf">AMS-Treffen im Januar 2021 &#8211; fällt aus</a></strong><br /><br /><strong><a href="http://www.muenster.org/ams/wp-content/uploads/2021/01/AMS-Treffen-im-Februar-2021-faellt-aus.pdf">AMS-Treffen im Februar 2021-fällt aus</a></strong><br /><br /><strong><a href="http://www.muenster.org/ams/wp-content/uploads/2021/02/AMS-Treffen-im-Maerz-2021-faellt-aus.pdf">AMS-Treffen im März 2021-fällt aus</a></strong><br /><br /><strong><a href="http://www.muenster.org/ams/wp-content/uploads/2021/03/AMS-Treffen-im-April-2021-faellt-aus.pdf">AMS-Treffen im April 2021-fällt aus</a></strong><br /><br /><strong><a href="http://www.muenster.org/ams/wp-content/uploads/2021/04/AMS-Treffen-im-Mai-2021-faellt-aus.pdf">AMS-Treffen im Mai 2021-fällt aus</a></strong><br /><br /><strong><a href="http://www.muenster.org/ams/wp-content/uploads/2021/06/AMS-Treffen-im-Juni-2021-faellt-aus.pdf">AMS-Treffen im Juni 2021-fällt aus</a></strong><br /><br /><strong><a href="http://www.muenster.org/ams/wp-content/uploads/2021/06/AMS-Treffen-im-Juli-2021-faellt-aus.pdf">AMS-Treffen im Juli 2021-fällt aus</a></strong><br /><br /><strong><a href="http://www.muenster.org/ams/wp-content/uploads/2021/07/AMS-Treffen-im-August-2021-faellt-aus-1.pdf">AMS-Treffen im August 2021-fällt aus</a></strong><br /><br /><strong><a href="http://www.muenster.org/ams/wp-content/uploads/2021/08/AMS-Treffen-im-September-2021.pdf">AMS-Treffen im September 2021</a></strong><br /><br /><strong><a href="http://www.muenster.org/ams/wp-content/uploads/2021/10/AMS-Treffen-im-Oktober-2021.pdf">AMS-Treffen im Oktober 2021</a></strong><br /><br /><strong><a href="http://www.muenster.org/ams/wp-content/uploads/2021/11/AMS-Treffen-im-November-2021.pdf">AMS-Treffen im November 2021</a></strong><br /><br /><strong><a href="http://www.muenster.org/ams/wp-content/uploads/2021/11/AMS-Treffen-im-Dezember-2021.pdf">AMS-Treffen im Dezember 2021</a></strong><br /><br /><strong><a href="http://www.muenster.org/ams/wp-content/uploads/2024/12/AMS-Ausklang-im-Dezember-2021.pdf">AMS-Ausklang im Dezember 2021</a></strong><br /></h4><!-- /wp:post-content -->

<p>AMS-Treffen im Januar 2021 &#8211; fällt aus AMS-Treffen im Februar 2021-fällt aus AMS-Treffen im März 2021-fällt aus AMS-Treffen im April 2021-fällt aus AMS-Treffen im Mai 2021-fällt aus AMS-Treffen im Juni 2021-fällt aus AMS-Treffen im Juli 2021-fällt aus AMS-Treffen im August 2021-fällt aus AMS-Treffen im September 2021 AMS-Treffen im Oktober 2021 AMS-Treffen im November 2021 AMS-Treffen [&hellip;]</p>
