{"id":879,"date":"2017-11-18T14:48:15","date_gmt":"2017-11-18T13:48:15","guid":{"rendered":"http:\/\/www.muenster.org\/zwar-wolbeck\/?page_id=879"},"modified":"2024-02-07T16:20:24","modified_gmt":"2024-02-07T15:20:24","slug":"neues-plaene","status":"publish","type":"page","link":"http:\/\/www.muenster.org\/zwar-wolbeck\/neues-plaene\/","title":{"rendered":"Kl\u00f6n-Caf\u00e9"},"content":{"rendered":"<p style=\"text-align: justify;\"><span style=\"font-family: helvetica, arial, sans-serif; font-size: 14pt; color: #003300;\"><strong>\n<table id=\"tablepress-14\" class=\"tablepress tablepress-id-14\">\n<tbody class=\"row-hover\">\n<tr class=\"row-1\">\n\t<td class=\"column-1\">Termin<\/td><td class=\"column-2\">Samstag, 11. M\u00e4rz 2026<\/td>\n<\/tr>\n<tr class=\"row-2\">\n\t<td class=\"column-1\">Uhrzeit<\/td><td class=\"column-2\">um 15.00 Uhr<\/td>\n<\/tr>\n<tr class=\"row-3\">\n\t<td class=\"column-1\">Ort<\/td><td class=\"column-2\">Frede, Wolbecker Windm\u00fchle 69<\/td>\n<\/tr>\n<tr class=\"row-4\">\n\t<td class=\"column-1\">Kontakt<\/td><td class=\"column-2\">Conny      .    [cornelia.heoring(at)t-online.de]   <\/td>\n<\/tr>\n<tr class=\"row-5\">\n\t<td class=\"column-1\">Besonderes<\/td><td class=\"column-2\">Treffen sind  am zweiten Samstag im Monat.<\/td>\n<\/tr>\n<\/tbody>\n<\/table>\n<!-- #tablepress-14 from cache --><\/strong><\/span><\/p>\n<p style=\"text-align: justify;\"><span style=\"font-family: helvetica, arial, sans-serif; font-size: 14pt; color: #003300;\"><strong>Kl\u00f6n-Caf\u00e9.<\/strong><\/span><\/p>\n<p style=\"text-align: justify;\"><span style=\"font-family: helvetica, arial, sans-serif; font-size: 14pt; color: #003300;\">Zu diesem offenen, lockeren Gespr\u00e4chskreis sind M\u00e4nner und Frauen in der zweiten Lebensh\u00e4lfte sehr herzlich eingeladen. Bei Kaffee und Kuchen oder belegtem Br\u00f6tchen kann \u00fcber \u201eGott und die Welt\u201c geredet werden. Kl\u00f6nschnack ist als \u201egem\u00fctliche Plauderei\u201c leichtes Parlieren, zu verstehen.<\/span><\/p>\n<p style=\"text-align: justify;\"><span style=\"font-size: 14pt; font-family: helvetica, arial, sans-serif;\"><span style=\"color: #003300;\">Vielleicht sucht die Eine oder der Andere schon l\u00e4nger nach Partnern f\u00fcr sein Hobby, ist interessiert an den bereits bestehenden Zwar-Gruppen oder will <\/span><span style=\"color: #003300;\">einfach nur mal \u00fcber \u201eGott und die Welt\u201c kl\u00f6nen. Jeder kann\u00a0 teilnehmen; eine Anmeldung ist nicht n\u00f6tig.<\/span><\/span><\/p>\n<p style=\"text-align: justify;\"><span style=\"color: #003300; font-family: helvetica, arial, sans-serif; font-size: 14pt;\">Denkbar w\u00e4ren auch Ausstellungen- oder Theater-Besuche, Karten spielen, Spielekreise, Fu\u00dfball schauen, Kochgruppen, N\u00e4hen, Tischtennis, Wandern, eine Urlaubsplanung\u2026<\/span><\/p>\n<p style=\"text-align: justify;\"><span style=\"font-family: helvetica, arial, sans-serif; font-size: 14pt;\"><span style=\"color: #003300;\">\u00a0<\/span><\/span><\/p>\n<p><span style=\"font-size: 14pt; font-family: helvetica, arial, sans-serif; color: #003300;\">.<\/span><\/p>\n<p style=\"text-align: justify;\"><span style=\"color: #003300; font-family: helvetica, arial, sans-serif; font-size: 14pt;\">\u00a0<\/span><\/p>\n<p style=\"text-align: justify;\"><span style=\"font-family: helvetica, arial, sans-serif; font-size: 14pt; color: #003300;\">\u00a0<\/span><\/p>\n<p><span style=\"font-family: helvetica, arial, sans-serif; font-size: 14pt; color: #003300;\">\u00a0<\/span><\/p>\n<p style=\"text-align: justify;\">\n","protected":false},"excerpt":{"rendered":"<p>Kl\u00f6n-Caf\u00e9. Zu diesem offenen, lockeren Gespr\u00e4chskreis sind M\u00e4nner und Frauen in der zweiten Lebensh\u00e4lfte sehr herzlich eingeladen. Bei Kaffee und Kuchen oder belegtem Br\u00f6tchen kann \u00fcber \u201eGott und die Welt\u201c geredet werden. Kl\u00f6nschnack ist als \u201egem\u00fctliche Plauderei\u201c leichtes Parlieren, zu &hellip; <a href=\"http:\/\/www.muenster.org\/zwar-wolbeck\/neues-plaene\/\">Weiterlesen <span class=\"meta-nav\">&rarr;<\/span><\/a><\/p>\n","protected":false},"author":1,"featured_media":0,"parent":0,"menu_order":0,"comment_status":"closed","ping_status":"closed","template":"","meta":{"_bbp_topic_count":0,"_bbp_reply_count":0,"_bbp_total_topic_count":0,"_bbp_total_reply_count":0,"_bbp_voice_count":0,"_bbp_anonymous_reply_count":0,"_bbp_topic_count_hidden":0,"_bbp_reply_count_hidden":0,"_bbp_forum_subforum_count":0,"footnotes":""},"class_list":["post-879","page","type-page","status-publish","hentry"],"_links":{"self":[{"href":"http:\/\/www.muenster.org\/zwar-wolbeck\/wp-json\/wp\/v2\/pages\/879","targetHints":{"allow":["GET"]}}],"collection":[{"href":"http:\/\/www.muenster.org\/zwar-wolbeck\/wp-json\/wp\/v2\/pages"}],"about":[{"href":"http:\/\/www.muenster.org\/zwar-wolbeck\/wp-json\/wp\/v2\/types\/page"}],"author":[{"embeddable":true,"href":"http:\/\/www.muenster.org\/zwar-wolbeck\/wp-json\/wp\/v2\/users\/1"}],"replies":[{"embeddable":true,"href":"http:\/\/www.muenster.org\/zwar-wolbeck\/wp-json\/wp\/v2\/comments?post=879"}],"version-history":[{"count":70,"href":"http:\/\/www.muenster.org\/zwar-wolbeck\/wp-json\/wp\/v2\/pages\/879\/revisions"}],"predecessor-version":[{"id":2852,"href":"http:\/\/www.muenster.org\/zwar-wolbeck\/wp-json\/wp\/v2\/pages\/879\/revisions\/2852"}],"wp:attachment":[{"href":"http:\/\/www.muenster.org\/zwar-wolbeck\/wp-json\/wp\/v2\/media?parent=879"}],"curies":[{"name":"wp","href":"https:\/\/api.w.org\/{rel}","templated":true}]}}