{"id":50,"date":"2016-07-13T18:05:18","date_gmt":"2016-07-13T16:05:18","guid":{"rendered":"http:\/\/www.muenster.org\/zwar-wolbeck\/?page_id=50"},"modified":"2022-05-30T17:10:53","modified_gmt":"2022-05-30T15:10:53","slug":"doppelkopf","status":"publish","type":"page","link":"http:\/\/www.muenster.org\/zwar-wolbeck\/doppelkopf\/","title":{"rendered":"Doppelkopf 1+2"},"content":{"rendered":"<p><span style=\"font-family: helvetica, arial, sans-serif; font-size: 14pt;\">\n<table id=\"tablepress-5\" class=\"tablepress tablepress-id-5\">\n<tbody class=\"row-hover\">\n<tr class=\"row-1\">\n\t<td class=\"column-1\">Termin<\/td><td class=\"column-2\">Treffen nach Absprache alle 3 Wochen<\/td>\n<\/tr>\n<tr class=\"row-2\">\n\t<td class=\"column-1\">Uhrzeit<\/td><td class=\"column-2\">Spielbeginn nach Vereinbarung<\/td>\n<\/tr>\n<tr class=\"row-3\">\n\t<td class=\"column-1\">Ort<\/td><td class=\"column-2\">Privat<br \/>\n<\/td>\n<\/tr>\n<tr class=\"row-4\">\n\t<td class=\"column-1\">Kontakt<\/td><td class=\"column-2\">\"f\u00fcr DoKo \"1\": Carsten - [ckratzner(at)aol.com] <\/td>\n<\/tr>\n<tr class=\"row-5\">\n\t<td class=\"column-1\">Besonderes<\/td><td class=\"column-2\">Spiel-Vereinbarung und Extrapunkte sind unten beschrieben<\/td>\n<\/tr>\n<\/tbody>\n<\/table>\n<!-- #tablepress-5 from cache --><\/span><\/p>\n<p style=\"text-align: justify;\"><span style=\"font-size: 14pt; font-family: helvetica, arial, sans-serif;\"><span style=\"color: #003300;\">In der Doppelkopfrunde treffen sich regelm\u00e4\u00dfig sechs kundige Spieler, um in geselliger Runde ein paar Runden Doppelkopf zu spielen. Inzwischen haben weitere Doppelkopf-Interessierte gemeldet. Falls Sie ebenfalls Interesse und Spa\u00df am Spiel haben, sprechen Sie uns gerne an. Wir unterst\u00fctzen Sie beim Planen und Gr\u00fcnden einer weiteren Spielgruppe. Unten finden sie unsere Spielvereinbarungen und Extrapunkte.<\/span><\/span><\/p>\n<p><span style=\"font-family: helvetica, arial, sans-serif; color: #003300; font-size: 14pt;\"><u>Die Spiel-Vereinbarung<\/u>:<\/span><\/p>\n<ul>\n<li><span style=\"font-family: helvetica, arial, sans-serif; color: #003300; font-size: 14pt;\">\u00a0 Keine Pflichtansage, falls der erste Stich 30 Punkte hat.<\/span><\/li>\n<li><span style=\"font-family: helvetica, arial, sans-serif; color: #003300; font-size: 14pt;\">\u00a0 Bockrunde wenn das \u201eHerz\u201c durchgeht.\u00a0\u00a0\u00a0<\/span><\/li>\n<li><span style=\"font-family: helvetica, arial, sans-serif; color: #003300; font-size: 14pt;\">\u00a0 Bauern-, Damen-, Trumpf-Sollo hat normales Ausspiel.\u00a0<\/span><\/li>\n<li><span style=\"font-family: helvetica, arial, sans-serif; color: #003300; font-size: 14pt;\">\u00a0 Hochzeit hat normales Ausspiel, der Spieler erh\u00e4lt 5 Cent.<br \/>\n<\/span><\/li>\n<li><span style=\"font-family: helvetica, arial, sans-serif; color: #003300; font-size: 14pt;\">\u00a0 Keine Trumpfabgabe bei wenigen Tr\u00fcmpfen.<\/span><\/li>\n<li><span style=\"font-family: helvetica, arial, sans-serif; color: #003300; font-size: 14pt;\">\u00a0 Re-Spieler sollen mindestens 121 Punkte erreichen.<\/span><\/li>\n<li><span style=\"font-family: helvetica, arial, sans-serif; color: #003300; font-size: 14pt;\">\u00a0 Die Spiel-Punkte werden direkt mit 5 Cent verrechnet.<\/span><\/li>\n<\/ul>\n<p><span style=\"font-family: helvetica, arial, sans-serif; color: #003300; font-size: 14pt;\"><u>Extrapunkte<\/u>:<\/span><\/p>\n<ul>\n<li><span style=\"font-family: helvetica, arial, sans-serif; color: #003300; font-size: 14pt;\">\u00a0 Fuchs gefangen \/ Fuchs am Ende \/ Fuchs am Ende gefangen,<\/span><\/li>\n<li><span style=\"font-family: helvetica, arial, sans-serif; color: #003300; font-size: 14pt;\">\u00a0 Karlchen am Ende \/ Karlchen am Ende gefangen.<\/span><\/li>\n<li><span style=\"font-family: helvetica, arial, sans-serif; color: #003300; font-size: 14pt;\">\u00a0 Doppelkopf<strong>:<\/strong> Ein Stich mit 40 oder mehr Augen.<\/span><\/li>\n<li><span style=\"font-family: helvetica, arial, sans-serif; color: #003300; font-size: 14pt;\">\u00a0 1 Punkt f\u00fcr jeweils keine 120, 90, 60, 30, 0<\/span><\/li>\n<li><span style=\"font-family: helvetica, arial, sans-serif; color: #003300; font-size: 14pt;\">\u00a0 1 Punkt je angesagte keine 120, 90, \u2026<\/span><\/li>\n<li><span style=\"font-family: helvetica, arial, sans-serif; color: #003300; font-size: 14pt;\">\u00a0 1 Punkt bei Re\/Kontra-Ansage<\/span><\/li>\n<\/ul>\n","protected":false},"excerpt":{"rendered":"<p>In der Doppelkopfrunde treffen sich regelm\u00e4\u00dfig sechs kundige Spieler, um in geselliger Runde ein paar Runden Doppelkopf zu spielen. Inzwischen haben weitere Doppelkopf-Interessierte gemeldet. Falls Sie ebenfalls Interesse und Spa\u00df am Spiel haben, sprechen Sie uns gerne an. Wir unterst\u00fctzen &hellip; <a href=\"http:\/\/www.muenster.org\/zwar-wolbeck\/doppelkopf\/\">Weiterlesen <span class=\"meta-nav\">&rarr;<\/span><\/a><\/p>\n","protected":false},"author":1,"featured_media":0,"parent":0,"menu_order":0,"comment_status":"closed","ping_status":"closed","template":"","meta":{"_bbp_topic_count":0,"_bbp_reply_count":0,"_bbp_total_topic_count":0,"_bbp_total_reply_count":0,"_bbp_voice_count":0,"_bbp_anonymous_reply_count":0,"_bbp_topic_count_hidden":0,"_bbp_reply_count_hidden":0,"_bbp_forum_subforum_count":0,"footnotes":""},"class_list":["post-50","page","type-page","status-publish","hentry"],"_links":{"self":[{"href":"http:\/\/www.muenster.org\/zwar-wolbeck\/wp-json\/wp\/v2\/pages\/50","targetHints":{"allow":["GET"]}}],"collection":[{"href":"http:\/\/www.muenster.org\/zwar-wolbeck\/wp-json\/wp\/v2\/pages"}],"about":[{"href":"http:\/\/www.muenster.org\/zwar-wolbeck\/wp-json\/wp\/v2\/types\/page"}],"author":[{"embeddable":true,"href":"http:\/\/www.muenster.org\/zwar-wolbeck\/wp-json\/wp\/v2\/users\/1"}],"replies":[{"embeddable":true,"href":"http:\/\/www.muenster.org\/zwar-wolbeck\/wp-json\/wp\/v2\/comments?post=50"}],"version-history":[{"count":48,"href":"http:\/\/www.muenster.org\/zwar-wolbeck\/wp-json\/wp\/v2\/pages\/50\/revisions"}],"predecessor-version":[{"id":2601,"href":"http:\/\/www.muenster.org\/zwar-wolbeck\/wp-json\/wp\/v2\/pages\/50\/revisions\/2601"}],"wp:attachment":[{"href":"http:\/\/www.muenster.org\/zwar-wolbeck\/wp-json\/wp\/v2\/media?parent=50"}],"curies":[{"name":"wp","href":"https:\/\/api.w.org\/{rel}","templated":true}]}}