{"id":5,"date":"2016-07-08T15:57:35","date_gmt":"2016-07-08T13:57:35","guid":{"rendered":"http:\/\/www.muenster.org\/zwar-wolbeck\/?page_id=5"},"modified":"2020-05-19T11:55:47","modified_gmt":"2020-05-19T09:55:47","slug":"startseite","status":"publish","type":"page","link":"http:\/\/www.muenster.org\/zwar-wolbeck\/","title":{"rendered":"Startseite"},"content":{"rendered":"<p style=\"text-align: justify;\"><span style=\"font-family: helvetica, arial, sans-serif; font-size: 14pt; color: #003300;\">Wir sind die ZwAR-Gruppe Wolbeck. Wir sind Menschen zwischen Arbeit und Ruhestand, die neu gewonnene Freizeit aktiv gestalten wollen. Wir m\u00f6chten als Anlaufstelle mit Menschen in der Umgebung, die ebenfalls ihre Freizeit gestalten wollen, unterschiedlichste Unternehmungen organisieren und erleben.<\/span><\/p>\n<p style=\"text-align: justify;\"><span style=\"color: #003300; font-size: 14pt; font-family: helvetica, arial, sans-serif;\">Auf diesen Seiten finden Sie Bekanntgaben sowie regelm\u00e4\u00dfige und unregelm\u00e4\u00dfige Treffen und Termine. Sie finden hier auch eine erste Kontaktinformation. Wir freuen uns wenn Sie sich f\u00fcr eines unserer Angebote interessieren, wenn Sie neue Anregungen haben und eventuelle eine neue Gruppe ins Leben rufen m\u00f6chten.\u00a0Weitere Informationen k\u00f6nnen Sie auch sehr gerne \u00fcber die im Impressum beschriebenen Kontakte erfragen.<\/span><\/p>\n<p style=\"text-align: justify;\"><span style=\"font-family: helvetica, arial, sans-serif; font-size: 14pt; color: #003300;\">In der aktuellen Lage k\u00f6nnen wir uns derzeit nicht wie gewohnt in einem Caf\u00e9 treffen. Eine Au\u00dfenaktivit\u00e4t findet jedoch wieder statt. Zum Boule k\u00f6nnen wir uns unter freiem Himmel und unter den vorgegebenen Vorsichtsregelungen treffen. ZwAR-Interessierte sind im telefonischen Kontakt, wir m\u00f6chten uns \u00fcber den aktuellen Stand austauschen und uns gegenseitig unterst\u00fctzen.<\/span><\/p>\n<p style=\"text-align: justify;\"><span style=\"font-family: helvetica, arial, sans-serif; font-size: 14pt; color: #003300;\"><u>Info<\/u>: <em><span style=\"font-size: 12pt;\">Ich habe f\u00fcr Mails die Schreibformel: \u201c(at)\u201c gew\u00e4hlt. So kann verhindern werden, dass Mail-Adressanten Spam von Unbekannten erhalten. Wenn Sie Kontakt aufnehmen m\u00f6chten und eine Mail senden, sollten Sie das \u201c(at)\u201c selbstverst\u00e4ndlich ver\u00e4ndern, danke.<\/span><\/em><\/span><\/p>\n","protected":false},"excerpt":{"rendered":"<p>Wir sind die ZwAR-Gruppe Wolbeck. Wir sind Menschen zwischen Arbeit und Ruhestand, die neu gewonnene Freizeit aktiv gestalten wollen. Wir m\u00f6chten als Anlaufstelle mit Menschen in der Umgebung, die ebenfalls ihre Freizeit gestalten wollen, unterschiedlichste Unternehmungen organisieren und erleben. Auf &hellip; <a href=\"http:\/\/www.muenster.org\/zwar-wolbeck\/\">Weiterlesen <span class=\"meta-nav\">&rarr;<\/span><\/a><\/p>\n","protected":false},"author":1,"featured_media":0,"parent":0,"menu_order":0,"comment_status":"closed","ping_status":"closed","template":"","meta":{"_bbp_topic_count":0,"_bbp_reply_count":0,"_bbp_total_topic_count":0,"_bbp_total_reply_count":0,"_bbp_voice_count":0,"_bbp_anonymous_reply_count":0,"_bbp_topic_count_hidden":0,"_bbp_reply_count_hidden":0,"_bbp_forum_subforum_count":0,"footnotes":""},"class_list":["post-5","page","type-page","status-publish","hentry"],"_links":{"self":[{"href":"http:\/\/www.muenster.org\/zwar-wolbeck\/wp-json\/wp\/v2\/pages\/5","targetHints":{"allow":["GET"]}}],"collection":[{"href":"http:\/\/www.muenster.org\/zwar-wolbeck\/wp-json\/wp\/v2\/pages"}],"about":[{"href":"http:\/\/www.muenster.org\/zwar-wolbeck\/wp-json\/wp\/v2\/types\/page"}],"author":[{"embeddable":true,"href":"http:\/\/www.muenster.org\/zwar-wolbeck\/wp-json\/wp\/v2\/users\/1"}],"replies":[{"embeddable":true,"href":"http:\/\/www.muenster.org\/zwar-wolbeck\/wp-json\/wp\/v2\/comments?post=5"}],"version-history":[{"count":27,"href":"http:\/\/www.muenster.org\/zwar-wolbeck\/wp-json\/wp\/v2\/pages\/5\/revisions"}],"predecessor-version":[{"id":2396,"href":"http:\/\/www.muenster.org\/zwar-wolbeck\/wp-json\/wp\/v2\/pages\/5\/revisions\/2396"}],"wp:attachment":[{"href":"http:\/\/www.muenster.org\/zwar-wolbeck\/wp-json\/wp\/v2\/media?parent=5"}],"curies":[{"name":"wp","href":"https:\/\/api.w.org\/{rel}","templated":true}]}}