{"id":841,"date":"2017-09-30T13:34:42","date_gmt":"2017-09-30T11:34:42","guid":{"rendered":"http:\/\/www.muenster.org\/ungarn\/?page_id=841"},"modified":"2024-06-28T14:37:49","modified_gmt":"2024-06-28T12:37:49","slug":"nemet-magyar-baratsagfa","status":"publish","type":"page","link":"http:\/\/www.muenster.org\/ungarn\/nemet-magyar-baratsagfa\/","title":{"rendered":"N\u00e9met-Magyar Bar\u00e1ts\u00e1gfa \u00e9s eur\u00f3pai vir\u00e1gsz\u0151nyeg"},"content":{"rendered":"<div class=\"wp-block-image\">\n<figure class=\"aligncenter size-large is-resized\"><a href=\"http:\/\/www.muenster.org\/ungarn\/wp-content\/uploads\/2024\/03\/Blumenteppichneu2-scaled.jpg\"><img loading=\"lazy\" decoding=\"async\" width=\"768\" height=\"1024\" src=\"http:\/\/www.muenster.org\/ungarn\/wp-content\/uploads\/2024\/03\/Blumenteppichneu2-768x1024.jpg\" alt=\"\" class=\"wp-image-1440\" style=\"width:548px;height:auto\" srcset=\"http:\/\/www.muenster.org\/ungarn\/wp-content\/uploads\/2024\/03\/Blumenteppichneu2-768x1024.jpg 768w, http:\/\/www.muenster.org\/ungarn\/wp-content\/uploads\/2024\/03\/Blumenteppichneu2-225x300.jpg 225w, http:\/\/www.muenster.org\/ungarn\/wp-content\/uploads\/2024\/03\/Blumenteppichneu2-1152x1536.jpg 1152w, http:\/\/www.muenster.org\/ungarn\/wp-content\/uploads\/2024\/03\/Blumenteppichneu2-1536x2048.jpg 1536w, http:\/\/www.muenster.org\/ungarn\/wp-content\/uploads\/2024\/03\/Blumenteppichneu2-scaled.jpg 1920w\" sizes=\"auto, (max-width: 768px) 100vw, 768px\" \/><\/a><\/figure>\n<\/div>\n\n\n<p>A m\u00fcnsteri N\u00e9met-Magyar Bar\u00e1ts\u00e1gf\u00e1t 2004-ben \u00fcltett\u00fck Magyarorsz\u00e1gnak az Eur\u00f3pai Uni\u00f3ba val\u00f3 bel\u00e9p\u00e9se alkalm\u00e1b\u00f3l. A bar\u00e1ts\u00e1gfa a k\u00fcl\u00f6nb\u00f6z\u0151 kult\u00far\u00e1kb\u00f3l sz\u00e1rmaz\u00f3 emberek b\u00e9k\u00e9s \u00e9s bar\u00e1ts\u00e1gos egy\u00fctt\u00e9l\u00e9s\u00e9t, f\u0151k\u00e9nt a n\u00e9met-magyar bar\u00e1ts\u00e1got szimboliz\u00e1lja.<\/p>\n\n\n<div class=\"wp-block-image\">\n<figure class=\"alignleft\"><a href=\"http:\/\/www.muenster.org\/ungarn\/wp-content\/uploads\/2017\/09\/Homepage1.jpg\"><img loading=\"lazy\" decoding=\"async\" width=\"3264\" height=\"2448\" src=\"http:\/\/www.muenster.org\/ungarn\/wp-content\/uploads\/2017\/09\/Homepage1.jpg\" alt=\"Homepage1\" class=\"wp-image-837\" srcset=\"http:\/\/www.muenster.org\/ungarn\/wp-content\/uploads\/2017\/09\/Homepage1.jpg 3264w, http:\/\/www.muenster.org\/ungarn\/wp-content\/uploads\/2017\/09\/Homepage1-300x225.jpg 300w, http:\/\/www.muenster.org\/ungarn\/wp-content\/uploads\/2017\/09\/Homepage1-1024x768.jpg 1024w\" sizes=\"auto, (max-width: 3264px) 100vw, 3264px\" \/><\/a><\/figure>\n<\/div>\n\n\n<p><strong><\/strong>Mi\u00e9rt \u00e9ppen egy fa? A f\u00e1knak az emberi civiliz\u00e1-ci\u00f3 kezdete \u00f3ta k\u00fcl\u00f6nleges szimbolikus&nbsp;er\u0151t tulajdo-n\u00edtunk.&nbsp; Gondoljanak csak az \u00c9denkert almaf\u00e1j\u00e1ra vagy az \u00e9gig\u00e9r\u0151 fa mot\u00edvum\u00e1ra a magyar mitol\u00f3gi\u00e1b\u00f3l. Egy fa az \u00e9letet jelk\u00e9pezi: A gy\u00f6kerek a m\u00faltra, a t\u00f6rzs a jelenre, a fakorona, a leveles \u00e1gak pedig a j\u00f6v\u0151re utalnak.<\/p>\n\n\n<div class=\"wp-block-image\">\n<figure class=\"alignright\"><a href=\"http:\/\/www.muenster.org\/ungarn\/wp-content\/uploads\/2017\/11\/IMG_6335-e1510925280456.jpg\"><img loading=\"lazy\" decoding=\"async\" width=\"2448\" height=\"3264\" src=\"http:\/\/www.muenster.org\/ungarn\/wp-content\/uploads\/2017\/11\/IMG_6335-e1510925280456.jpg\" alt=\"IMG_6335\" class=\"wp-image-881\" srcset=\"http:\/\/www.muenster.org\/ungarn\/wp-content\/uploads\/2017\/11\/IMG_6335-e1510925280456.jpg 2448w, http:\/\/www.muenster.org\/ungarn\/wp-content\/uploads\/2017\/11\/IMG_6335-e1510925280456-225x300.jpg 225w, http:\/\/www.muenster.org\/ungarn\/wp-content\/uploads\/2017\/11\/IMG_6335-e1510925280456-768x1024.jpg 768w\" sizes=\"auto, (max-width: 2448px) 100vw, 2448px\" \/><\/a><\/figure>\n<\/div>\n\n\n<div class=\"wp-block-group\"><div class=\"wp-block-group__inner-container is-layout-constrained wp-block-group-is-layout-constrained\">\n<p>A n\u00e9met-magyar bar\u00e1ts\u00e1gnak m\u00e9ly gy\u00f6kerei vannak&nbsp; \u2013 gondoljunk csak az els\u0151 magyar kir\u00e1ly, Szent Istv\u00e1n bajor feles\u00e9g\u00e9re, Gizell\u00e1ra!&nbsp;\u2013 de a t\u00f6rzse is er\u0151s: a szoros kultur\u00e1lis, politikai \u00e9s gazdas\u00e1gi kapcsolatok a k\u00e9t orsz\u00e1g k\u00f6z\u00f6tt. A k\u00f6z\u00f6s j\u00f6v\u0151k\u00e9p: egy b\u00e9k\u00e9s \u00e9s demokratikus Eur\u00f3p\u00e1ban val\u00f3 egy\u00fctt\u00e9l\u00e9s. Ahhoz, hogy ez a j\u00f6v\u0151k\u00e9p megval\u00f3sulhasson, ma, itt \u00e9s most kell tenn\u00fcnk \u00e9s dolgoznunk. Ezt nem (csak) Br\u00fcsszelben, Berlinben vagy Budapesten d\u00f6ntik el, hanem mi magunk, az elk\u00e9pzel\u00e9seink, a mindennapi tetteink is.<\/p>\n<\/div><\/div>\n\n\n\n<p>A M\u00fcnsteri N\u00e9met-Magyar T\u00e1rsas\u00e1got az\u00e9rt h\u00edvtuk \u00e9letre, hogy egy\u00fctt tegy\u00fcnk valami ennek a j\u00f6v\u0151k\u00e9pnek a megval\u00f3sul\u00e1s\u00e1\u00e9rt: a&nbsp; k\u00fcl\u00f6nb\u00f6z\u0151 kult\u00far\u00e1kb\u00f3l sz\u00e1rmaz\u00f3 emberek b\u00e9k\u00e9s \u00e9s bar\u00e1ts\u00e1gos egy\u00fctt\u00e9l\u00e9s\u00e9rt dolgozunk M\u00fcnsterben. Szeretn\u00e9nk nem csak az itt \u00e9l\u0151 magyarok sz\u00e1m\u00e1ra f\u00f3rumot biztos\u00edtani, hanem <em>mindenki<\/em> sz\u00e1m\u00e1ra, aki&nbsp; a&nbsp;&nbsp;magyar kult\u00fara \u00e9s nyelv ir\u00e1nt \u00e9rdekl\u0151dik. A N\u00e9met-Magyar Bar\u00e1ts\u00e1gfa ennek a kultur\u00e1lis meg\u00e9rt\u00e9snek, egy\u00fctt\u00e9l\u00e9snek a szimb\u00f3luma.<\/p>\n\n\n<div class=\"wp-block-image\">\n<figure class=\"alignright\"><a href=\"http:\/\/www.muenster.org\/ungarn\/wp-content\/uploads\/2017\/11\/IMG_6309.jpg\"><img loading=\"lazy\" decoding=\"async\" width=\"2448\" height=\"2448\" src=\"http:\/\/www.muenster.org\/ungarn\/wp-content\/uploads\/2017\/11\/IMG_6309.jpg\" alt=\"IMG_6309\" class=\"wp-image-880\" srcset=\"http:\/\/www.muenster.org\/ungarn\/wp-content\/uploads\/2017\/11\/IMG_6309.jpg 2448w, http:\/\/www.muenster.org\/ungarn\/wp-content\/uploads\/2017\/11\/IMG_6309-150x150.jpg 150w, http:\/\/www.muenster.org\/ungarn\/wp-content\/uploads\/2017\/11\/IMG_6309-300x300.jpg 300w, http:\/\/www.muenster.org\/ungarn\/wp-content\/uploads\/2017\/11\/IMG_6309-1024x1024.jpg 1024w\" sizes=\"auto, (max-width: 2448px) 100vw, 2448px\" \/><\/a><\/figure>\n<\/div>\n\n\n<p><\/p>\n\n\n\n<p>A m\u00fcnsteri N\u00e9met-Magyar Bar\u00e1ts\u00e1gfa egy mocs\u00e1ri t\u00f6lgy&nbsp; (<em>Quercus palustris<\/em>).<\/p>\n\n\n<div class=\"wp-block-image\">\n<figure class=\"alignleft\"><a href=\"http:\/\/www.muenster.org\/ungarn\/wp-content\/uploads\/2017\/09\/IMG_3842-e1506769283273.jpg\"><img loading=\"lazy\" decoding=\"async\" width=\"2448\" height=\"3264\" src=\"http:\/\/www.muenster.org\/ungarn\/wp-content\/uploads\/2017\/09\/IMG_3842-e1506769283273.jpg\" alt=\"IMG_3842\" class=\"wp-image-838\" srcset=\"http:\/\/www.muenster.org\/ungarn\/wp-content\/uploads\/2017\/09\/IMG_3842-e1506769283273.jpg 2448w, http:\/\/www.muenster.org\/ungarn\/wp-content\/uploads\/2017\/09\/IMG_3842-e1506769283273-225x300.jpg 225w, http:\/\/www.muenster.org\/ungarn\/wp-content\/uploads\/2017\/09\/IMG_3842-e1506769283273-768x1024.jpg 768w\" sizes=\"auto, (max-width: 2448px) 100vw, 2448px\" \/><\/a><\/figure>\n<\/div>\n\n\n<p>A fa hely\u00e9nek szint\u00e9n szimbolikus jelent\u0151s\u00e9ge van:&nbsp;Demir Demiroski \u00e9s Martin Hermann \u2013 1993-ban,&nbsp; Mahmoud Torabi ir\u00e1ni m\u0171v\u00e9sz kezdem\u00e9nyez\u00e9s\u00e9re fe\u00e1ll\u00edtott \u00e9s Gerd R\u00f6ser tervei alapj\u00e1n elk\u00e9sz\u00edtett&nbsp;\u2013 &#8222;Egy\u00fctt\u00e9l\u00e9s&#8220; (\u201eZusammen-leben\u201c) elnevez\u00e9s\u0171 szobra mellett \u00e1ll, amely a n\u00e9met \u00e9s nem-n\u00e9met polg\u00e1rok b\u00e9k\u00e9s egy\u00fctt\u00e9l\u00e9s\u00e9t szimboliz\u00e1lja.<\/p>\n\n\n\n<p>A m\u00fcnsteri N\u00e9met-Magyar Bar\u00e1ts\u00e1gf\u00e1t 2004 m\u00e1rcius 13.-\u00e1n \u00fcltett\u00fck a Magyar K\u00f6zt\u00e1rsas\u00e1g akkori k\u00f6vet\u00e9nek, dr. Kir\u00e1ly Attila \u00e9s M\u00fcnster v\u00e1ros akkor polg\u00e1rmester\u00e9nek G\u00fcnter Schulze Blasum k\u00f6zrem\u0171k\u00f6d\u00e9s\u00e9vel.<\/p>\n\n\n<div class=\"wp-block-image\">\n<figure class=\"aligncenter\"><a href=\"http:\/\/www.muenster.org\/ungarn\/wp-content\/uploads\/2015\/09\/11.jpg\"><img loading=\"lazy\" decoding=\"async\" width=\"600\" height=\"450\" src=\"http:\/\/www.muenster.org\/ungarn\/wp-content\/uploads\/2015\/09\/11.jpg\" alt=\"11\" class=\"wp-image-26\" srcset=\"http:\/\/www.muenster.org\/ungarn\/wp-content\/uploads\/2015\/09\/11.jpg 600w, http:\/\/www.muenster.org\/ungarn\/wp-content\/uploads\/2015\/09\/11-300x225.jpg 300w\" sizes=\"auto, (max-width: 600px) 100vw, 600px\" \/><\/a><\/figure>\n<\/div>\n\n\n<p>2017 <span class=\"st\">\u0151<\/span>sz\u00e9n a&nbsp; <a href=\"http:\/\/www.muenster-bekennt-farbe.de\/\"><u>&#8222;<\/u><u>M\u00fcnster bekennt Farbe&#8220;&nbsp;<\/u><\/a> akci\u00f3 keret\u00e9ben a M\u00fcnsteri N\u00e9met-Magyar T\u00e1rsas\u00e1g egy vir\u00e1gsz<span class=\"st\">\u0151<\/span>nyeget \u00fcltetett a fa k\u00f6r\u00e9 az Eur\u00f3pai Uni\u00f3 z\u00e1szlaj\u00e1nak szineiben. A k\u00e9k-s\u00e1rga vir\u00e1gsz<span class=\"st\">\u0151<\/span>nyeg N\u00e9metorsz\u00e1g \u00e9s Magyarorsz\u00e1g Eur\u00f3pai Uni\u00f3hoz val\u00f3 tartoz\u00e1s\u00e1t szimboliz\u00e1lja.<\/p>\n\n\n<div class=\"wp-block-image\">\n<figure class=\"aligncenter\"><a href=\"http:\/\/www.muenster.org\/ungarn\/wp-content\/uploads\/2017\/11\/Baum_Blumenteppich.jpg\"><img loading=\"lazy\" decoding=\"async\" width=\"2448\" height=\"2448\" src=\"http:\/\/www.muenster.org\/ungarn\/wp-content\/uploads\/2017\/11\/Baum_Blumenteppich.jpg\" alt=\"Baum_Blumenteppich\" class=\"wp-image-865\" srcset=\"http:\/\/www.muenster.org\/ungarn\/wp-content\/uploads\/2017\/11\/Baum_Blumenteppich.jpg 2448w, http:\/\/www.muenster.org\/ungarn\/wp-content\/uploads\/2017\/11\/Baum_Blumenteppich-150x150.jpg 150w, http:\/\/www.muenster.org\/ungarn\/wp-content\/uploads\/2017\/11\/Baum_Blumenteppich-300x300.jpg 300w, http:\/\/www.muenster.org\/ungarn\/wp-content\/uploads\/2017\/11\/Baum_Blumenteppich-1024x1024.jpg 1024w\" sizes=\"auto, (max-width: 2448px) 100vw, 2448px\" \/><\/a><\/figure>\n<\/div>\n\n\n<p>Az \u00faj vir\u00e1gsz<span class=\"st\">\u0151<\/span>nyeget 2017 november 17.-\u00e9n 11.30-kor&nbsp; mutattuk be&nbsp; M\u00fcnster v\u00e1ros polg\u00e1rmestern<span class=\"st\">\u0151je<\/span> Wendela-Beate Vilhjalmsson, valamint a d\u00fcsseldorfi magyar konzul\u00e1tus helyettes vezet<span class=\"st\">\u0151<\/span>je Dr. Orgov\u00e1nyi Andr\u00e1s k\u00f6zrem\u0171k\u00f6d\u00e9s\u00e9vel.<\/p>\n\n\n<div class=\"wp-block-image\">\n<figure class=\"alignright\"><a href=\"http:\/\/www.muenster.org\/ungarn\/wp-content\/uploads\/2017\/11\/IMG_6349.jpg\"><img loading=\"lazy\" decoding=\"async\" width=\"3264\" height=\"2448\" src=\"http:\/\/www.muenster.org\/ungarn\/wp-content\/uploads\/2017\/11\/IMG_6349.jpg\" alt=\"IMG_6349\" class=\"wp-image-882\" srcset=\"http:\/\/www.muenster.org\/ungarn\/wp-content\/uploads\/2017\/11\/IMG_6349.jpg 3264w, http:\/\/www.muenster.org\/ungarn\/wp-content\/uploads\/2017\/11\/IMG_6349-300x225.jpg 300w, http:\/\/www.muenster.org\/ungarn\/wp-content\/uploads\/2017\/11\/IMG_6349-1024x768.jpg 1024w\" sizes=\"auto, (max-width: 3264px) 100vw, 3264px\" \/><\/a><\/figure>\n<\/div>\n\n\n<p><\/p>\n\n\n\n<p>2018 m\u00e1rcius 18.-\u00e1n \u00fcnnepelte &nbsp;15. sz\u00fclet\u00e9snapj\u00e1t a M\u00fcnsteri N\u00e9met-Magyar T\u00e1rsas\u00e1g a N\u00e9met-Magyar Bar\u00e1ts\u00e1gf\u00e1n\u00e1l,&nbsp; Dr. Hidasi Eszter Zs\u00f3fia konzul asszony k\u00f6zrem\u0171k\u00f6d\u00e9s\u00e9vel. Ugyanazon a napon ker\u00fclt sor a Cinema filmszinh\u00e1zban egy nem-nyilv\u00e1nos \u00fcnneps\u00e9gre is Wendela-Beate Vilhjalmsson, M\u00fcnster v\u00e1ros polg\u00e1rmestern<span class=\"st\">\u0151<\/span>j\u00e9nek jelenl\u00e9t\u00e9ben.<\/p>\n\n\n<div class=\"wp-block-image\">\n<figure class=\"alignright\"><a href=\"http:\/\/www.muenster.org\/ungarn\/wp-content\/uploads\/2018\/03\/IMG_7486.jpg\"><img loading=\"lazy\" decoding=\"async\" width=\"3264\" height=\"2448\" src=\"http:\/\/www.muenster.org\/ungarn\/wp-content\/uploads\/2018\/03\/IMG_7486.jpg\" alt=\"IMG_7486\" class=\"wp-image-933\" srcset=\"http:\/\/www.muenster.org\/ungarn\/wp-content\/uploads\/2018\/03\/IMG_7486.jpg 3264w, http:\/\/www.muenster.org\/ungarn\/wp-content\/uploads\/2018\/03\/IMG_7486-300x225.jpg 300w, http:\/\/www.muenster.org\/ungarn\/wp-content\/uploads\/2018\/03\/IMG_7486-1024x768.jpg 1024w\" sizes=\"auto, (max-width: 3264px) 100vw, 3264px\" \/><\/a><\/figure>\n<\/div>\n\n\n<p><\/p>\n\n\n\n<p>Magyarorsz\u00e1g EU-bel\u00e9p\u00e9s\u00e9nek 15. \u00e9vfordul\u00f3j\u00e1ra (2018. m\u00e1jus 1) kivir\u00e1gzott az eur\u00f3pai vir\u00e1gsz<span class=\"st\">\u0151<\/span>nyeg a <a href=\"http:\/\/www.muenster.org\/ungarn\/nemet-magyar-baratsagfa\/\">n\u00e9met-magyar bar\u00e1ts\u00e1gfa<\/a> k\u00f6r\u00fcl.<\/p>\n\n\n<div class=\"wp-block-image\">\n<figure class=\"aligncenter is-resized\"><a href=\"http:\/\/www.muenster.org\/ungarn\/wp-content\/uploads\/2019\/05\/DUG-Blumenteppich2_2019-e1556708455189.jpg\"><img loading=\"lazy\" decoding=\"async\" width=\"2448\" height=\"2448\" src=\"http:\/\/www.muenster.org\/ungarn\/wp-content\/uploads\/2019\/05\/DUG-Blumenteppich2_2019-e1556708455189.jpg\" alt=\"Blumenteppich 2019\" class=\"wp-image-994\" style=\"width:514px;height:auto\" srcset=\"http:\/\/www.muenster.org\/ungarn\/wp-content\/uploads\/2019\/05\/DUG-Blumenteppich2_2019-e1556708455189.jpg 2448w, http:\/\/www.muenster.org\/ungarn\/wp-content\/uploads\/2019\/05\/DUG-Blumenteppich2_2019-e1556708455189-150x150.jpg 150w, http:\/\/www.muenster.org\/ungarn\/wp-content\/uploads\/2019\/05\/DUG-Blumenteppich2_2019-e1556708455189-300x300.jpg 300w, http:\/\/www.muenster.org\/ungarn\/wp-content\/uploads\/2019\/05\/DUG-Blumenteppich2_2019-e1556708455189-1024x1024.jpg 1024w\" sizes=\"auto, (max-width: 2448px) 100vw, 2448px\" \/><\/a><\/figure>\n<\/div>\n\n\n<p>Magyarorsz\u00e1g EU-bel\u00e9p\u00e9s\u00e9nek 20. \u00e9vfordul\u00f3ja  alkalm\u00e1b\u00f3l  sor  ker\u00fclt az eur\u00f3pai vir\u00e1gsz<span class=\"st\">\u0151<\/span>nyeg \u00fajra\u00fcltet\u00e9s\u00e9re \u00e9s kisz\u00e9les\u00edt\u00e9s\u00e9re:<\/p>\n\n\n\n<p>2024 m\u00e1rcius\u00e1ban &#8211; miut\u00e1n \u00e9hes (h\u00fasv\u00e9ti) nyuszik megett\u00e9k a k\u00e9k csillag (szkilla) vir\u00e1gokat &#8211; nefelejcseket \u00fcltett\u00fcnk helyett\u00fck.<\/p>\n\n\n\n<p><\/p>\n\n\n\n<p><\/p>\n\n\n<div class=\"wp-block-image\">\n<figure class=\"aligncenter\"><a href=\"http:\/\/www.muenster.org\/ungarn\/wp-content\/uploads\/2024\/03\/Blumenteppichneu1-scaled.jpg\"><img loading=\"lazy\" decoding=\"async\" width=\"300\" height=\"225\" src=\"http:\/\/www.muenster.org\/ungarn\/wp-content\/uploads\/2024\/03\/Blumenteppichneu1-300x225.jpg\" alt=\"\" class=\"wp-image-1439\" srcset=\"http:\/\/www.muenster.org\/ungarn\/wp-content\/uploads\/2024\/03\/Blumenteppichneu1-300x225.jpg 300w, http:\/\/www.muenster.org\/ungarn\/wp-content\/uploads\/2024\/03\/Blumenteppichneu1-1024x768.jpg 1024w, http:\/\/www.muenster.org\/ungarn\/wp-content\/uploads\/2024\/03\/Blumenteppichneu1-768x576.jpg 768w, http:\/\/www.muenster.org\/ungarn\/wp-content\/uploads\/2024\/03\/Blumenteppichneu1-1536x1152.jpg 1536w, http:\/\/www.muenster.org\/ungarn\/wp-content\/uploads\/2024\/03\/Blumenteppichneu1-2048x1536.jpg 2048w\" sizes=\"auto, (max-width: 300px) 100vw, 300px\" \/><\/a><\/figure>\n<\/div>\n\n\n<p>2024 j\u00fanius\u00e1ban\u00a0 ker\u00fclt sor az eur\u00f3pai vir\u00e1gsz\u0151nyeg kiterjeszt\u00e9s\u00e9re k\u00fcl\u00f6nf\u00e9le k\u00e9k vir\u00e1gok magjainak el\u00fcltet\u00e9s\u00e9vel.<\/p>\n\n\n<div class=\"wp-block-image\">\n<figure class=\"aligncenter size-large is-resized\"><a href=\"http:\/\/www.muenster.org\/ungarn\/wp-content\/uploads\/2024\/06\/20240628_095910-scaled.jpg\"><img loading=\"lazy\" decoding=\"async\" width=\"1024\" height=\"768\" src=\"http:\/\/www.muenster.org\/ungarn\/wp-content\/uploads\/2024\/06\/20240628_095910-1024x768.jpg\" alt=\"\" class=\"wp-image-1489\" style=\"width:359px;height:auto\" srcset=\"http:\/\/www.muenster.org\/ungarn\/wp-content\/uploads\/2024\/06\/20240628_095910-1024x768.jpg 1024w, http:\/\/www.muenster.org\/ungarn\/wp-content\/uploads\/2024\/06\/20240628_095910-300x225.jpg 300w, http:\/\/www.muenster.org\/ungarn\/wp-content\/uploads\/2024\/06\/20240628_095910-768x576.jpg 768w, http:\/\/www.muenster.org\/ungarn\/wp-content\/uploads\/2024\/06\/20240628_095910-1536x1152.jpg 1536w, http:\/\/www.muenster.org\/ungarn\/wp-content\/uploads\/2024\/06\/20240628_095910-2048x1536.jpg 2048w\" sizes=\"auto, (max-width: 1024px) 100vw, 1024px\" \/><\/a><\/figure>\n<\/div>\n\n\n<p>A M\u00fcnsteri N\u00e9met-Magyar T\u00e1rsas\u00e1g ez\u00faton szeretn\u00e9 megk\u00f6sz\u00f6nni a Hatt Faiskola<a href=\"http:\/\/www.hatt-baumschulen.de\/\"> (Baumschule Hatt)<\/a> t\u00e1mogat\u00e1s\u00e1t, amely a f\u00e1t d\u00edjmentesen a rendelkez\u00e9s\u00fcnkre bocs\u00e1totta, valamint M\u00fcnster v\u00e1ros <span id=\"result_box\" lang=\"hu\">K\u00f6rnyezetv\u00e9delmi Hivatal\u00e1nak <\/span><a href=\"http:\/\/www.stadt-muenster.de\/sae\/amt-fuer-gruenflaechen-umwelt-und-nachhaltigkeit.html\">(Amt f\u00fcr Gl\u00fcnfl\u00e4chen, Umwelt und Nachhaltigkeit der Stadt M\u00fcnster) <\/a>\u00e9s<a href=\"http:\/\/www.stadt-muenster.de\/sae\/amt-fuer-gruenflaechen-umwelt-und-nachhaltigkeit.html\"><a href=\"https:\/\/www.gartenbau.org\/schwarzenbek\/stephan-lange-garten--und-landschafts--bau-aULAU9\"> Stephan Lange-nak \u00e9s csapat\u00e1nak<\/a> <\/a>seg\u00edts\u00e9g\u00e9t, akik elv\u00e1llalt\u00e1k az \u00fcltet\u00e9st \u00e9s a gondoz\u00e1st!<\/p>\n","protected":false},"excerpt":{"rendered":"<p>A m\u00fcnsteri N\u00e9met-Magyar Bar\u00e1ts\u00e1gf\u00e1t 2004-ben \u00fcltett\u00fck Magyarorsz\u00e1gnak az Eur\u00f3pai Uni\u00f3ba val\u00f3 bel\u00e9p\u00e9se alkalm\u00e1b\u00f3l. A bar\u00e1ts\u00e1gfa a k\u00fcl\u00f6nb\u00f6z\u0151 kult\u00far\u00e1kb\u00f3l sz\u00e1rmaz\u00f3 emberek b\u00e9k\u00e9s \u00e9s bar\u00e1ts\u00e1gos egy\u00fctt\u00e9l\u00e9s\u00e9t, f\u0151k\u00e9nt a n\u00e9met-magyar bar\u00e1ts\u00e1got szimboliz\u00e1lja. Mi\u00e9rt \u00e9ppen egy fa? A f\u00e1knak az emberi civiliz\u00e1-ci\u00f3 kezdete \u00f3ta k\u00fcl\u00f6nleges szimbolikus&nbsp;er\u0151t tulajdo-n\u00edtunk.&nbsp; Gondoljanak csak az \u00c9denkert almaf\u00e1j\u00e1ra vagy az \u00e9gig\u00e9r\u0151 fa mot\u00edvum\u00e1ra a magyar &hellip; <a href=\"http:\/\/www.muenster.org\/ungarn\/nemet-magyar-baratsagfa\/\" class=\"more-link\"><span class=\"screen-reader-text\">N\u00e9met-Magyar Bar\u00e1ts\u00e1gfa \u00e9s eur\u00f3pai vir\u00e1gsz\u0151nyeg<\/span> weiterlesen <span class=\"meta-nav\">&rarr;<\/span><\/a><\/p>\n","protected":false},"author":1,"featured_media":0,"parent":0,"menu_order":0,"comment_status":"closed","ping_status":"closed","template":"","meta":{"footnotes":""},"class_list":["post-841","page","type-page","status-publish","hentry"],"_links":{"self":[{"href":"http:\/\/www.muenster.org\/ungarn\/wp-json\/wp\/v2\/pages\/841","targetHints":{"allow":["GET"]}}],"collection":[{"href":"http:\/\/www.muenster.org\/ungarn\/wp-json\/wp\/v2\/pages"}],"about":[{"href":"http:\/\/www.muenster.org\/ungarn\/wp-json\/wp\/v2\/types\/page"}],"author":[{"embeddable":true,"href":"http:\/\/www.muenster.org\/ungarn\/wp-json\/wp\/v2\/users\/1"}],"replies":[{"embeddable":true,"href":"http:\/\/www.muenster.org\/ungarn\/wp-json\/wp\/v2\/comments?post=841"}],"version-history":[{"count":26,"href":"http:\/\/www.muenster.org\/ungarn\/wp-json\/wp\/v2\/pages\/841\/revisions"}],"predecessor-version":[{"id":1505,"href":"http:\/\/www.muenster.org\/ungarn\/wp-json\/wp\/v2\/pages\/841\/revisions\/1505"}],"wp:attachment":[{"href":"http:\/\/www.muenster.org\/ungarn\/wp-json\/wp\/v2\/media?parent=841"}],"curies":[{"name":"wp","href":"https:\/\/api.w.org\/{rel}","templated":true}]}}