{"id":568,"date":"2020-04-09T14:09:00","date_gmt":"2020-04-09T12:09:00","guid":{"rendered":"http:\/\/www.muenster.org\/projektmarischa\/?page_id=568"},"modified":"2024-11-22T09:38:42","modified_gmt":"2024-11-22T08:38:42","slug":"prostschg","status":"publish","type":"page","link":"http:\/\/www.muenster.org\/projektmarischa\/prostschg\/","title":{"rendered":"F\u00fcr Forschende &#038; Medien"},"content":{"rendered":"<h1 style=\"text-align: left; color: rgb(75, 77, 78) !important; --tcb-applied-color: rgb(75, 77, 78) !important;\"><strong><span style=\"--tcb-applied-color: rgb(75, 77, 78) !important;\">F\u00fcr Medien<\/span><\/strong><\/h1>\n<h3 style=\"\"><span style=\"\">Uns erreichen immer wieder Presseanfragen. Um diese bearbeiten zu k\u00f6nnen, muss vorab Folgendes beachtet werden:&nbsp;<\/span><\/h3>\n<ul>\n<li>\n<h3 style=\"\"><span style=\"\">Um welche Form von Berichterstattung handelt es sich? Geht es um einen Zeitungsbericht, um eine Reportage oder anderes?<\/span><\/h3>\n<\/li>\n<li>\n<h3 style=\"\"><span style=\"\">Welche Ziele und Zwecke werden mit der Berichterstattung verfolgt? Geht es um eine differenzierte Auseinandersetzung? Werden bestimmte Stereotype bedient? Haben sich die Betreffenden eingehend mit der Thematik besch\u00e4ftigt und wissen um ihre Verantwortung?<\/span><\/h3>\n<\/li>\n<li>\n<h3 style=\"\"><span style=\"\">Kurzfristige Anfragen sind aufgrund unserer haupts\u00e4chlichen Arbeit nicht m\u00f6glich. Wir brauchen eine Vorlaufzeit, um die Anfrage planen und umsetzen zu k\u00f6nnen<\/span><\/h3>\n<\/li>\n<li>\n<h3 style=\"\"><span style=\"\">Fragen (z.B. bei Interviews) m\u00fcssen uns vorab gesendet werden<\/span><\/h3>\n<\/li>\n<li>\n<h3 style=\"\"><span style=\"\">Vor der Ver\u00f6ffentlichung m\u00f6chten wir einen Blick in die finale Version werfen<\/span><\/h3>\n<\/li>\n<li>\n<h3 style=\"\"><span style=\"\">Unsere Adressierten k\u00f6nnen weder gefilmt noch fotografiert oder auf Band aufgenommen werden<\/span><span style=\"\"><\/span><\/h3>\n<\/li>\n<li>\n<h3 style=\"\"><span style=\"\">Eine Begleitung unserer aufsuchenden Arbeit ist nicht m\u00f6glich<\/span><\/h3>\n<\/li>\n<\/ul>\n<h1 style=\"text-align: left; color: rgb(75, 77, 78) !important; --tcb-applied-color: rgb(75, 77, 78) !important;\"><strong><span style=\"--tcb-applied-color: rgb(75, 77, 78) !important;\">F\u00fcr Forschende<\/span><\/strong><\/h1>\n<h3 style=\"\"><span style=\"font-weight: normal;\"><span style=\"font-family: Arial, Helvetica, sans-serif;\">Wir stellen uns immer wieder gerne f\u00fcr differenzierte und objektive Forschung zur Verf\u00fcgung. Bei einer Anfrage zu Forschungszwecken sollten folgende Infos bereitgestellt werden:<\/span><\/span><\/h3>\n<ul>\n<li style=\"\">\n<h3><span style=\"font-weight: normal;\"><span style=\"font-family: Arial, Helvetica, sans-serif; font-size: 20px;\">Wer ist die forschende Person, welchem Institut geh\u00f6rt sie an und von wem wird sie betreut?<\/span><\/span><\/h3>\n<\/li>\n<li style=\"\">\n<h3><span style=\"font-size: 20px;\"><span style=\"font-weight: normal;\"><span style=\"font-family: Arial, Helvetica, sans-serif;\">Wie lautet die forschungsleitende Fragestellung und was ist das Ziel der Untersuchung?<\/span><\/span><\/span><\/h3>\n<\/li>\n<li style=\"\">\n<h3><span style=\"font-size: 20px;\"><span style=\"font-weight: normal;\"><span style=\"font-family: Arial, Helvetica, sans-serif;\">Um welche Art von Forschung handelt es sich? Geht es um qualitative Methoden wie Interviews oder ethnographische Studien? Oder ist die Forschung quantitativ angelegt?<\/span><\/span><\/span><\/h3>\n<\/li>\n<li style=\"\">\n<h3><span style=\"font-size: 20px;\"><span style=\"font-weight: normal;\"><span style=\"font-family: Arial, Helvetica, sans-serif;\">Wer soll befragt werden? Geht es um die Fachkr\u00e4fte, die Ehrenamtlichen oder die Adressierten des Projekts?<\/span><\/span><\/span><span style=\"font-size: 20px;\"><span style=\"font-weight: normal;\"><span style=\"font-family: Arial, Helvetica, sans-serif;\"><\/span><\/span><\/span><\/h3>\n<\/li>\n<li style=\"\">\n<h3><span><span style=\"font-weight: normal;\"><span style=\"font-family: Arial, Helvetica, sans-serif; font-size: 20px;\">In welchem Zeitraum soll die Untersuchung stattfinden und wie viel Zeit wird sie in Anspruch nehmen?<\/span><\/span><\/span><\/h3>\n<\/li>\n<li style=\"\">Wo und wann wird die Studie ver\u00f6ffentlicht? <span><span style=\"font-weight: normal;\"><span style=\"font-family: Arial, Helvetica, sans-serif; font-size: 20px;\"><\/span><\/span> <\/span><\/li>\n<\/ul>\n<h3 style=\"\"><span style=\"font-weight: normal;\">Hilfreiche Informationen f\u00fcr Forschende finden sich auch unter: <a href=\"https:\/\/www.hydra-berlin.de\/fileadmin\/_hydra\/Infos___Materalien\/2022-02_HinweiseForscherinnen.pdf\" target=\"_blank\" style=\"outline: none;\" rel=\"noopener\">https:\/\/www.hydra-berlin.de\/fileadmin\/_hydra\/Infos___Materalien\/2022-02_HinweiseForscherinnen.pdf<\/a><\/span><\/h3>\n<h3 style=\"\"><span style=\"font-weight: normal;\"><span style=\"font-family: Tahoma, Geneva, sans-serif; font-size: 18px;\"><\/span><\/span><\/h3>\n<p style=\"text-align: center;\">Kontakt<\/p>\n<p><span style=\"width: 100%;\"><a href=\"http:\/\/muenster.org\/projektmarischa\/kontakt\"><img decoding=\"async\" alt=\"\" title=\"adress_icon_03\" data-id=\"25402\" src=\"\/\/www.muenster.org\/projektmarischa\/wp-content\/uploads\/tcb_content_templates\/stylebox\/images\/adress_icon_03.png\" style=\"\" data-link-wrap=\"true\" loading=\"lazy\" width=\"36\" height=\"36\" data-width=\"36\" data-height=\"36\" data-init-width=\"48\" data-init-height=\"48\"><\/a><\/span><\/p>\n<p style=\"text-align: center;\"><span style=\"font-family: &quot;Open Sans&quot;;\"><span style=\"font-size: 16px;\">Nina: +49 251 4924903 oder<\/span><\/span><\/p>\n<p style=\"text-align: center;\"><span style=\"font-family: &quot;Open Sans&quot;;\"><span style=\"font-size: 16px;\">&nbsp;+49 175 2210547 (auch Whatsapp)<\/span><\/span><\/p>\n<p style=\"text-align: center;\"><span style=\"font-family: &quot;Open Sans&quot;;\"><span style=\"font-size: 16px;\">Susanne: +49 251 4924760 oder<\/span><\/span><\/p>\n<p style=\"text-align: center;\"><span style=\"font-family: &quot;Open Sans&quot;;\"><span style=\"font-size: 16px;\">&nbsp;+49 1511 0671972 (auch Whatsapp)<\/span><\/span><\/p>\n<p style=\"text-align: center;\"><span style=\"font-family: &quot;Open Sans&quot;;\"><span style=\"font-size: 16px;\">Mail:&nbsp;<\/span><\/span><span><span>ProjektMarischa@stadt-muenster.de<\/span><\/span><\/p>\n<p style=\"text-align: center;\">Spenden<\/p>\n<p><span style=\"width: 100%;\"><a href=\"http:\/\/muenster.org\/projektmarischa\/kontakt\"><img decoding=\"async\" alt=\"\" title=\"adress_icon_02\" data-id=\"25398\" src=\"\/\/www.muenster.org\/projektmarischa\/wp-content\/uploads\/tcb_content_templates\/stylebox\/images\/adress_icon_02.png\" style=\"\" data-link-wrap=\"true\" loading=\"lazy\" width=\"49\" height=\"48\"><\/a><\/span><\/p>\n<p style=\"text-align: center; line-height: 1.6em !important;\"><span style=\"font-size: 16px;\">F\u00f6rderverein Projekt Marischa<\/span><\/p>\n<p style=\"text-align: center; letter-spacing: 0px; line-height: 1.6em !important;\"><span style=\"font-size: 16px;\"><span style=\"text-decoration: none; display: inline-block;\">IBAN: DE53 8306 5408 0005 2432 03<\/span><\/span><\/p>\n<p style=\"text-align: center; letter-spacing: 0px; line-height: 1.6em !important;\"><span style=\"font-size: 16px;\"><span style=\"text-decoration: none; display: inline-block;\">BIC: GENODEF1SLR<\/span><\/span><\/p>\n<p style=\"text-align: center; letter-spacing: 0px; line-height: 1.6em !important;\"><span style=\"font-size: 16px;\"><span style=\"text-decoration: none; display: inline-block;\">Verwendungszweck: Projekt Marischa<\/span><\/span><strong><\/strong><\/p>\n<p style=\"text-align: center; letter-spacing: 0px; line-height: 1.6em !important;\">\n","protected":false},"excerpt":{"rendered":"<p>F\u00fcr Medien Uns erreichen immer wieder Presseanfragen. Um diese bearbeiten zu k\u00f6nnen, muss vorab Folgendes beachtet werden:&nbsp; Um welche Form von Berichterstattung handelt es sich? Geht es um einen Zeitungsbericht, um eine Reportage oder anderes? Welche Ziele und Zwecke werden mit der Berichterstattung verfolgt? Geht es um eine differenzierte Auseinandersetzung? Werden bestimmte Stereotype bedient? Haben [&hellip;]<\/p>\n","protected":false},"author":1,"featured_media":0,"parent":0,"menu_order":0,"comment_status":"closed","ping_status":"closed","template":"","meta":{"footnotes":""},"class_list":["post-568","page","type-page","status-publish","hentry"],"_links":{"self":[{"href":"http:\/\/www.muenster.org\/projektmarischa\/wp-json\/wp\/v2\/pages\/568","targetHints":{"allow":["GET"]}}],"collection":[{"href":"http:\/\/www.muenster.org\/projektmarischa\/wp-json\/wp\/v2\/pages"}],"about":[{"href":"http:\/\/www.muenster.org\/projektmarischa\/wp-json\/wp\/v2\/types\/page"}],"author":[{"embeddable":true,"href":"http:\/\/www.muenster.org\/projektmarischa\/wp-json\/wp\/v2\/users\/1"}],"replies":[{"embeddable":true,"href":"http:\/\/www.muenster.org\/projektmarischa\/wp-json\/wp\/v2\/comments?post=568"}],"version-history":[{"count":47,"href":"http:\/\/www.muenster.org\/projektmarischa\/wp-json\/wp\/v2\/pages\/568\/revisions"}],"predecessor-version":[{"id":2093,"href":"http:\/\/www.muenster.org\/projektmarischa\/wp-json\/wp\/v2\/pages\/568\/revisions\/2093"}],"wp:attachment":[{"href":"http:\/\/www.muenster.org\/projektmarischa\/wp-json\/wp\/v2\/media?parent=568"}],"curies":[{"name":"wp","href":"https:\/\/api.w.org\/{rel}","templated":true}]}}