{"id":32,"date":"2020-03-07T18:49:29","date_gmt":"2020-03-07T17:49:29","guid":{"rendered":"http:\/\/www.muenster.org\/projektmarischa\/?page_id=32"},"modified":"2024-04-26T10:50:24","modified_gmt":"2024-04-26T08:50:24","slug":"was-wir-machen","status":"publish","type":"page","link":"http:\/\/www.muenster.org\/projektmarischa\/was-wir-machen\/","title":{"rendered":"Was wir machen"},"content":{"rendered":"<h1 style=\"text-align: center;\"><span style=\"font-family: Roboto; font-weight: 400;\">WAS WIR MACHEN<\/span><\/h1>\n<p style=\"text-align: justify;\">\n<p style=\"text-align: justify;\">Die Angebote von Projekt Marischa richten sich an alle Menschen in M\u00fcnster, die sexuelle Dienstleistungen anbieten &#8211; ob auf der Stra\u00dfe, in Bordellen, Appartements, als Escort oder digital, ob offiziell angemeldet oder nicht. Unsere Angebote erhalten Sexarbeitende dar\u00fcber hinaus unabh\u00e4ngig von Geschlecht, Alter oder Herkunft. Auch Menschen, die sich nicht freiwillig f\u00fcr die T\u00e4tigkeit entschieden haben, finden bei uns Unterst\u00fctzung. Diese gestalten wir aus \u00dcberzeugung wertsch\u00e4tzend, vertraulich und auf Wunsch auch anonym oder digital.&nbsp;<\/p>\n<p style=\"text-align: justify;\">&nbsp;<\/p>\n<p><span lang=\"ro\" style=\"font-size: 14px;\">Ofertele Project Marischa se adreseaz\u0103 tuturor persoanelor din M\u00fcnster care ofer\u0103 servicii<\/span><span style=\"font-size: 14px;\"><span lang=\"ro\">sexuale \u2013 fie pe strad\u0103, \u00een bordeluri, apartamente, ca escort\u0103 sau digital, fie c\u0103 sunt<\/span><span lang=\"ro\">\u00eenregistrate oficial sau nu. Lucr\u0103torii sexuali primesc \u0219i ofertele noastre indiferent de sex,<\/span><span lang=\"ro\">v\u00e2rst\u0103 sau origine. De asemenea, oferim sprijin persoanelor care nu au ales activitatea \u00een mod<\/span><span lang=\"ro\">voluntar. Suntem convin\u0219i c\u0103 acestea sunt concepute pentru a fi apreciative, confiden\u021biale \u0219i,<\/span><\/span><span lang=\"ro\" style=\"font-size: 14px;\">dac\u0103 se dore\u0219te, anonime sau digitale.<\/span><\/p>\n<p style=\"\">_________________<\/p>\n<p><span lang=\"bg\" style=\"font-size: 14px;\">\u041e\u0444\u0435\u0440\u0442\u0438\u0442\u0435 \u043d\u0430 Project Marischa \u0441\u0430 \u043d\u0430\u0441\u043e\u0447\u0435\u043d\u0438 \u043a\u044a\u043c \u0432\u0441\u0438\u0447\u043a\u0438 \u0445\u043e\u0440\u0430 \u0432 \u041c\u044e\u043d\u0441\u0442\u0435\u0440, \u043a\u043e\u0438\u0442\u043e \u043f\u0440\u0435\u0434\u043b\u0430\u0433\u0430\u0442 \u0441\u0435\u043a\u0441\u0443\u0430\u043b\u043d\u0438 \u0443\u0441\u043b\u0443\u0433\u0438 &#8211;<\/span><span style=\"font-size: 14px;\"><span lang=\"bg\">\u043d\u0435\u0437\u0430\u0432\u0438\u0441\u0438\u043c\u043e \u0434\u0430\u043b\u0438 \u0441\u0430 \u043d\u0430 \u0443\u043b\u0438\u0446\u0430\u0442\u0430, \u0432 \u0431\u043e\u0440\u0434\u0435\u0438, \u0430\u043f\u0430\u0440\u0442\u0430\u043c\u0435\u043d\u0442\u0438, \u043a\u0430\u0442\u043e \u0435\u0441\u043a\u043e\u0440\u0442 \u0438\u043b\u0438 \u0434\u0438\u0433\u0438\u0442\u0430\u043b\u043d\u043e, \u043d\u0435\u0437\u0430\u0432\u0438\u0441\u0438\u043c\u043e \u0434\u0430\u043b\u0438 \u0441\u0430 \u043e\u0444\u0438\u0446\u0438\u0430\u043b\u043d\u043e<\/span><span lang=\"bg\">\u0440\u0435\u0433\u0438\u0441\u0442\u0440\u0438\u0440\u0430\u043d\u0438 \u0438\u043b\u0438 \u043d\u0435. \u0421\u0435\u043a\u0441 \u0440\u0430\u0431\u043e\u0442\u043d\u0438\u0446\u0438\u0442\u0435 \u0441\u044a\u0449\u043e \u043f\u043e\u043b\u0443\u0447\u0430\u0432\u0430\u0442 \u043d\u0430\u0448\u0438\u0442\u0435 \u043f\u0440\u0435\u0434\u043b\u043e\u0436\u0435\u043d\u0438\u044f, \u043d\u0435\u0437\u0430\u0432\u0438\u0441\u0438\u043c\u043e \u043e\u0442 \u043f\u043e\u043b, \u0432\u044a\u0437\u0440\u0430\u0441\u0442 \u0438\u043b\u0438 \u043f\u0440\u043e\u0438\u0437\u0445\u043e\u0434.<\/span><span lang=\"bg\">\u041f\u043e\u0434\u043f\u043e\u043c\u0430\u0433\u0430\u043c\u0435 \u0438 \u0445\u043e\u0440\u0430, \u043a\u043e\u0438\u0442\u043e \u043d\u0435 \u0441\u0430 \u0438\u0437\u0431\u0440\u0430\u043b\u0438 \u0434\u0435\u0439\u043d\u043e\u0441\u0442\u0442\u0430 \u0434\u043e\u0431\u0440\u043e\u0432\u043e\u043b\u043d\u043e. \u041d\u0438\u0435 \u0441\u043c\u0435 \u0443\u0431\u0435\u0434\u0435\u043d\u0438, \u0447\u0435 \u0442\u0435 \u0441\u0430 \u043f\u0440\u0435\u0434\u043d\u0430\u0437\u043d\u0430\u0447\u0435\u043d\u0438 \u0434\u0430 \u0431\u044a\u0434\u0430\u0442<\/span><\/span><span lang=\"bg\" style=\"font-size: 14px;\">\u0431\u043b\u0430\u0433\u043e\u0434\u0430\u0440\u043d\u0438, \u043f\u043e\u0432\u0435\u0440\u0438\u0442\u0435\u043b\u043d\u0438 \u0438, \u0430\u043a\u043e \u0436\u0435\u043b\u0430\u0435\u0442\u0435, \u0430\u043d\u043e\u043d\u0438\u043c\u043d\u0438 \u0438\u043b\u0438 \u0446\u0438\u0444\u0440\u043e\u0432\u0438.<\/span><\/p>\n<p style=\"\"><span lang=\"bg\">_________________<\/span><\/p>\n<p><span lang=\"en\" style=\"font-size: 14px;\">Project Marischa&#8217;s offers are aimed at all people in M\u00fcnster who offer sexual services &#8211;<\/span><span style=\"font-size: 14px;\"><span lang=\"en\">whether on the street, in brothels, apartments, as an escort or digitally, whether officially<\/span><span lang=\"en\">registered or not. Sex workers also receive our offers regardless of gender, age or origin.<\/span><span lang=\"en\">We also provide support for people who did not choose the activity voluntarily. We are convinced<\/span><\/span><span lang=\"en\" style=\"font-size: 14px;\">that these are designed to be appreciative, confidential and, if desired, anonymous or digital.<\/span><a href=\"#\"><span><span>Instance 1<\/span><\/span><\/a><\/p>\n<h5 style=\"color: rgb(51, 51, 51) !important; --tcb-applied-color: rgb(51, 51, 51) !important;\"><a href=\"http:\/\/www.muenster.org\/projektmarischa\/was-wir-machen\/beratung\" style=\"outline: none;\"><strong><span style=\"font-size: 20px; --tcb-applied-color: rgb(51, 51, 51) !important;\">Beratung &#8211; Sfat &#8211; \u0441\u044a\u0432\u0435\u0442 &#8211; ADVICE<\/span><\/strong><span lang=\"bg\"><strong><\/strong><\/span><\/a><\/h5>\n<p style=\"\"><em>Wir beraten wertsch\u00e4tzend und vertraulich in allen Bereichen!&nbsp;<\/em><\/p>\n<p><a href=\"http:\/\/www.muenster.org\/projektmarischa\/was-wir-machen\/beratung\">                    <\/a><\/p>\n<h5><span style=\"color: rgb(233, 133, 37);\"><\/span><a href=\"http:\/\/www.muenster.org\/projektmarischa\/was-wir-machen\/streetwork\" style=\"outline: none;\"><strong><span style=\"color: rgb(233, 133, 37);\"><span style=\"font-size: 20px;\">Streetwork<\/span><\/span><\/strong><\/a><\/h5>\n<p style=\"\"><em><span style=\"\">Streetwork auf der Siemensstra\u00dfe und aufsuchende Arbeit in den Bordellen &amp; Clubs<\/span><\/em><\/p>\n<p><a href=\"http:\/\/www.muenster.org\/projektmarischa\/was-wir-machen\/streetwork\">                    <\/a><\/p>\n<h5 style=\"\"><a href=\"http:\/\/www.muenster.org\/projektmarischa\/was-wir-machen\/begleitung\" style=\"outline: none;\"><strong>Begleitung <\/strong><strong><span lang=\"ro\">ACOMPANIAMENT<\/span><\/strong><strong><span lang=\"ro\">\u0421\u044a\u043f\u0440\u043e\u0432\u043e\u0434<\/span><\/strong><strong><span lang=\"en\">Accompaniment<\/span><\/strong><\/a><\/h5>\n<p style=\"\"><em><span style=\"\">Wir begleiten zu unterschiedlichen Stellen<\/span><\/em><\/p>\n<p><a href=\"http:\/\/www.muenster.org\/projektmarischa\/was-wir-machen\/begleitung\">                    <\/a><\/p>\n<h5><a href=\"http:\/\/www.muenster.org\/projektmarischa\/ueber-uns\" style=\"outline: none;\"><strong><span style=\"font-size: 20px;\">Mehr \u00fcber uns &#8211; More about us<\/span><\/strong><span lang=\"bg\">\u041f\u041e\u0412\u0415\u0427\u0415 \u0417\u0410 \u041d\u0410\u0421<\/span><span lang=\"ro\">MAI MULTE DESPRE NOI<\/span><\/a><\/h5>\n<h5><strong><span style=\"font-size: 20px;\"><\/span><\/strong><\/h5>\n<ul>\n<li style=\"\">                    <span style=\"\"><em>Um mehr \u00fcber das Projekt und uns zu erfahren, klick hier&#8230;<\/em><\/span><\/li>\n<\/ul>\n<h5><a href=\"http:\/\/www.muenster.org\/projektmarischa\/kontakt\/\" style=\"outline: none;\"><strong><span style=\"font-size: 20px;\">DU Willst uns Unterst\u00fctzen?<\/span><\/strong><\/a><\/h5>\n<ul>\n<li style=\"\">                    <span style=\"\"><em>Du willst Dich ehrenamtlich engagieren oder hast andere M\u00f6glichkeiten oder Ideen? <\/em><em>Sprich uns &nbsp;an.<\/em><\/span><\/li>\n<\/ul>\n","protected":false},"excerpt":{"rendered":"<p>WAS WIR MACHEN Die Angebote von Projekt Marischa richten sich an alle Menschen in M\u00fcnster, die sexuelle Dienstleistungen anbieten &#8211; ob auf der Stra\u00dfe, in Bordellen, Appartements, als Escort oder digital, ob offiziell angemeldet oder nicht. Unsere Angebote erhalten Sexarbeitende dar\u00fcber hinaus unabh\u00e4ngig von Geschlecht, Alter oder Herkunft. Auch Menschen, die sich nicht freiwillig f\u00fcr [&hellip;]<\/p>\n","protected":false},"author":1,"featured_media":0,"parent":0,"menu_order":0,"comment_status":"closed","ping_status":"closed","template":"","meta":{"footnotes":""},"class_list":["post-32","page","type-page","status-publish","hentry"],"_links":{"self":[{"href":"http:\/\/www.muenster.org\/projektmarischa\/wp-json\/wp\/v2\/pages\/32","targetHints":{"allow":["GET"]}}],"collection":[{"href":"http:\/\/www.muenster.org\/projektmarischa\/wp-json\/wp\/v2\/pages"}],"about":[{"href":"http:\/\/www.muenster.org\/projektmarischa\/wp-json\/wp\/v2\/types\/page"}],"author":[{"embeddable":true,"href":"http:\/\/www.muenster.org\/projektmarischa\/wp-json\/wp\/v2\/users\/1"}],"replies":[{"embeddable":true,"href":"http:\/\/www.muenster.org\/projektmarischa\/wp-json\/wp\/v2\/comments?post=32"}],"version-history":[{"count":139,"href":"http:\/\/www.muenster.org\/projektmarischa\/wp-json\/wp\/v2\/pages\/32\/revisions"}],"predecessor-version":[{"id":2030,"href":"http:\/\/www.muenster.org\/projektmarischa\/wp-json\/wp\/v2\/pages\/32\/revisions\/2030"}],"wp:attachment":[{"href":"http:\/\/www.muenster.org\/projektmarischa\/wp-json\/wp\/v2\/media?parent=32"}],"curies":[{"name":"wp","href":"https:\/\/api.w.org\/{rel}","templated":true}]}}