{"id":522,"date":"2017-12-17T20:33:50","date_gmt":"2017-12-17T19:33:50","guid":{"rendered":"http:\/\/kleineriesen.klassenkiste.de\/?page_id=522"},"modified":"2018-07-27T12:19:59","modified_gmt":"2018-07-27T10:19:59","slug":"lebensraum","status":"publish","type":"page","link":"http:\/\/www.muenster.org\/kita-kleine-riesen\/lebensraum\/","title":{"rendered":"Lebensraum"},"content":{"rendered":"<div id=\"pl-522\"  class=\"panel-layout\" ><div id=\"pg-522-0\"  class=\"panel-grid panel-has-style\" ><div class=\"panel-row-style panel-row-style-for-522-0\" ><div id=\"pgc-522-0-0\"  class=\"panel-grid-cell\" ><div class=\"container panel-cell-style panel-cell-style-for-522-0-0\" ><div class=\"clear\"><\/div>\r\n\t\t\t\t\t\t\t\t\t\t\t<div class=\"theme-heading marB30 positionR\">\r\n\t\t\t\t\t\t\t\t\t\t\t\t<div class=\"row\">\r\n\t\t\t\t\t\t\t\t\t\t\t\t\t<div class=\"col-md-4 col-sm-6 col-xs-10  col-md-offset-4 col-sm-offset-3 col-xs-offset-1 heading-box text-center\">\r\n\t\t\t\t\t\t\t\t\t\t\t\t\t\t<h3 class=\"theme-color marB10\">Unser Haus<\/h3>\r\n\t\t\t\t\t\t\t\t\t\t\t\t\t\t<span class=\" marB10\"> <i class=\"fa fa-child\" aria-hidden=\"true\"><\/i> <\/span>\r\n\t\t\t\t\t\t\t\t\t\t\t\t\t\t<p class=\" marB10\"><\/p>\r\n\t\t\t\t\t\t\t\t\t\t\t\t\t<\/div>\r\n\t\t\t\t\t\t\t\t\t\t\t\t<\/div>\r\n\t\t\t\t\t\t\t\t\t\t\t<\/div>\r\n\t\t\t\t\t\t\t\t\t\t\t<div class=\"clear\"><\/div><div id=\"panel-522-0-0-1\" class=\"so-panel widget widget_media_image\" data-index=\"1\" ><div class=\"panel-widget-style panel-widget-style-for-522-0-0-1\" ><img loading=\"lazy\" decoding=\"async\" width=\"640\" height=\"427\" src=\"http:\/\/www.muenster.org\/kita-kleine-riesen\/wp-content\/uploads\/2018\/05\/Snapseed-35-1024x683.jpeg\" class=\"image wp-image-706  attachment-large size-large\" alt=\"Haus 3\" style=\"max-width: 100%; height: auto;\" srcset=\"http:\/\/www.muenster.org\/kita-kleine-riesen\/wp-content\/uploads\/2018\/05\/Snapseed-35-1024x683.jpeg 1024w, http:\/\/www.muenster.org\/kita-kleine-riesen\/wp-content\/uploads\/2018\/05\/Snapseed-35-300x200.jpeg 300w, http:\/\/www.muenster.org\/kita-kleine-riesen\/wp-content\/uploads\/2018\/05\/Snapseed-35-768x512.jpeg 768w, http:\/\/www.muenster.org\/kita-kleine-riesen\/wp-content\/uploads\/2018\/05\/Snapseed-35-272x182.jpeg 272w, http:\/\/www.muenster.org\/kita-kleine-riesen\/wp-content\/uploads\/2018\/05\/Snapseed-35.jpeg 1500w\" sizes=\"(max-width: 640px) 100vw, 640px\" \/><\/div><\/div><div id=\"panel-522-0-0-2\" class=\"so-panel widget widget_text panel-last-child\" data-index=\"2\" >\t\t\t<div class=\"textwidget\"><p>Unsere Kita ist mehr als ein Geb\u00e4ude. In dem Einfamilienhaus sind die \u201eKleinen Riesen\u201c zu Hause. In der familienfreundlichen Atmosph\u00e4re wird gespielt, gegessen, geschlafen, gewachsen\u2026 Unser Haus ist ein LEBENS-RAUM<\/p>\n<\/div>\n\t\t<\/div><\/div><\/div><\/div><\/div><div id=\"pg-522-1\"  class=\"panel-grid panel-has-style\" ><div class=\"bg-curve-img panel-row-style panel-row-style-for-522-1\" ><div id=\"pgc-522-1-0\"  class=\"panel-grid-cell\" ><div class=\"container panel-cell-style panel-cell-style-for-522-1-0\" ><div class=\"clear\"><\/div>\r\n\t\t\t\t\t\t\t\t\t\t\t<div class=\"theme-heading marB30 positionR\">\r\n\t\t\t\t\t\t\t\t\t\t\t\t<div class=\"row\">\r\n\t\t\t\t\t\t\t\t\t\t\t\t\t<div class=\"col-md-4 col-sm-6 col-xs-10  col-md-offset-4 col-sm-offset-3 col-xs-offset-1 heading-box text-center\">\r\n\t\t\t\t\t\t\t\t\t\t\t\t\t\t<h3 class=\"colorW marB10\">Innen<\/h3>\r\n\t\t\t\t\t\t\t\t\t\t\t\t\t\t<span class=\"colorW marB10\"> <i class=\"fa fa-child\" aria-hidden=\"true\"><\/i> <\/span>\r\n\t\t\t\t\t\t\t\t\t\t\t\t\t\t<p class=\"colorW marB10\">Unser Haus von Innen\r\n\t\t\t\t\t\t\t\t\t\t\t\t\t\t<\/p>\r\n\t\t\t\t\t\t\t\t\t\t\t\t\t<\/div>\r\n\t\t\t\t\t\t\t\t\t\t\t\t<\/div>\r\n\t\t\t\t\t\t\t\t\t\t\t<\/div>\r\n\t\t\t\t\t\t\t\t\t\t\t<div class=\"clear\"><\/div><div id=\"panel-522-1-0-1\" class=\"so-panel widget widget_siteorigin-panels-builder panel-last-child\" data-index=\"4\" ><div id=\"pl-w5af8705d50aa0\"  class=\"panel-layout\" ><div id=\"pg-w5af8705d50aa0-0\"  class=\"panel-grid panel-no-style\" ><div id=\"pgc-w5af8705d50aa0-0-0\"  class=\"panel-grid-cell\" ><div id=\"panel-w5af8705d50aa0-0-0-0\" class=\"so-panel widget widget_text panel-first-child panel-last-child\" data-index=\"0\" ><div class=\"panel-widget-style panel-widget-style-for-w5af8705d50aa0-0-0-0\" >\t\t\t<div class=\"textwidget\"><p>Unser Lebensraum erstreckt sich auf 2 Etagen, mit vielen unterschiedlichen R\u00e4umen.<\/p>\n<p>Das Herzst\u00fcck der Kita ist der Gruppenraum im Erdgescho\u00df, dort finden die Kinder vielf\u00e4ltige Spielm\u00f6glichkeiten und Spielmaterialien. Dazu geh\u00f6ren vor allem das gro\u00dfe Spielhaus mit Hochebene, eine gem\u00fctliche Sitzbank am Kachelofen und eine breite Fensterbank mit offenem Ausblick in den Garten, die zum Malen, Spielen und Geschichten-Lesen einl\u00e4dt.<\/p>\n<p>Der Nebenraum wird f\u00fcr gemeinsame Malzeiten oder f\u00fcr kreative Angebote genutzt.<\/p>\n<p>In der 1. Etage befinden sich ein weiterer Gruppenraum mit Aquarium, der Schlafraum und ein Bad mit Wickeltisch.<\/p>\n<p>F\u00fcr das Team befindet sich dort ein B\u00fcroraum.<\/p>\n<p>Unser Tobe-Raum unterm Dach bietet zahlreiche M\u00f6glichkeiten durch bereitstehende Turnmaterialien, Verkleidungen und viel Platz f\u00fcr Konstruktionsspiele.<\/p>\n<\/div>\n\t\t<\/div><\/div><\/div><div id=\"pgc-w5af8705d50aa0-0-1\"  class=\"panel-grid-cell\" ><div id=\"panel-w5af8705d50aa0-0-1-0\" class=\"so-panel widget widget_baby-house-widget baby-house panel-first-child panel-last-child\" data-index=\"1\" >\t\t<div class=\"owl-carousel owl-theme pagination-slider slider positionR\">\r\n\t\t\t\t\r\n\t\t<div class=\"item\">\r\n\t\t\t<figure>\r\n\t\t\t\t<img decoding=\"async\" src=\"http:\/\/kleineriesen.klassenkiste.de\/wp-content\/uploads\/2018\/05\/Snapseed-12.jpeg\" alt=\"\"\/>\r\n\t\t\t<\/figure>\r\n\t\t<\/div>\r\n\t\t\t\t\r\n\t\t<div class=\"item\">\r\n\t\t\t<figure>\r\n\t\t\t\t<img decoding=\"async\" src=\"http:\/\/kleineriesen.klassenkiste.de\/wp-content\/uploads\/2018\/05\/Snapseed-4.jpeg\" alt=\"\"\/>\r\n\t\t\t<\/figure>\r\n\t\t<\/div>\r\n\t\t\t\t\r\n\t\t<div class=\"item\">\r\n\t\t\t<figure>\r\n\t\t\t\t<img decoding=\"async\" src=\"http:\/\/kleineriesen.klassenkiste.de\/wp-content\/uploads\/2018\/05\/Snapseed-13.jpeg\" alt=\"\"\/>\r\n\t\t\t<\/figure>\r\n\t\t<\/div>\r\n\t\t\t\t<\/div>\t\t\r\n\t\t<\/div><\/div><\/div><\/div><\/div><\/div><\/div><\/div><\/div><div id=\"pg-522-2\"  class=\"panel-grid panel-has-style\" ><div class=\"panel-row-style panel-row-style-for-522-2\" ><div id=\"pgc-522-2-0\"  class=\"panel-grid-cell\" ><div class=\"container panel-cell-style panel-cell-style-for-522-2-0\" ><div class=\"clear\"><\/div>\r\n\t\t\t\t\t\t\t\t\t\t\t<div class=\"theme-heading marB30 positionR\">\r\n\t\t\t\t\t\t\t\t\t\t\t\t<div class=\"row\">\r\n\t\t\t\t\t\t\t\t\t\t\t\t\t<div class=\"col-md-4 col-sm-6 col-xs-10  col-md-offset-4 col-sm-offset-3 col-xs-offset-1 heading-box text-center\">\r\n\t\t\t\t\t\t\t\t\t\t\t\t\t\t<h3 class=\"theme-color marB10\">Aussen<\/h3>\r\n\t\t\t\t\t\t\t\t\t\t\t\t\t\t<span class=\" marB10\"> <i class=\"fa fa-child\" aria-hidden=\"true\"><\/i> <\/span>\r\n\t\t\t\t\t\t\t\t\t\t\t\t\t\t<p class=\" marB10\">Unser Haus von Aussen<\/p>\r\n\t\t\t\t\t\t\t\t\t\t\t\t\t<\/div>\r\n\t\t\t\t\t\t\t\t\t\t\t\t<\/div>\r\n\t\t\t\t\t\t\t\t\t\t\t<\/div>\r\n\t\t\t\t\t\t\t\t\t\t\t<div class=\"clear\"><\/div><div id=\"panel-522-2-0-1\" class=\"so-panel widget widget_siteorigin-panels-builder panel-last-child\" data-index=\"6\" ><div id=\"pl-w5af87934e1fbd\"  class=\"panel-layout\" ><div id=\"pg-w5af87934e1fbd-0\"  class=\"panel-grid panel-no-style\" ><div id=\"pgc-w5af87934e1fbd-0-0\"  class=\"panel-grid-cell\" ><div id=\"panel-w5af87934e1fbd-0-0-0\" class=\"so-panel widget widget_text panel-first-child panel-last-child\" data-index=\"0\" ><div class=\"panel-widget-style panel-widget-style-for-w5af87934e1fbd-0-0-0\" >\t\t\t<div class=\"textwidget\"><p>Frische Luft und Bewegung wird bei uns gro\u00df geschrieben.<\/p>\n<p>Der ger\u00e4umige Sandkasten bietet Platz f\u00fcr ausgiebige Erlebnisspiele.<\/p>\n<p>Auf der Terrasse nehmen die Kinder gerne den Nachmittagssnack ein. Ein Hochbeet wird bepflanzt und gepflegt und eine H\u00e4ngematte l\u00e4dt zu gem\u00fctlichen Pausen ein.<\/p>\n<p>Auf der angrenzenden Spielstra\u00dfe werden die Fahrzeuge erprobt und kleine Spiele erm\u00f6glicht.<\/p>\n<\/div>\n\t\t<\/div><\/div><\/div><div id=\"pgc-w5af87934e1fbd-0-1\"  class=\"panel-grid-cell\" ><div id=\"panel-w5af87934e1fbd-0-1-0\" class=\"so-panel widget widget_baby-house-widget baby-house panel-first-child panel-last-child\" data-index=\"1\" >\t\t<div class=\"owl-carousel owl-theme pagination-slider slider positionR\">\r\n\t\t\t\t\r\n\t\t<div class=\"item\">\r\n\t\t\t<figure>\r\n\t\t\t\t<img decoding=\"async\" src=\"http:\/\/kleineriesen.klassenkiste.de\/wp-content\/uploads\/2018\/05\/Snapseed-23.jpeg\" alt=\"\"\/>\r\n\t\t\t<\/figure>\r\n\t\t<\/div>\r\n\t\t\t\t\r\n\t\t<div class=\"item\">\r\n\t\t\t<figure>\r\n\t\t\t\t<img decoding=\"async\" src=\"http:\/\/kleineriesen.klassenkiste.de\/wp-content\/uploads\/2018\/05\/Snapseed-28.jpeg\" alt=\"\"\/>\r\n\t\t\t<\/figure>\r\n\t\t<\/div>\r\n\t\t\t\t\r\n\t\t<div class=\"item\">\r\n\t\t\t<figure>\r\n\t\t\t\t<img decoding=\"async\" src=\"http:\/\/kleineriesen.klassenkiste.de\/wp-content\/uploads\/2018\/05\/Snapseed-1.jpeg\" alt=\"\"\/>\r\n\t\t\t<\/figure>\r\n\t\t<\/div>\r\n\t\t\t\t\r\n\t\t<div class=\"item\">\r\n\t\t\t<figure>\r\n\t\t\t\t<img decoding=\"async\" src=\"http:\/\/kleineriesen.klassenkiste.de\/wp-content\/uploads\/2018\/05\/Snapseed-36.jpeg\" alt=\"\"\/>\r\n\t\t\t<\/figure>\r\n\t\t<\/div>\r\n\t\t\t\t<\/div>\t\t\r\n\t\t<\/div><\/div><\/div><\/div><\/div><\/div><\/div><\/div><\/div><\/div>","protected":false},"excerpt":{"rendered":"<p>Unsere Kita ist mehr als ein Geb\u00e4ude. In dem Einfamilienhaus sind die \u201eKleinen Riesen\u201c zu Hause. In der familienfreundlichen Atmosph\u00e4re wird gespielt, gegessen, geschlafen, gewachsen\u2026 Unser Haus ist ein LEBENS-RAUM<\/p>\n","protected":false},"author":1,"featured_media":0,"parent":0,"menu_order":0,"comment_status":"closed","ping_status":"closed","template":"page-templates\/default-fullwidth.php","meta":{"footnotes":""},"class_list":["post-522","page","type-page","status-publish","hentry"],"_links":{"self":[{"href":"http:\/\/www.muenster.org\/kita-kleine-riesen\/wp-json\/wp\/v2\/pages\/522"}],"collection":[{"href":"http:\/\/www.muenster.org\/kita-kleine-riesen\/wp-json\/wp\/v2\/pages"}],"about":[{"href":"http:\/\/www.muenster.org\/kita-kleine-riesen\/wp-json\/wp\/v2\/types\/page"}],"author":[{"embeddable":true,"href":"http:\/\/www.muenster.org\/kita-kleine-riesen\/wp-json\/wp\/v2\/users\/1"}],"replies":[{"embeddable":true,"href":"http:\/\/www.muenster.org\/kita-kleine-riesen\/wp-json\/wp\/v2\/comments?post=522"}],"version-history":[{"count":40,"href":"http:\/\/www.muenster.org\/kita-kleine-riesen\/wp-json\/wp\/v2\/pages\/522\/revisions"}],"predecessor-version":[{"id":839,"href":"http:\/\/www.muenster.org\/kita-kleine-riesen\/wp-json\/wp\/v2\/pages\/522\/revisions\/839"}],"wp:attachment":[{"href":"http:\/\/www.muenster.org\/kita-kleine-riesen\/wp-json\/wp\/v2\/media?parent=522"}],"curies":[{"name":"wp","href":"https:\/\/api.w.org\/{rel}","templated":true}]}}