{"id":485,"date":"2017-12-17T20:27:17","date_gmt":"2017-12-17T19:27:17","guid":{"rendered":"http:\/\/kleineriesen.klassenkiste.de\/?page_id=485"},"modified":"2018-07-27T12:17:03","modified_gmt":"2018-07-27T10:17:03","slug":"kinder","status":"publish","type":"page","link":"http:\/\/www.muenster.org\/kita-kleine-riesen\/kinder\/","title":{"rendered":"Kinder"},"content":{"rendered":"<div id=\"pl-485\"  class=\"panel-layout\" ><div id=\"pg-485-0\"  class=\"panel-grid panel-has-style\" ><div class=\"container panel-row-style panel-row-style-for-485-0\" ><div id=\"pgc-485-0-0\"  class=\"panel-grid-cell\" ><div class=\"clear\"><\/div>\r\n\t\t\t\t\t\t\t\t\t\t\t<div class=\"theme-heading marB30 positionR\">\r\n\t\t\t\t\t\t\t\t\t\t\t\t<div class=\"row\">\r\n\t\t\t\t\t\t\t\t\t\t\t\t\t<div class=\"col-md-4 col-sm-6 col-xs-10  col-md-offset-4 col-sm-offset-3 col-xs-offset-1 heading-box text-center\">\r\n\t\t\t\t\t\t\t\t\t\t\t\t\t\t<h3 class=\"theme-color marB10\">Ein Tag bei den Kleinen Riesen<\/h3>\r\n\t\t\t\t\t\t\t\t\t\t\t\t\t\t<span class=\" marB10\"> <i class=\"fa fa-child\" aria-hidden=\"true\"><\/i> <\/span>\r\n\t\t\t\t\t\t\t\t\t\t\t\t\t\t<p class=\" marB10\">Ein Tag f\u00fcr einen Kleinen Riesen ist immer voller Abenteuer, daher sind auch feste Strukturen im Tagesablauf  verankert. Dies gibt den Kindern Sicherheit.<\/p>\r\n\t\t\t\t\t\t\t\t\t\t\t\t\t<\/div>\r\n\t\t\t\t\t\t\t\t\t\t\t\t<\/div>\r\n\t\t\t\t\t\t\t\t\t\t\t<\/div>\r\n\t\t\t\t\t\t\t\t\t\t\t<div class=\"clear\"><\/div><div id=\"panel-485-0-0-1\" class=\"so-panel widget widget_siteorigin-panels-builder panel-last-child\" data-index=\"1\" ><div id=\"pl-w5b5aeea7c20b2\"  class=\"panel-layout\" ><div id=\"pg-w5b5aeea7c20b2-0\"  class=\"panel-grid panel-no-style\" ><div id=\"pgc-w5b5aeea7c20b2-0-0\"  class=\"panel-grid-cell\" ><div id=\"panel-w5b5aeea7c20b2-0-0-0\" class=\"so-panel widget widget_media_image panel-first-child panel-last-child\" data-index=\"0\" ><img loading=\"lazy\" decoding=\"async\" width=\"640\" height=\"965\" src=\"http:\/\/www.muenster.org\/kita-kleine-riesen\/wp-content\/uploads\/2018\/05\/Snapseed-15-679x1024.jpeg\" class=\"image wp-image-686  attachment-large size-large\" alt=\"Garten 2\" style=\"max-width: 100%; height: auto;\" srcset=\"http:\/\/www.muenster.org\/kita-kleine-riesen\/wp-content\/uploads\/2018\/05\/Snapseed-15-679x1024.jpeg 679w, http:\/\/www.muenster.org\/kita-kleine-riesen\/wp-content\/uploads\/2018\/05\/Snapseed-15-199x300.jpeg 199w, http:\/\/www.muenster.org\/kita-kleine-riesen\/wp-content\/uploads\/2018\/05\/Snapseed-15-768x1159.jpeg 768w, http:\/\/www.muenster.org\/kita-kleine-riesen\/wp-content\/uploads\/2018\/05\/Snapseed-15.jpeg 994w\" sizes=\"(max-width: 640px) 100vw, 640px\" \/><\/div><\/div><div id=\"pgc-w5b5aeea7c20b2-0-1\"  class=\"panel-grid-cell\" ><div id=\"panel-w5b5aeea7c20b2-0-1-0\" class=\"so-panel widget widget_text panel-first-child panel-last-child\" data-index=\"1\" ><div class=\"panel-widget-style panel-widget-style-for-w5b5aeea7c20b2-0-1-0\" >\t\t\t<div class=\"textwidget\"><p><strong>7.30 &#8211; 9.15 Uhr<\/strong><br \/>\n<u>Offene Bringzeit<\/u>: Zeit zum Fr\u00fchst\u00fccken und um im freien Spiel in der Kita anzukommen.<\/p>\n<p><strong><br \/>\n9.30 &#8211; 10.00 Uhr<\/strong><br \/>\n<u>Morgenkreis<\/u>: Zeit sich zu begr\u00fc\u00dfen, zu singen, gemeinsam zu spielen und den Tag zu besprechen.<\/p>\n<p><strong><br \/>\n10.00 &#8211; 12.00 Uhr<\/strong><br \/>\n<u>Tagesaktivit\u00e4t:<\/u> Zeit zum Spielen, Lernen und Wachsen. Zeit f\u00fcr Ausfl\u00fcge, zum Turnen und Tanzen. Zeit f\u00fcr altersspezifische F\u00f6rderung.<\/p>\n<p><strong><br \/>\n11.30 &#8211; 12.30 Uhr<\/strong><br \/>\nMittagessen in Kleingruppen.<\/p>\n<p><strong><br \/>\n12.00 &#8211; 14.30 Uhr<\/strong><br \/>\n<u>Mittagszeit<\/u>: Zeit zur Pflege der U3 Kinder, Zeit sich auf den Mittagsschlaf vorzubereiten, zu schlafen \/\u00a0Zeit der Ruhe f\u00fcr die \u00dc3 Riesen, B\u00fccher zu lesen oder die M\u00f6glichkeit zu schlafen.<\/p>\n<p><strong><br \/>\n15.00 Uhr<\/strong><br \/>\n<u>Imbiss:<\/u> Zeit f\u00fcr einen gesunden Snack, Obst und Gem\u00fcse &#8211; immer zuckerfrei.<\/p>\n<p><strong><br \/>\n15.30 &#8211; 16.30 Uhr<\/strong><br \/>\nZeit zum Freispiel, den Garten zu erobern, zu basteln oder zu bauen und aufzur\u00e4umen.<\/p>\n<\/div>\n\t\t<\/div><\/div><\/div><\/div><\/div><\/div><\/div><\/div><\/div><div id=\"pg-485-1\"  class=\"panel-grid panel-has-style\" ><div class=\"bg-curve-img panel-row-style panel-row-style-for-485-1\" ><div id=\"pgc-485-1-0\"  class=\"panel-grid-cell\" ><div class=\"container panel-cell-style panel-cell-style-for-485-1-0\" ><div class=\"clear\"><\/div>\r\n\t\t\t\t\t\t\t\t\t\t\t<div class=\"theme-heading marB30 positionR\">\r\n\t\t\t\t\t\t\t\t\t\t\t\t<div class=\"row\">\r\n\t\t\t\t\t\t\t\t\t\t\t\t\t<div class=\"col-md-4 col-sm-6 col-xs-10  col-md-offset-4 col-sm-offset-3 col-xs-offset-1 heading-box text-center\">\r\n\t\t\t\t\t\t\t\t\t\t\t\t\t\t<h3 class=\"colorW marB10\">Eine Woche im \u00dcberblick<\/h3>\r\n\t\t\t\t\t\t\t\t\t\t\t\t\t\t<span class=\"colorW marB10\"> <i class=\"fa fa-child\" aria-hidden=\"true\"><\/i> <\/span>\r\n\t\t\t\t\t\t\t\t\t\t\t\t\t\t<p class=\"colorW marB10\">\r\n\t\t\t\t\t\t\t\t\t\t\t\t\t\t<\/p>\r\n\t\t\t\t\t\t\t\t\t\t\t\t\t<\/div>\r\n\t\t\t\t\t\t\t\t\t\t\t\t<\/div>\r\n\t\t\t\t\t\t\t\t\t\t\t<\/div>\r\n\t\t\t\t\t\t\t\t\t\t\t<div class=\"clear\"><\/div><div id=\"panel-485-1-0-1\" class=\"so-panel widget widget_text panel-last-child\" data-index=\"3\" ><div class=\"panel-widget-style panel-widget-style-for-485-1-0-1\" >\t\t\t<div class=\"textwidget\"><table width=\"723\">\n<tbody>\n<tr>\n<td width=\"121\">Montag<\/td>\n<td width=\"167\">Dienstag<\/td>\n<td width=\"177\">Mittwoch<\/td>\n<td width=\"125\">Donnerstag<\/td>\n<td width=\"132\">Freitag<\/td>\n<\/tr>\n<tr>\n<td width=\"121\">&#8211;\u00a0 Start in die gemeinsame Woche mit Zeit zum Freispiel<\/td>\n<td width=\"167\">&#8211; Vorschularbeit<\/p>\n<p>&#8211; \u00dc3 Entdeckergruppe<\/p>\n<p>&#8211; U3 Forscher<\/td>\n<td width=\"177\">&#8211; Drau\u00dfentag<\/p>\n<p>&#8211; Aaseestadt erkunden mit Spielplatz, Zoo, Wald, B\u00fccherei, Canisiusbach etc\u2026<\/td>\n<td width=\"125\">&#8211; Kitaleben mit Zeit zum Freispiel<\/td>\n<td width=\"132\">&#8211; Turnen , Tanzen sich bewegen in der Turnhalle oder im Toberaum<\/td>\n<\/tr>\n<\/tbody>\n<\/table>\n<\/div>\n\t\t<\/div><\/div><\/div><\/div><\/div><\/div><div id=\"pg-485-2\"  class=\"panel-grid panel-has-style\" ><div class=\"container panel-row-style panel-row-style-for-485-2\" ><div id=\"pgc-485-2-0\"  class=\"panel-grid-cell\" ><div class=\"clear\"><\/div>\r\n\t\t\t\t\t\t\t\t\t\t\t<div class=\"theme-heading marB30 positionR\">\r\n\t\t\t\t\t\t\t\t\t\t\t\t<div class=\"row\">\r\n\t\t\t\t\t\t\t\t\t\t\t\t\t<div class=\"col-md-4 col-sm-6 col-xs-10  col-md-offset-4 col-sm-offset-3 col-xs-offset-1 heading-box text-center\">\r\n\t\t\t\t\t\t\t\t\t\t\t\t\t\t<h3 class=\"theme-color marB10\">Januar, Februar, M\u00e4rz, April, die Jahresuhr steht niemals still<\/h3>\r\n\t\t\t\t\t\t\t\t\t\t\t\t\t\t<span class=\" marB10\"> <i class=\"fa fa-child\" aria-hidden=\"true\"><\/i> <\/span>\r\n\t\t\t\t\t\t\t\t\t\t\t\t\t\t<p class=\" marB10\">Jedes Kitajahr h\u00e4lt viele tolle Aktionen, Feste, Rituale f\u00fcr die Kleinen Riesen und ihre Familien parat.<\/p>\r\n\t\t\t\t\t\t\t\t\t\t\t\t\t<\/div>\r\n\t\t\t\t\t\t\t\t\t\t\t\t<\/div>\r\n\t\t\t\t\t\t\t\t\t\t\t<\/div>\r\n\t\t\t\t\t\t\t\t\t\t\t<div class=\"clear\"><\/div><div id=\"panel-485-2-0-1\" class=\"so-panel widget widget_siteorigin-panels-builder panel-last-child\" data-index=\"5\" ><div id=\"pl-w5b5af11fef06c\"  class=\"panel-layout\" ><div id=\"pg-w5b5af11fef06c-0\"  class=\"panel-grid panel-no-style\" ><div id=\"pgc-w5b5af11fef06c-0-0\"  class=\"panel-grid-cell\" ><div id=\"panel-w5b5af11fef06c-0-0-0\" class=\"so-panel widget widget_text panel-first-child panel-last-child\" data-index=\"0\" ><div class=\"panel-widget-style panel-widget-style-for-w5b5af11fef06c-0-0-0\" >\t\t\t<div class=\"textwidget\"><p><strong>August:\u00a0<\/strong>Eingew\u00f6hnung der neuen kleinen Riesen.<\/p>\n<p><strong>September: <\/strong>Gemeinsames Wochenende mit dem p\u00e4dagogischem Team und allen Familien zum Kinderbauernhof Wigger nach Greven.<\/p>\n<p><strong>November:\u00a0<\/strong>Laternenfest<\/p>\n<p><strong>Dezember:\u00a0<\/strong>Lebendiger Adventskalender und Adventsfeier<\/p>\n<p><strong>Februar:\u00a0<\/strong>Winteraustreibfest<\/p>\n<p><strong>Mai:\u00a0<\/strong>Schlaffest<\/p>\n<p><strong>Juli:\u00a0<\/strong>Kita Sommerfest<\/p>\n<p>\u2026 und dann f\u00e4ngt alles von vorne an.<\/p>\n<\/div>\n\t\t<\/div><\/div><\/div><div id=\"pgc-w5b5af11fef06c-0-1\"  class=\"panel-grid-cell\" ><div id=\"panel-w5b5af11fef06c-0-1-0\" class=\"so-panel widget widget_media_image panel-first-child panel-last-child\" data-index=\"1\" ><img loading=\"lazy\" decoding=\"async\" width=\"640\" height=\"424\" src=\"http:\/\/www.muenster.org\/kita-kleine-riesen\/wp-content\/uploads\/2018\/05\/Snapseed-36-1024x679.jpeg\" class=\"image wp-image-707  attachment-large size-large\" alt=\"Garten 7\" style=\"max-width: 100%; height: auto;\" srcset=\"http:\/\/www.muenster.org\/kita-kleine-riesen\/wp-content\/uploads\/2018\/05\/Snapseed-36-1024x679.jpeg 1024w, http:\/\/www.muenster.org\/kita-kleine-riesen\/wp-content\/uploads\/2018\/05\/Snapseed-36-300x199.jpeg 300w, http:\/\/www.muenster.org\/kita-kleine-riesen\/wp-content\/uploads\/2018\/05\/Snapseed-36-768x509.jpeg 768w, http:\/\/www.muenster.org\/kita-kleine-riesen\/wp-content\/uploads\/2018\/05\/Snapseed-36.jpeg 1500w\" sizes=\"(max-width: 640px) 100vw, 640px\" \/><\/div><\/div><\/div><\/div><\/div><\/div><\/div><\/div><\/div>","protected":false},"excerpt":{"rendered":"<p>Montag Dienstag Mittwoch Donnerstag Freitag &#8211;\u00a0 Start in die gemeinsame Woche mit Zeit zum Freispiel &#8211; Vorschularbeit &#8211; \u00dc3 Entdeckergruppe &#8211; U3 Forscher &#8211; Drau\u00dfentag &#8211; Aaseestadt erkunden mit Spielplatz, Zoo, Wald, B\u00fccherei, Canisiusbach etc\u2026 &#8211; Kitaleben mit Zeit zum Freispiel &#8211; Turnen , Tanzen sich bewegen in der Turnhalle oder im Toberaum<\/p>\n","protected":false},"author":1,"featured_media":0,"parent":0,"menu_order":0,"comment_status":"closed","ping_status":"closed","template":"page-templates\/default-fullwidth.php","meta":{"footnotes":""},"class_list":["post-485","page","type-page","status-publish","hentry"],"_links":{"self":[{"href":"http:\/\/www.muenster.org\/kita-kleine-riesen\/wp-json\/wp\/v2\/pages\/485"}],"collection":[{"href":"http:\/\/www.muenster.org\/kita-kleine-riesen\/wp-json\/wp\/v2\/pages"}],"about":[{"href":"http:\/\/www.muenster.org\/kita-kleine-riesen\/wp-json\/wp\/v2\/types\/page"}],"author":[{"embeddable":true,"href":"http:\/\/www.muenster.org\/kita-kleine-riesen\/wp-json\/wp\/v2\/users\/1"}],"replies":[{"embeddable":true,"href":"http:\/\/www.muenster.org\/kita-kleine-riesen\/wp-json\/wp\/v2\/comments?post=485"}],"version-history":[{"count":37,"href":"http:\/\/www.muenster.org\/kita-kleine-riesen\/wp-json\/wp\/v2\/pages\/485\/revisions"}],"predecessor-version":[{"id":835,"href":"http:\/\/www.muenster.org\/kita-kleine-riesen\/wp-json\/wp\/v2\/pages\/485\/revisions\/835"}],"wp:attachment":[{"href":"http:\/\/www.muenster.org\/kita-kleine-riesen\/wp-json\/wp\/v2\/media?parent=485"}],"curies":[{"name":"wp","href":"https:\/\/api.w.org\/{rel}","templated":true}]}}