{"id":236,"date":"2017-09-07T12:45:24","date_gmt":"2017-09-07T12:45:24","guid":{"rendered":"http:\/\/itgeeksin.com\/aakash\/baby-house-demo-one\/?page_id=236"},"modified":"2018-07-27T11:06:56","modified_gmt":"2018-07-27T09:06:56","slug":"home-page","status":"publish","type":"page","link":"http:\/\/www.muenster.org\/kita-kleine-riesen\/","title":{"rendered":"Startseite"},"content":{"rendered":"<div id=\"pl-236\"  class=\"panel-layout\" ><div id=\"pg-236-0\"  class=\"panel-grid panel-no-style\" ><div id=\"pgc-236-0-0\"  class=\"panel-grid-cell\" >        \r\n\t<!--\/\/================Slider start==============\/\/--> \r\n\t<section id=\"slider-section\">\r\n\t<div id=\"main-slider\" class=\"owl-carousel owl-theme slider positionR\"> \r\n\t\t\t\t<div class=\"item positionR\">\r\n                    <figure class=\"slider-image positionR\">\r\n                        <img decoding=\"async\" src=\"http:\/\/www.muenster.org\/kita-kleine-riesen\/wp-content\/uploads\/2018\/01\/SAM_3272.jpg\" alt=\"\"\/>\r\n\t\t\t\t\t<\/figure>\r\n                    <div class=\"slider-text positionA text-center\">\r\n                        <div class=\"container\">\r\n                            <div class=\"row\">\r\n                                <div class=\"col-md-8 col-sm-8 col-xs-10 col-md-offset-2 col-sm-offset-2 col-xs-offset-1 text-center\">\r\n                                    <h1>Kita Kleine Baumf\u00fcchse (ehemals Kleine Riesen)<\/h1>\r\n                                    \r\n                                    <p>Wir freuen uns auf jedes neue Kind, denn jedes Kind bringt seine einzigartige Pers\u00f6nlichkeit mit und bereichert unsere Kindergruppe. Kinder sind von Geburt an neugierig und wollen ihre Umwelt erforschen und verstehen. Wenn das nicht so w\u00e4re, w\u00fcrden Kinder die riesigen Entwicklungsaufgaben, die sie in ihre Kitazeit vollbringen, nie bew\u00e4ltigen k\u00f6nnen. Die wichtigste Kompetenz, die Kinder f\u00fcr Entwicklung brauchen, bringen sie schon von Geburt an mit: ihren Entdeckergeist. Das ist der wahre Motor ihrer Entwicklung; es macht Kinder zu kleinen Riesen!<\/p>\r\n                                    \r\n                                <\/div>\r\n                            <\/div>\r\n                        <\/div>\r\n                    <\/div>\r\n                <\/div> <\/div> <\/section>\r\n\t\t<!--\/\/================Slider End==============\/\/--> <section class=\"padT50 padB20 theme-border-bottom\">\r\n\t\t\t\t\t\t\t\t\t\t<div class=\"container\">\r\n\t\t\t\t\t\t\t\t\t\t\t<div class=\"row\">\r\n\t\t\t\t\t\t\t\t\t\t\t\t<div class=\"col-md-3 col-sm-6 col-xs-12 padB30\">\r\n\t\t\t\t\t\t\t\t\t\t\t<div class=\"service-icon color-pink\">\r\n\t\t\t\t\t\t\t\t\t\t\t\t<i class=\"fa fa-clock-o\" aria-hidden=\"true\"><\/i>\r\n\t\t\t\t\t\t\t\t\t\t\t<\/div>\r\n\t\t\t\t\t\t\t\t\t\t\t<div class=\"service-text\">\r\n\t\t\t\t\t\t\t\t\t\t\t\t<h4>\u00d6ffnungszeiten<\/h4>\r\n\t\t\t\t\t\t\t\t\t\t\t\t<p>07:30 Uhr bis 16:30 Uhr<\/p>\r\n\t\t\t\t\t\t\t\t\t\t\t<\/div>\r\n\t\t\t\t\t\t\t\t\t\t<\/div>\r\n\t\t\t\t\t\t\t\t\t\t\t\t<div class=\"col-md-3 col-sm-6 col-xs-12 padB30\">\r\n\t\t\t\t\t\t\t\t\t\t\t<div class=\"service-icon\">\r\n\t\t\t\t\t\t\t\t\t\t\t\t<i class=\"fa fa-envelope\" aria-hidden=\"true\"><\/i>\r\n\t\t\t\t\t\t\t\t\t\t\t<\/div>\r\n\t\t\t\t\t\t\t\t\t\t\t<div class=\"service-text\">\r\n\t\t\t\t\t\t\t\t\t\t\t\t<h4>E-Mail<\/h4>\r\n\t\t\t\t\t\t\t\t\t\t\t\t<p>kleine_riesen@web.de<\/p>\r\n\t\t\t\t\t\t\t\t\t\t\t<\/div>\r\n\t\t\t\t\t\t\t\t\t\t<\/div>\r\n\t\t\t\t\t\t\t\t\t\t\t\t<div class=\"col-md-3 col-sm-6 col-xs-12 padB30\">\r\n\t\t\t\t\t\t\t\t\t\t\t<div class=\"service-icon color-green\">\r\n\t\t\t\t\t\t\t\t\t\t\t\t<i class=\"fa fa-bus\" aria-hidden=\"true\"><\/i>\r\n\t\t\t\t\t\t\t\t\t\t\t<\/div>\r\n\t\t\t\t\t\t\t\t\t\t\t<div class=\"service-text\">\r\n\t\t\t\t\t\t\t\t\t\t\t\t<h4>Adresse<\/h4>\r\n\t\t\t\t\t\t\t\t\t\t\t\t<p>Vorl\u00e4nderweg 50<\/p>\r\n\t\t\t\t\t\t\t\t\t\t\t<\/div>\r\n\t\t\t\t\t\t\t\t\t\t<\/div>\r\n\t\t\t\t\t\t\t\t\t\t\t\t<div class=\"col-md-3 col-sm-6 col-xs-12 padB30\">\r\n\t\t\t\t\t\t\t\t\t\t\t<div class=\"service-icon color-purple\">\r\n\t\t\t\t\t\t\t\t\t\t\t\t<i class=\"fa fa-phone\" aria-hidden=\"true\"><\/i>\r\n\t\t\t\t\t\t\t\t\t\t\t<\/div>\r\n\t\t\t\t\t\t\t\t\t\t\t<div class=\"service-text\">\r\n\t\t\t\t\t\t\t\t\t\t\t\t<h4>Telefonnummer<\/h4>\r\n\t\t\t\t\t\t\t\t\t\t\t\t<p>+49 251 77448<\/p>\r\n\t\t\t\t\t\t\t\t\t\t\t<\/div>\r\n\t\t\t\t\t\t\t\t\t\t<\/div>\r\n\t\t\t\t\t\t\t\t\t\t\t<\/div>\r\n\t\t\t\t\t\t\t\t\t\t<\/div>\r\n\t\t\t\t\t\t\t\t\t<\/section><\/div><\/div><div id=\"pg-236-1\"  class=\"panel-grid panel-has-style\" ><div class=\"panel-row-style panel-row-style-for-236-1\" ><div id=\"pgc-236-1-0\"  class=\"panel-grid-cell\" ><div class=\"container panel-cell-style panel-cell-style-for-236-1-0\" ><div class=\"clear\"><\/div>\r\n\t\t\t\t\t\t\t\t\t\t\t<div class=\"theme-heading marB30 positionR\">\r\n\t\t\t\t\t\t\t\t\t\t\t\t<div class=\"row\">\r\n\t\t\t\t\t\t\t\t\t\t\t\t\t<div class=\"col-md-4 col-sm-6 col-xs-10  col-md-offset-4 col-sm-offset-3 col-xs-offset-1 heading-box text-center\">\r\n\t\t\t\t\t\t\t\t\t\t\t\t\t\t<h3 class=\"theme-color marB10\">Bildergalerie<\/h3>\r\n\t\t\t\t\t\t\t\t\t\t\t\t\t\t<span class=\" marB10\"> <i class=\"fa fa-child\" aria-hidden=\"true\"><\/i> <\/span>\r\n\t\t\t\t\t\t\t\t\t\t\t\t\t\t<p class=\" marB10\">Ein kleiner Einblick in unsere Kita.<\/p>\r\n\t\t\t\t\t\t\t\t\t\t\t\t\t<\/div>\r\n\t\t\t\t\t\t\t\t\t\t\t\t<\/div>\r\n\t\t\t\t\t\t\t\t\t\t\t<\/div>\r\n\t\t\t\t\t\t\t\t\t\t\t<div class=\"clear\"><\/div><div id=\"panel-236-1-0-1\" class=\"so-panel widget widget_siteorigin-panels-builder panel-last-child\" data-index=\"3\" ><div id=\"pl-w5af86ef729480\"  class=\"panel-layout\" ><div id=\"pg-w5af86ef729480-0\"  class=\"panel-grid panel-no-style\" ><div id=\"pgc-w5af86ef729480-0-0\"  class=\"panel-grid-cell\" ><div id=\"panel-w5af86ef729480-0-0-0\" class=\"so-panel widget widget_siteorigin-panels-builder panel-first-child panel-last-child\" data-index=\"0\" ><div id=\"pl-w5af86ef7294a8\"  class=\"panel-layout\" ><div id=\"pg-w5af86ef7294a8-0\"  class=\"panel-grid panel-no-style\" ><div id=\"pgc-w5af86ef7294a8-0-0\"  class=\"panel-grid-cell\" ><div class=\"theme-hover theme-orange-hover marB30\">\r\n\t\t\t\t\t\t\t\t\t\t\t<figure>\r\n\t\t\t\t\t\t\t\t\t\t\t\t<img decoding=\"async\" src=\"http:\/\/kleineriesen.klassenkiste.de\/wp-content\/uploads\/2018\/05\/Snapseed.jpeg\" alt=\"\">\r\n\t\t\t\t\t\t\t\t\t\t\t\t<figcaption><a href=\"http:\/\/kleineriesen.klassenkiste.de\/wp-content\/uploads\/2018\/05\/Snapseed.jpeg\" class=\"fancybox\" data-fancybox-group=\"group\"><span class=\"icon arrows-expand\"><\/span><\/a><\/figcaption>\r\n\t\t\t\t\t\t\t\t\t\t\t<\/figure>\r\n\t\t\t\t\t\t\t\t\t\t<\/div><\/div><div id=\"pgc-w5af86ef7294a8-0-1\"  class=\"panel-grid-cell\" ><div class=\"theme-hover theme-orange-hover marB30\">\r\n\t\t\t\t\t\t\t\t\t\t\t<figure>\r\n\t\t\t\t\t\t\t\t\t\t\t\t<img decoding=\"async\" src=\"http:\/\/kleineriesen.klassenkiste.de\/wp-content\/uploads\/2018\/05\/Snapseed-12.jpeg\" alt=\"\">\r\n\t\t\t\t\t\t\t\t\t\t\t\t<figcaption><a href=\"http:\/\/kleineriesen.klassenkiste.de\/wp-content\/uploads\/2018\/05\/Snapseed-12.jpeg\" class=\"fancybox\" data-fancybox-group=\"group\"><span class=\"icon arrows-expand\"><\/span><\/a><\/figcaption>\r\n\t\t\t\t\t\t\t\t\t\t\t<\/figure>\r\n\t\t\t\t\t\t\t\t\t\t<\/div><\/div><\/div><div id=\"pg-w5af86ef7294a8-1\"  class=\"panel-grid panel-no-style\" ><div id=\"pgc-w5af86ef7294a8-1-0\"  class=\"panel-grid-cell\" ><div class=\"theme-hover theme-orange-hover marB30\">\r\n\t\t\t\t\t\t\t\t\t\t\t<figure>\r\n\t\t\t\t\t\t\t\t\t\t\t\t<img decoding=\"async\" src=\"http:\/\/kleineriesen.klassenkiste.de\/wp-content\/uploads\/2018\/05\/Snapseed-27.jpeg\" alt=\"\">\r\n\t\t\t\t\t\t\t\t\t\t\t\t<figcaption><a href=\"http:\/\/kleineriesen.klassenkiste.de\/wp-content\/uploads\/2018\/05\/Snapseed-27.jpeg\" class=\"fancybox\" data-fancybox-group=\"group\"><span class=\"icon arrows-expand\"><\/span><\/a><\/figcaption>\r\n\t\t\t\t\t\t\t\t\t\t\t<\/figure>\r\n\t\t\t\t\t\t\t\t\t\t<\/div><\/div><div id=\"pgc-w5af86ef7294a8-1-1\"  class=\"panel-grid-cell\" ><div class=\"theme-hover theme-orange-hover marB30\">\r\n\t\t\t\t\t\t\t\t\t\t\t<figure>\r\n\t\t\t\t\t\t\t\t\t\t\t\t<img decoding=\"async\" src=\"http:\/\/kleineriesen.klassenkiste.de\/wp-content\/uploads\/2018\/05\/Snapseed-37.jpeg\" alt=\"\">\r\n\t\t\t\t\t\t\t\t\t\t\t\t<figcaption><a href=\"http:\/\/kleineriesen.klassenkiste.de\/wp-content\/uploads\/2018\/05\/Snapseed-37.jpeg\" class=\"fancybox\" data-fancybox-group=\"group\"><span class=\"icon arrows-expand\"><\/span><\/a><\/figcaption>\r\n\t\t\t\t\t\t\t\t\t\t\t<\/figure>\r\n\t\t\t\t\t\t\t\t\t\t<\/div><\/div><\/div><\/div><\/div><\/div><div id=\"pgc-w5af86ef729480-0-1\"  class=\"panel-grid-cell\" ><div class=\"theme-hover theme-orange-hover marB30\">\r\n\t\t\t\t\t\t\t\t\t\t\t<figure>\r\n\t\t\t\t\t\t\t\t\t\t\t\t<img decoding=\"async\" src=\"http:\/\/kleineriesen.klassenkiste.de\/wp-content\/uploads\/2018\/05\/Snapseed-15.jpeg\" alt=\"\">\r\n\t\t\t\t\t\t\t\t\t\t\t\t<figcaption><a href=\"http:\/\/kleineriesen.klassenkiste.de\/wp-content\/uploads\/2018\/05\/Snapseed-15.jpeg\" class=\"fancybox\" data-fancybox-group=\"group\"><span class=\"icon arrows-expand\"><\/span><\/a><\/figcaption>\r\n\t\t\t\t\t\t\t\t\t\t\t<\/figure>\r\n\t\t\t\t\t\t\t\t\t\t<\/div><\/div><\/div><\/div><\/div><\/div><\/div><\/div><\/div><\/div>","protected":false},"excerpt":{"rendered":"<p>Kita Kleine Baumf\u00fcchse (ehemals Kleine Riesen) Wir freuen uns auf jedes neue Kind, denn jedes Kind bringt seine einzigartige Pers\u00f6nlichkeit mit und bereichert unsere Kindergruppe. Kinder sind von Geburt an neugierig und wollen ihre Umwelt erforschen und verstehen. Wenn das nicht so w\u00e4re, w\u00fcrden Kinder die riesigen Entwicklungsaufgaben, die sie in ihre Kitazeit vollbringen, nie [&hellip;]<\/p>\n","protected":false},"author":1,"featured_media":0,"parent":0,"menu_order":0,"comment_status":"closed","ping_status":"closed","template":"page-templates\/default-fullwidth.php","meta":{"footnotes":""},"class_list":["post-236","page","type-page","status-publish","hentry"],"_links":{"self":[{"href":"http:\/\/www.muenster.org\/kita-kleine-riesen\/wp-json\/wp\/v2\/pages\/236"}],"collection":[{"href":"http:\/\/www.muenster.org\/kita-kleine-riesen\/wp-json\/wp\/v2\/pages"}],"about":[{"href":"http:\/\/www.muenster.org\/kita-kleine-riesen\/wp-json\/wp\/v2\/types\/page"}],"author":[{"embeddable":true,"href":"http:\/\/www.muenster.org\/kita-kleine-riesen\/wp-json\/wp\/v2\/users\/1"}],"replies":[{"embeddable":true,"href":"http:\/\/www.muenster.org\/kita-kleine-riesen\/wp-json\/wp\/v2\/comments?post=236"}],"version-history":[{"count":17,"href":"http:\/\/www.muenster.org\/kita-kleine-riesen\/wp-json\/wp\/v2\/pages\/236\/revisions"}],"predecessor-version":[{"id":782,"href":"http:\/\/www.muenster.org\/kita-kleine-riesen\/wp-json\/wp\/v2\/pages\/236\/revisions\/782"}],"wp:attachment":[{"href":"http:\/\/www.muenster.org\/kita-kleine-riesen\/wp-json\/wp\/v2\/media?parent=236"}],"curies":[{"name":"wp","href":"https:\/\/api.w.org\/{rel}","templated":true}]}}