{"id":9730,"date":"2024-11-22T16:33:50","date_gmt":"2024-11-22T15:33:50","guid":{"rendered":"https:\/\/www.muenster.org\/fw-pensionaere\/?page_id=9730"},"modified":"2024-11-22T16:33:50","modified_gmt":"2024-11-22T15:33:50","slug":"gruenkohlessen-bei-sueltemeyer-20-11-2024","status":"publish","type":"page","link":"http:\/\/www.muenster.org\/fw-pensionaere\/?page_id=9730","title":{"rendered":"Gr\u00fcnkohlessen bei S\u00fcltemeyer 20.11.2024 !!!"},"content":{"rendered":"\n<p>Bei leichtem Schneefall und eisiger K\u00e4lte sind doch viele der Einladung zum Gr\u00fcnkohlessen gefolgt.<\/p>\n\n\n\n<p>Und wie immer in netter Atmosph\u00e4re schmeckte der Gr\u00fcnkohl mit Beilagen passend zur Jahreszeit super lecker. <\/p>\n\n\n\n<p>Ein Dankesch\u00f6n an den Organisator &#8222;Elmar&#8220;, der mit S\u00fcltemeyer f\u00fcr uns eine gute Location ausgesucht hat.<\/p>\n\n\n\n<p><\/p>\n\n\n\n<figure class=\"wp-block-image size-large is-resized\"><img loading=\"lazy\" decoding=\"async\" width=\"450\" height=\"600\" src=\"https:\/\/www.muenster.org\/fw-pensionaere\/wp-content\/uploads\/2024\/11\/IMG_3598-450x600.jpeg\" alt=\"\" class=\"wp-image-9733\" style=\"width:448px;height:auto\" srcset=\"http:\/\/www.muenster.org\/fw-pensionaere\/wp-content\/uploads\/2024\/11\/IMG_3598-450x600.jpeg 450w, http:\/\/www.muenster.org\/fw-pensionaere\/wp-content\/uploads\/2024\/11\/IMG_3598-225x300.jpeg 225w, http:\/\/www.muenster.org\/fw-pensionaere\/wp-content\/uploads\/2024\/11\/IMG_3598-768x1024.jpeg 768w, http:\/\/www.muenster.org\/fw-pensionaere\/wp-content\/uploads\/2024\/11\/IMG_3598-1152x1536.jpeg 1152w, http:\/\/www.muenster.org\/fw-pensionaere\/wp-content\/uploads\/2024\/11\/IMG_3598-1536x2048.jpeg 1536w, http:\/\/www.muenster.org\/fw-pensionaere\/wp-content\/uploads\/2024\/11\/IMG_3598-scaled.jpeg 1920w\" sizes=\"auto, (max-width: 450px) 100vw, 450px\" \/><\/figure>\n\n\n\n<figure class=\"wp-block-image size-large is-resized\"><img loading=\"lazy\" decoding=\"async\" width=\"450\" height=\"600\" src=\"https:\/\/www.muenster.org\/fw-pensionaere\/wp-content\/uploads\/2024\/11\/IMG_3604-450x600.jpeg\" alt=\"\" class=\"wp-image-9735\" style=\"width:449px;height:auto\" srcset=\"http:\/\/www.muenster.org\/fw-pensionaere\/wp-content\/uploads\/2024\/11\/IMG_3604-450x600.jpeg 450w, http:\/\/www.muenster.org\/fw-pensionaere\/wp-content\/uploads\/2024\/11\/IMG_3604-225x300.jpeg 225w, http:\/\/www.muenster.org\/fw-pensionaere\/wp-content\/uploads\/2024\/11\/IMG_3604-768x1024.jpeg 768w, http:\/\/www.muenster.org\/fw-pensionaere\/wp-content\/uploads\/2024\/11\/IMG_3604-1152x1536.jpeg 1152w, http:\/\/www.muenster.org\/fw-pensionaere\/wp-content\/uploads\/2024\/11\/IMG_3604-1536x2048.jpeg 1536w, http:\/\/www.muenster.org\/fw-pensionaere\/wp-content\/uploads\/2024\/11\/IMG_3604-scaled.jpeg 1920w\" sizes=\"auto, (max-width: 450px) 100vw, 450px\" \/><\/figure>\n\n\n\n<figure class=\"wp-block-image size-large is-resized\"><img loading=\"lazy\" decoding=\"async\" width=\"450\" height=\"600\" src=\"https:\/\/www.muenster.org\/fw-pensionaere\/wp-content\/uploads\/2024\/11\/IMG_3605-450x600.jpeg\" alt=\"\" class=\"wp-image-9736\" style=\"width:449px;height:auto\" srcset=\"http:\/\/www.muenster.org\/fw-pensionaere\/wp-content\/uploads\/2024\/11\/IMG_3605-450x600.jpeg 450w, http:\/\/www.muenster.org\/fw-pensionaere\/wp-content\/uploads\/2024\/11\/IMG_3605-225x300.jpeg 225w, http:\/\/www.muenster.org\/fw-pensionaere\/wp-content\/uploads\/2024\/11\/IMG_3605-768x1024.jpeg 768w, http:\/\/www.muenster.org\/fw-pensionaere\/wp-content\/uploads\/2024\/11\/IMG_3605-1152x1536.jpeg 1152w, http:\/\/www.muenster.org\/fw-pensionaere\/wp-content\/uploads\/2024\/11\/IMG_3605-1536x2048.jpeg 1536w, http:\/\/www.muenster.org\/fw-pensionaere\/wp-content\/uploads\/2024\/11\/IMG_3605-scaled.jpeg 1920w\" sizes=\"auto, (max-width: 450px) 100vw, 450px\" \/><\/figure>\n\n\n\n<figure class=\"wp-block-image size-large\"><img loading=\"lazy\" decoding=\"async\" width=\"450\" height=\"600\" src=\"https:\/\/www.muenster.org\/fw-pensionaere\/wp-content\/uploads\/2024\/11\/IMG_3600-450x600.jpeg\" alt=\"\" class=\"wp-image-9739\" srcset=\"http:\/\/www.muenster.org\/fw-pensionaere\/wp-content\/uploads\/2024\/11\/IMG_3600-450x600.jpeg 450w, http:\/\/www.muenster.org\/fw-pensionaere\/wp-content\/uploads\/2024\/11\/IMG_3600-225x300.jpeg 225w, http:\/\/www.muenster.org\/fw-pensionaere\/wp-content\/uploads\/2024\/11\/IMG_3600-768x1024.jpeg 768w, http:\/\/www.muenster.org\/fw-pensionaere\/wp-content\/uploads\/2024\/11\/IMG_3600-1152x1536.jpeg 1152w, http:\/\/www.muenster.org\/fw-pensionaere\/wp-content\/uploads\/2024\/11\/IMG_3600-1536x2048.jpeg 1536w, http:\/\/www.muenster.org\/fw-pensionaere\/wp-content\/uploads\/2024\/11\/IMG_3600-scaled.jpeg 1920w\" sizes=\"auto, (max-width: 450px) 100vw, 450px\" \/><\/figure>\n\n\n\n<figure class=\"wp-block-image size-large\"><img loading=\"lazy\" decoding=\"async\" width=\"450\" height=\"600\" src=\"https:\/\/www.muenster.org\/fw-pensionaere\/wp-content\/uploads\/2024\/11\/IMG_3597-450x600.jpeg\" alt=\"\" class=\"wp-image-9738\" srcset=\"http:\/\/www.muenster.org\/fw-pensionaere\/wp-content\/uploads\/2024\/11\/IMG_3597-450x600.jpeg 450w, http:\/\/www.muenster.org\/fw-pensionaere\/wp-content\/uploads\/2024\/11\/IMG_3597-225x300.jpeg 225w, http:\/\/www.muenster.org\/fw-pensionaere\/wp-content\/uploads\/2024\/11\/IMG_3597-768x1024.jpeg 768w, http:\/\/www.muenster.org\/fw-pensionaere\/wp-content\/uploads\/2024\/11\/IMG_3597-1152x1536.jpeg 1152w, http:\/\/www.muenster.org\/fw-pensionaere\/wp-content\/uploads\/2024\/11\/IMG_3597-1536x2048.jpeg 1536w, http:\/\/www.muenster.org\/fw-pensionaere\/wp-content\/uploads\/2024\/11\/IMG_3597-scaled.jpeg 1920w\" sizes=\"auto, (max-width: 450px) 100vw, 450px\" \/><\/figure>\n","protected":false},"excerpt":{"rendered":"<p>Bei leichtem Schneefall und eisiger K\u00e4lte sind doch viele der Einladung zum Gr\u00fcnkohlessen gefolgt. Und wie immer in netter Atmosph\u00e4re schmeckte der Gr\u00fcnkohl mit Beilagen passend zur Jahreszeit super lecker. Ein Dankesch\u00f6n an den Organisator &#8222;Elmar&#8220;, der mit S\u00fcltemeyer f\u00fcr uns eine gute Location ausgesucht hat.<\/p>\n","protected":false},"author":8,"featured_media":0,"parent":0,"menu_order":0,"comment_status":"closed","ping_status":"closed","template":"","meta":{"ngg_post_thumbnail":0,"footnotes":""},"class_list":["post-9730","page","type-page","status-publish","hentry"],"_links":{"self":[{"href":"http:\/\/www.muenster.org\/fw-pensionaere\/index.php?rest_route=\/wp\/v2\/pages\/9730","targetHints":{"allow":["GET"]}}],"collection":[{"href":"http:\/\/www.muenster.org\/fw-pensionaere\/index.php?rest_route=\/wp\/v2\/pages"}],"about":[{"href":"http:\/\/www.muenster.org\/fw-pensionaere\/index.php?rest_route=\/wp\/v2\/types\/page"}],"author":[{"embeddable":true,"href":"http:\/\/www.muenster.org\/fw-pensionaere\/index.php?rest_route=\/wp\/v2\/users\/8"}],"replies":[{"embeddable":true,"href":"http:\/\/www.muenster.org\/fw-pensionaere\/index.php?rest_route=%2Fwp%2Fv2%2Fcomments&post=9730"}],"version-history":[{"count":6,"href":"http:\/\/www.muenster.org\/fw-pensionaere\/index.php?rest_route=\/wp\/v2\/pages\/9730\/revisions"}],"predecessor-version":[{"id":9742,"href":"http:\/\/www.muenster.org\/fw-pensionaere\/index.php?rest_route=\/wp\/v2\/pages\/9730\/revisions\/9742"}],"wp:attachment":[{"href":"http:\/\/www.muenster.org\/fw-pensionaere\/index.php?rest_route=%2Fwp%2Fv2%2Fmedia&parent=9730"}],"curies":[{"name":"wp","href":"https:\/\/api.w.org\/{rel}","templated":true}]}}

Grünkohlessen bei Sültemeyer 20.11.2024 !!!

<p>Bei leichtem Schneefall und eisiger Kälte sind doch viele der Einladung zum Grünkohlessen gefolgt.</p>



<p>Und wie immer in netter Atmosphäre schmeckte der Grünkohl mit Beilagen passend zur Jahreszeit super lecker. </p>



<p>Ein Dankeschön an den Organisator &#8222;Elmar&#8220;, der mit Sültemeyer für uns eine gute Location ausgesucht hat.</p>



<p></p>



<figure class="wp-block-image size-large is-resized"><img loading="lazy" decoding="async" width="450" height="600" src="https://www.muenster.org/fw-pensionaere/wp-content/uploads/2024/11/IMG_3598-450x600.jpeg" alt="" class="wp-image-9733" style="width:448px;height:auto" srcset="http://www.muenster.org/fw-pensionaere/wp-content/uploads/2024/11/IMG_3598-450x600.jpeg 450w, http://www.muenster.org/fw-pensionaere/wp-content/uploads/2024/11/IMG_3598-225x300.jpeg 225w, http://www.muenster.org/fw-pensionaere/wp-content/uploads/2024/11/IMG_3598-768x1024.jpeg 768w, http://www.muenster.org/fw-pensionaere/wp-content/uploads/2024/11/IMG_3598-1152x1536.jpeg 1152w, http://www.muenster.org/fw-pensionaere/wp-content/uploads/2024/11/IMG_3598-1536x2048.jpeg 1536w, http://www.muenster.org/fw-pensionaere/wp-content/uploads/2024/11/IMG_3598-scaled.jpeg 1920w" sizes="auto, (max-width: 450px) 100vw, 450px" /></figure>



<figure class="wp-block-image size-large is-resized"><img loading="lazy" decoding="async" width="450" height="600" src="https://www.muenster.org/fw-pensionaere/wp-content/uploads/2024/11/IMG_3604-450x600.jpeg" alt="" class="wp-image-9735" style="width:449px;height:auto" srcset="http://www.muenster.org/fw-pensionaere/wp-content/uploads/2024/11/IMG_3604-450x600.jpeg 450w, http://www.muenster.org/fw-pensionaere/wp-content/uploads/2024/11/IMG_3604-225x300.jpeg 225w, http://www.muenster.org/fw-pensionaere/wp-content/uploads/2024/11/IMG_3604-768x1024.jpeg 768w, http://www.muenster.org/fw-pensionaere/wp-content/uploads/2024/11/IMG_3604-1152x1536.jpeg 1152w, http://www.muenster.org/fw-pensionaere/wp-content/uploads/2024/11/IMG_3604-1536x2048.jpeg 1536w, http://www.muenster.org/fw-pensionaere/wp-content/uploads/2024/11/IMG_3604-scaled.jpeg 1920w" sizes="auto, (max-width: 450px) 100vw, 450px" /></figure>



<figure class="wp-block-image size-large is-resized"><img loading="lazy" decoding="async" width="450" height="600" src="https://www.muenster.org/fw-pensionaere/wp-content/uploads/2024/11/IMG_3605-450x600.jpeg" alt="" class="wp-image-9736" style="width:449px;height:auto" srcset="http://www.muenster.org/fw-pensionaere/wp-content/uploads/2024/11/IMG_3605-450x600.jpeg 450w, http://www.muenster.org/fw-pensionaere/wp-content/uploads/2024/11/IMG_3605-225x300.jpeg 225w, http://www.muenster.org/fw-pensionaere/wp-content/uploads/2024/11/IMG_3605-768x1024.jpeg 768w, http://www.muenster.org/fw-pensionaere/wp-content/uploads/2024/11/IMG_3605-1152x1536.jpeg 1152w, http://www.muenster.org/fw-pensionaere/wp-content/uploads/2024/11/IMG_3605-1536x2048.jpeg 1536w, http://www.muenster.org/fw-pensionaere/wp-content/uploads/2024/11/IMG_3605-scaled.jpeg 1920w" sizes="auto, (max-width: 450px) 100vw, 450px" /></figure>



<figure class="wp-block-image size-large"><img loading="lazy" decoding="async" width="450" height="600" src="https://www.muenster.org/fw-pensionaere/wp-content/uploads/2024/11/IMG_3600-450x600.jpeg" alt="" class="wp-image-9739" srcset="http://www.muenster.org/fw-pensionaere/wp-content/uploads/2024/11/IMG_3600-450x600.jpeg 450w, http://www.muenster.org/fw-pensionaere/wp-content/uploads/2024/11/IMG_3600-225x300.jpeg 225w, http://www.muenster.org/fw-pensionaere/wp-content/uploads/2024/11/IMG_3600-768x1024.jpeg 768w, http://www.muenster.org/fw-pensionaere/wp-content/uploads/2024/11/IMG_3600-1152x1536.jpeg 1152w, http://www.muenster.org/fw-pensionaere/wp-content/uploads/2024/11/IMG_3600-1536x2048.jpeg 1536w, http://www.muenster.org/fw-pensionaere/wp-content/uploads/2024/11/IMG_3600-scaled.jpeg 1920w" sizes="auto, (max-width: 450px) 100vw, 450px" /></figure>



<figure class="wp-block-image size-large"><img loading="lazy" decoding="async" width="450" height="600" src="https://www.muenster.org/fw-pensionaere/wp-content/uploads/2024/11/IMG_3597-450x600.jpeg" alt="" class="wp-image-9738" srcset="http://www.muenster.org/fw-pensionaere/wp-content/uploads/2024/11/IMG_3597-450x600.jpeg 450w, http://www.muenster.org/fw-pensionaere/wp-content/uploads/2024/11/IMG_3597-225x300.jpeg 225w, http://www.muenster.org/fw-pensionaere/wp-content/uploads/2024/11/IMG_3597-768x1024.jpeg 768w, http://www.muenster.org/fw-pensionaere/wp-content/uploads/2024/11/IMG_3597-1152x1536.jpeg 1152w, http://www.muenster.org/fw-pensionaere/wp-content/uploads/2024/11/IMG_3597-1536x2048.jpeg 1536w, http://www.muenster.org/fw-pensionaere/wp-content/uploads/2024/11/IMG_3597-scaled.jpeg 1920w" sizes="auto, (max-width: 450px) 100vw, 450px" /></figure>

<p>Bei leichtem Schneefall und eisiger Kälte sind doch viele der Einladung zum Grünkohlessen gefolgt. Und wie immer in netter Atmosphäre schmeckte der Grünkohl mit Beilagen passend zur Jahreszeit super lecker. Ein Dankeschön an den Organisator &#8222;Elmar&#8220;, der mit Sültemeyer für uns eine gute Location ausgesucht hat.</p>
