{"id":747,"date":"2010-12-12T21:16:20","date_gmt":"2010-12-12T20:16:20","guid":{"rendered":"http:\/\/www.muenster.org\/fw-pensionaere\/?page_id=747"},"modified":"2020-01-16T23:18:01","modified_gmt":"2020-01-16T22:18:01","slug":"adventskaffee-2010","status":"publish","type":"page","link":"http:\/\/www.muenster.org\/fw-pensionaere\/?page_id=747","title":{"rendered":"2010 Adventskaffee"},"content":{"rendered":"<h6><span style=\"color: #ffff99;\"><em>Am 8.12.2010 traf sich die Pension\u00e4rvereinigung zum Adventskaffee im Gr\u00e4ftenhof\u00a0 des Freilichtmuseums M\u00fchlenhof. F\u00fcr einige Kollegen war es nicht nur ein Wiedersehen im weihnachtlichen Ambiente sondern auch eine R\u00fcckkehr an eine ehemalige Wirkungsst\u00e4tte. Nicht nur w\u00e4hrend der Zeit bei der BF M\u00fcnster, auch davor geh\u00f6rten schon einige der Pension\u00e4re zu den von Theo Breider Anfang der 60er Jahre requirierten Hilfstruppen des 1.Chors der BW, die auch zu den Aufbauhelfern des Freilichtmuseums geh\u00f6rten.<\/em><\/span><\/h6>\n<h6><span style=\"color: #ffff99;\"><em>Der Einladung zum Adventskaffee waren 75 Pension\u00e4re und G\u00e4ste gefolgt. Der 1. Vorsitzende begr\u00fc\u00dfte alle mit herzlichen, stimmungsvollen Worten.<\/em><em> Eine Weihnachtsgeschichte und das Singen von Adventsliedern sorgten f\u00fcr die richtige\u00a0 Stimmung. Werner sorgte, <span style=\"text-decoration: underline;\">ohne Stimmgabel<\/span>, f\u00fcr die richtige Tonlage beim Singen. Ein Vortrag vom &#8222;Kiepenkerl&#8220; \u00fcber den M\u00fchlenhof und seine zahlreichen Besucher rundete den gelungenen Nachmittag ab. Ein wenig Zeit f\u00fcr einen kleinen &#8222;Kl\u00f6nsnack&#8220;blieb auch noch. Bei leichten winterlichen Schneegest\u00f6ber wurde dann am Abend der Heimweg angetreten. Nach den vorliegenden Infos sind auch alle gut wieder zu Hause angekommen. <\/em><\/span><\/h6>\n<h6><em><span style=\"color: #ffff99;\">Den Organisatoren des Nachmittags ein herzliches Dankesch\u00f6n!<\/span> <\/em><\/h6>\nngg_shortcode_0_placeholder\n","protected":false},"excerpt":{"rendered":"<p>Am 8.12.2010 traf sich die Pension\u00e4rvereinigung zum Adventskaffee im Gr\u00e4ftenhof\u00a0 des Freilichtmuseums M\u00fchlenhof. F\u00fcr einige Kollegen war es nicht nur ein Wiedersehen im weihnachtlichen Ambiente sondern auch eine R\u00fcckkehr an eine ehemalige Wirkungsst\u00e4tte. Nicht nur w\u00e4hrend der Zeit bei der BF M\u00fcnster, auch davor geh\u00f6rten schon einige der Pension\u00e4re zu den von Theo Breider Anfang [&hellip;]<\/p>\n","protected":false},"author":5,"featured_media":0,"parent":145,"menu_order":615,"comment_status":"closed","ping_status":"closed","template":"","meta":{"ngg_post_thumbnail":0,"footnotes":""},"class_list":["post-747","page","type-page","status-publish","hentry"],"_links":{"self":[{"href":"http:\/\/www.muenster.org\/fw-pensionaere\/index.php?rest_route=\/wp\/v2\/pages\/747","targetHints":{"allow":["GET"]}}],"collection":[{"href":"http:\/\/www.muenster.org\/fw-pensionaere\/index.php?rest_route=\/wp\/v2\/pages"}],"about":[{"href":"http:\/\/www.muenster.org\/fw-pensionaere\/index.php?rest_route=\/wp\/v2\/types\/page"}],"author":[{"embeddable":true,"href":"http:\/\/www.muenster.org\/fw-pensionaere\/index.php?rest_route=\/wp\/v2\/users\/5"}],"replies":[{"embeddable":true,"href":"http:\/\/www.muenster.org\/fw-pensionaere\/index.php?rest_route=%2Fwp%2Fv2%2Fcomments&post=747"}],"version-history":[{"count":38,"href":"http:\/\/www.muenster.org\/fw-pensionaere\/index.php?rest_route=\/wp\/v2\/pages\/747\/revisions"}],"predecessor-version":[{"id":2153,"href":"http:\/\/www.muenster.org\/fw-pensionaere\/index.php?rest_route=\/wp\/v2\/pages\/747\/revisions\/2153"}],"up":[{"embeddable":true,"href":"http:\/\/www.muenster.org\/fw-pensionaere\/index.php?rest_route=\/wp\/v2\/pages\/145"}],"wp:attachment":[{"href":"http:\/\/www.muenster.org\/fw-pensionaere\/index.php?rest_route=%2Fwp%2Fv2%2Fmedia&parent=747"}],"curies":[{"name":"wp","href":"https:\/\/api.w.org\/{rel}","templated":true}]}}

<h6><span style="color: #ffff99;"><em>Am 8.12.2010 traf sich die Pensionärvereinigung zum Adventskaffee im Gräftenhof  des Freilichtmuseums Mühlenhof. Für einige Kollegen war es nicht nur ein Wiedersehen im weihnachtlichen Ambiente sondern auch eine Rückkehr an eine ehemalige Wirkungsstätte. Nicht nur während der Zeit bei der BF Münster, auch davor gehörten schon einige der Pensionäre zu den von Theo Breider Anfang der 60er Jahre requirierten Hilfstruppen des 1.Chors der BW, die auch zu den Aufbauhelfern des Freilichtmuseums gehörten.</em></span></h6>
<h6><span style="color: #ffff99;"><em>Der Einladung zum Adventskaffee waren 75 Pensionäre und Gäste gefolgt. Der 1. Vorsitzende begrüßte alle mit herzlichen, stimmungsvollen Worten.</em><em> Eine Weihnachtsgeschichte und das Singen von Adventsliedern sorgten für die richtige  Stimmung. Werner sorgte, <span style="text-decoration: underline;">ohne Stimmgabel</span>, für die richtige Tonlage beim Singen. Ein Vortrag vom &#8222;Kiepenkerl&#8220; über den Mühlenhof und seine zahlreichen Besucher rundete den gelungenen Nachmittag ab. Ein wenig Zeit für einen kleinen &#8222;Klönsnack&#8220;blieb auch noch. Bei leichten winterlichen Schneegestöber wurde dann am Abend der Heimweg angetreten. Nach den vorliegenden Infos sind auch alle gut wieder zu Hause angekommen. </em></span></h6>
<h6><em><span style="color: #ffff99;">Den Organisatoren des Nachmittags ein herzliches Dankeschön!</span> </em></h6>
ngg_shortcode_0_placeholder

<p>Am 8.12.2010 traf sich die Pensionärvereinigung zum Adventskaffee im Gräftenhof  des Freilichtmuseums Mühlenhof. Für einige Kollegen war es nicht nur ein Wiedersehen im weihnachtlichen Ambiente sondern auch eine Rückkehr an eine ehemalige Wirkungsstätte. Nicht nur während der Zeit bei der BF Münster, auch davor gehörten schon einige der Pensionäre zu den von Theo Breider Anfang [&hellip;]</p>
